519
CXUS54 KTSA 300840
CF6MLC
PRELIMINARY LOCAL CLIMATOLOGICAL DATA (WS FORM: F-6)

                                          STATION:   MCALESTER OKLAHOMA
                                          MONTH:     MARCH
                                          YEAR:      2017
                                          LATITUDE:   34 52 N
                                          LONGITUDE:  95 47 W

  TEMPERATURE IN F:       :PCPN:    SNOW:  WIND      :SUNSHINE: SKY     :PK WND
================================================================================
1   2   3   4   5  6A  6B    7    8   9   10  11  12  13   14  15   16   17  18
                                     12Z  AVG MX 2MIN
DY MAX MIN AVG DEP HDD CDD  WTR  SNW DPTH SPD SPD DIR MIN PSBL S-S WX    SPD DR
================================================================================

 1  74  32  53   4  12   0 0.36  0.0    0 11.9 40 210   M    M   2 38     56 210
 2  66  27  47  -2  18   0 0.00  0.0    0  1.7 13 350   M    M   2 8      15 350
 3  70  29  50   1  15   0 0.00  0.0    0  5.3 18 210   M    M   2 18     23 220
 4  68  46  57   7   8   0 0.00  0.0    0 10.1 24 210   M    M   6        33 190
 5  60  54  57   7   8   0    T  0.0    0 10.4 18 170   M    M  10 18     29 170
 6  80  60  70  20   0   5 0.00  0.0    0 15.8 25 190   M    M   8 3      41 200
 7  74  37  56   5   9   0 0.45  0.0    0  7.6 30 360   M    M   4 38     40 360
 8  75  31  53   2  12   0 0.00  0.0    0  6.5 22 210   M    M   3        32 210
 9  81  56  69  18   0   4 0.00  0.0    0  9.9 26 220   M    M   4        33 220
10  70  48  59   7   6   0 0.00  0.0    0  9.7 24  20   M    M   4        30  10
11  59  39  49  -3  16   0 0.01  0.0    0  7.2 15  30   M    M  10 18     22  40
12  61  36  49  -3  16   0 0.05  0.0    0  5.3 12 160   M    M   7 1      17 170
13  52  32  42 -10  23   0 0.02  0.0    0 10.3 26 340   M    M   4 18     37 330
14  54  31  43 -10  22   0 0.00  0.0    0  6.7 17  20   M    M   2        24  20
15  59  33  46  -7  19   0 0.00  0.0    0  5.3 12  40   M    M   2 8      20 200
16  65  45  55   2  10   0 0.00  0.0    0  9.1 18 200   M    M   8 8      34 180
17  78  59  69  15   0   4 0.00  0.0    0  9.6 22 210   M    M   9        30 220
18  84  55  70  16   0   5 0.00  0.0    0  4.6 10 200   M    M   7 128    15 180
19  87  61  74  20   0   9 0.00  0.0    0  9.7 21 210   M    M   4 18     29 220
20  91  66  79  25   0  14 0.00  0.0    0 13.6 29 210   M    M   3        37 210
21  88  63  76  21   0  11    T  0.0    0  9.2 21 220   M    M   4 38     27 220
22  69  60  65  10   0   0 0.00  0.0    0  7.1 13  90   M    M   9        19  60
23  85  58  72  17   0   7 0.00  0.0    0 13.0 23 180   M    M   3        36 170
24  74  61  68  12   0   3 0.34  0.0    0 11.5 22 180   M    M   5 138    33 160
25  63  46  55  -1  10   0 0.00  0.0    0  9.0 21 300   M    M   6 8      27 310
26  80  42  61   5   4   0 0.31  0.0    0  6.6 21 240   M    M   4 13     29 150
27  70  53  62   6   3   0 0.00  0.0    0  8.0 16 330   M    M   5 18     21 280
28  77  49  63   7   2   0 0.00  0.0    0  7.7 14 140   M    M   6 18     22 160
29  80  51  66   9   0   1 0.18  0.0    0 12.2 28 190   M    M   5 13     43 200
================================================================================
SM 2094 1360       213  63  1.72     0.0 254.6          M      148
================================================================================
AV 72.2 46.9                               8.8 FASTST   M    M   5    MAX(MPH)
                                 MISC ---->  # 40 210               # 56  210
================================================================================
NOTES:
# LAST OF SEVERAL OCCURRENCES

COLUMN 17 PEAK WIND IN M.P.H.

PRELIMINARY LOCAL CLIMATOLOGICAL DATA (WS FORM: F-6) , PAGE 2

                                          STATION:  MCALESTER OKLAHOMA
                                          MONTH:    MARCH
                                          YEAR:     2017
                                          LATITUDE:   34 52 N
                                          LONGITUDE:  95 47 W

[TEMPERATURE DATA]      [PRECIPITATION DATA]       SYMBOLS USED IN COLUMN 16

AVERAGE MONTHLY: 59.6   TOTAL FOR MONTH:   1.72    1 = FOG OR MIST
DPTR FM NORMAL:   6.6   DPTR FM NORMAL:   -1.58    2 = FOG REDUCING VISIBILITY
HIGHEST:    91 ON 20    GRTST 24HR  0.45 ON  7- 7      TO 1/4 MILE OR LESS
LOWEST:     27 ON  2                               3 = THUNDER
                        SNOW, ICE PELLETS, HAIL    4 = ICE PELLETS
                        TOTAL MONTH:   0.0 INCH    5 = HAIL
                        GRTST 24HR     0.0         6 = FREEZING RAIN OR DRIZZLE
                        GRTST DEPTH:   0           7 = DUSTSTORM OR SANDSTORM:
                                                       VSBY 1/2 MILE OR LESS
                                                   8 = SMOKE OR HAZE
[NO. OF DAYS WITH]      [WEATHER - DAYS WITH]      9 = BLOWING SNOW
                                                   X = TORNADO
MAX 32 OR BELOW:   0    0.01 INCH OR MORE:   8
MAX 90 OR ABOVE:   1    0.10 INCH OR MORE:   5
MIN 32 OR BELOW:   6    0.50 INCH OR MORE:   0
MIN  0 OR BELOW:   0    1.00 INCH OR MORE:   0

[HDD (BASE 65) ]
TOTAL THIS MO.   213    CLEAR  (SCALE 0-3)   8
DPTR FM NORMAL  -150    PTCLDY (SCALE 4-7)  15
TOTAL FM JUL 1  2112    CLOUDY (SCALE 8-10)  6
DPTR FM NORMAL  -860

[CDD (BASE 65) ]
TOTAL THIS MO.    63
DPTR FM NORMAL    52    [PRESSURE DATA]
TOTAL FM JAN 1    90    HIGHEST SLP M ON M
DPTR FM NORMAL    76    LOWEST  SLP 29.55 ON 29

[REMARKS]
