000
CXUS54 KTSA 010840
CF6MLC
PRELIMINARY LOCAL CLIMATOLOGICAL DATA (WS FORM: F-6)

                                          STATION:   MCALESTER OKLAHOMA
                                          MONTH:     MAY
                                          YEAR:      2015
                                          LATITUDE:   34 52 N
                                          LONGITUDE:  95 47 W

  TEMPERATURE IN F:       :PCPN:    SNOW:  WIND      :SUNSHINE: SKY     :PK WND
================================================================================
1   2   3   4   5  6A  6B    7    8   9   10  11  12  13   14  15   16   17  18
                                     12Z  AVG MX 2MIN
DY MAX MIN AVG DEP HDD CDD  WTR  SNW DPTH SPD SPD DIR MIN PSBL S-S WX    SPD DR
================================================================================

 1  81  49  65  -1   0   0 0.00  0.0    0  2.1  9 340   M    M   2 8      13  70
 2  81  51  66   0   0   1 0.00  0.0    0  5.0 14 200   M    M   2        20 210
 3  83  60  72   6   0   7 0.00  0.0    0  8.5 21 220   M    M   1        27 230
 4  83  61  72   6   0   7 0.00  0.0    0  7.4 16 160   M    M   2        23 210
 5  79  59  69   3   0   4 0.21  0.0    0  7.5 17 180   M    M   3 13     27 200
 6  80  64  72   5   0   7 0.72  0.0    0  9.8 16 160   M    M   7 1      26 140
 7  81  63  72   5   0   7 1.37  0.0    0  8.7 28 210   M    M   7 13     36 210
 8  82  64  73   6   0   8 1.87  0.0    0  6.0 38 270   M    M   6 13     54 280
 9  72  63  68   0   0   3 1.42  0.0    0  7.6 25 330   M    M   8 13     32 320
10  77  63  70   2   0   5 2.08  0.0    0  8.0 23 170   M    M   7 13     36 180
11  71  53  62  -6   3   0 0.00  0.0    0  9.7 18 340   M    M   2        24  10
12  73  50  62  -6   3   0 0.00  0.0    0  4.3 15  20   M    M   1        18  20
13  70  56  63  -6   2   0 0.75  0.0    0  6.2 13 140   M    M   9 1      22 150
14  83  65  74   5   0   9 0.02  0.0    0  8.4 18 210   M    M   7 1      26 220
15  77  66  72   3   0   7 0.17  0.0    0  7.7 14 190   M    M   6 13     22 200
16  85  66  76   7   0  11 0.20  0.0    0 10.4 24 260   M    M   6 13     33 260
17  80  64  72   2   0   7 1.12  0.0    0  6.5 28 230   M    M   3 13     35 230
18  87  67  77   7   0  12 0.00  0.0    0  2.5 12 330   M    M   4 128    14 350
19  84  67  76   6   0  11 1.13  0.0    0  4.9 13 100   M    M   6 13     25 350
20  71  58  65  -5   0   0 0.67  0.0    0  9.9 17 360   M    M   8 13     24 360
21  67  54  61 -10   4   0 0.00  0.0    0  8.4 17  20   M    M   7        26  10
22  61  54  58 -13   7   0 0.94  0.0    0  4.0 12 110   M    M   7 13     19 110
23  77  61  69  -2   0   4 0.94  0.0    0  6.6 15 170   M    M   9 13     28 190
24  71  62  67  -5   0   2 6.16  0.0    0  4.3 16  30   M    M   7 123    22  20
25  81  62  72   0   0   7 0.99  0.0    0  6.8 22 260   M    M   9 13     30 280
26  83  61  72   0   0   7 0.01  0.0    0  6.7 15 220   M    M   6 1      21 180
27  81  66  74   2   0   9 0.09  0.0    0  2.8 18  20   M    M   3 13     28 340
28  82  66  74   1   0   9 1.39  0.0    0  5.5 14 250   M    M   5 138    20 240
29  77  65  71  -2   0   6 0.73  0.0    0  4.9 16  10   M    M   8 13     21  10
30  70  61  66  -7   0   1    T  0.0    0  5.9 17 330   M    M   9 12     20 330
31  71  57  64 -10   1   0    T  0.0    0  6.7 14 330   M    M   8 18     17 220
================================================================================
SM 2401 1878        20 151 22.98     0.0 203.7          M      175
================================================================================
AV 77.5 60.6                               6.6 FASTST   M    M   6    MAX(MPH)
                                 MISC ---->  # 38 270               # 54  280
================================================================================
NOTES:
# LAST OF SEVERAL OCCURRENCES

COLUMN 17 PEAK WIND IN M.P.H.

PRELIMINARY LOCAL CLIMATOLOGICAL DATA (WS FORM: F-6) , PAGE 2

                                          STATION:  MCALESTER OKLAHOMA
                                          MONTH:    MAY
                                          YEAR:     2015
                                          LATITUDE:   34 52 N
                                          LONGITUDE:  95 47 W

[TEMPERATURE DATA]      [PRECIPITATION DATA]       SYMBOLS USED IN COLUMN 16

AVERAGE MONTHLY: 69.0   TOTAL FOR MONTH:  22.98    1 = FOG OR MIST
DPTR FM NORMAL:  -0.5   DPTR FM NORMAL:   17.81    2 = FOG REDUCING VISIBILITY
HIGHEST:    87 ON 18    GRTST 24HR  6.83 ON 23-24      TO 1/4 MILE OR LESS
LOWEST:     49 ON  1                               3 = THUNDER
                        SNOW, ICE PELLETS, HAIL    4 = ICE PELLETS
                        TOTAL MONTH:   0.0 INCH    5 = HAIL
                        GRTST 24HR     0.0         6 = FREEZING RAIN OR DRIZZLE
                        GRTST DEPTH:   0           7 = DUSTSTORM OR SANDSTORM:
                                                       VSBY 1/2 MILE OR LESS
                                                   8 = SMOKE OR HAZE
[NO. OF DAYS WITH]      [WEATHER - DAYS WITH]      9 = BLOWING SNOW
                                                   X = TORNADO
MAX 32 OR BELOW:   0    0.01 INCH OR MORE:  21
MAX 90 OR ABOVE:   0    0.10 INCH OR MORE:  18
MIN 32 OR BELOW:   0    0.50 INCH OR MORE:  15
MIN  0 OR BELOW:   0    1.00 INCH OR MORE:   8

[HDD (BASE 65) ]
TOTAL THIS MO.    20    CLEAR  (SCALE 0-3)   7
DPTR FM NORMAL   -14    PTCLDY (SCALE 4-7)  18
TOTAL FM JUL 1  3193    CLOUDY (SCALE 8-10)  6
DPTR FM NORMAL     4

[CDD (BASE 65) ]
TOTAL THIS MO.   151
DPTR FM NORMAL   -21    [PRESSURE DATA]
TOTAL FM JAN 1   247    HIGHEST SLP 30.34 ON 12
DPTR FM NORMAL     1    LOWEST  SLP 29.72 ON 25

[REMARKS]
#FINAL-05-15#
