000
CXUS54 KTSA 010840
CF6MLC
PRELIMINARY LOCAL CLIMATOLOGICAL DATA (WS FORM: F-6)

                                          STATION:   MCALESTER OKLAHOMA
                                          MONTH:     APRIL
                                          YEAR:      2016
                                          LATITUDE:   34 52 N
                                          LONGITUDE:  95 47 W

  TEMPERATURE IN F:       :PCPN:    SNOW:  WIND      :SUNSHINE: SKY     :PK WND
================================================================================
1   2   3   4   5  6A  6B    7    8   9   10  11  12  13   14  15   16   17  18
                                     12Z  AVG MX 2MIN
DY MAX MIN AVG DEP HDD CDD  WTR  SNW DPTH SPD SPD DIR MIN PSBL S-S WX    SPD DR
================================================================================

 1  65  41  53  -5  12   0 0.00  0.0    0  8.6 20 340   M    M   1        26 360
 2  71  32  52  -6  13   0 0.00  0.0    0  3.8 15 270   M    M   3        19 320
 3  78  41  60   2   5   0 0.00  0.0    0  9.5 23 210   M    M   2 8      33 210
 4  83  52  68  10   0   3 0.00  0.0    0  7.3 17 220   M    M   2        21 210
 5  85  50  68   9   0   3 0.00  0.0    0 10.5 23 220   M    M   2        34 210
 6  76  45  61   2   4   0    T  0.0    0 13.9 29 320   M    M   3        37 310
 7  81  41  61   2   4   0 0.00  0.0    0  8.4 24 350   M    M   1 18     31 340
 8  73  40  57  -2   8   0 0.00  0.0    0  3.7 15 360   M    M   3        20  10
 9  74  43  59  -1   6   0 0.06  0.0    0  6.5 23 210   M    M   5 8      28 210
10  74  59  67   7   0   2 0.00  0.0    0 12.8 22 200   M    M   6        36 210
11  71  53  62   2   3   0 0.32  0.0    0 11.0 25  10   M    M   5 13     37 180
12  70  44  57  -3   8   0 0.00  0.0    0  3.9 10 110   M    M   3        16  50
13  66  53  60  -1   5   0 0.07  0.0    0  3.6 10  10   M    M   8        14  50
14  72  54  63   2   2   0 0.00  0.0    0  2.0  9  10   M    M   8        12  10
15  77  51  64   3   1   0 0.00  0.0    0  5.2 13 110   M    M   4        20 120
16  72  63  68   6   0   3 0.01  0.0    0  8.6 16 120   M    M  10 18     28 120
17  67  63  65   3   0   0 1.24  0.0    0  7.0 15 120   M    M  10 13     24 120
18  72  63  68   6   0   3 0.19  0.0    0  4.0 12 170   M    M   8 1      19 180
19  73  60  67   5   0   2 0.41  0.0    0  3.0 17 330   M    M   9 138    23 340
20  72  52  62   0   3   0 0.14  0.0    0  4.4 15 320   M    M   5 13     19 320
21  78  51  65   2   0   0 0.00  0.0    0  3.7 15 330   M    M   5 1      19 350
22  81  48  65   2   0   0 0.00  0.0    0  2.8 15 350   M    M   2        20 350
23  82  52  67   4   0   2 0.00  0.0    0  5.5 14 210   M    M   1 8      18 220
24  79  60  70   6   0   5 0.00  0.0    0  9.6 20 180   M    M   2        30 190
25  83  66  75  11   0  10 0.00  0.0    0  9.5 18 190   M    M   6        28 170
26  85  60  73   9   0   8 0.83  0.0    0 10.8 21 280   M    M   5 138    30 110
27  80  54  67   3   0   2    T  0.0    0  7.4 20 220   M    M   4 13     23 210
28  82  52  67   2   0   2 0.00  0.0    0  4.6 10  30   M    M   2        16  70
29  78  60  69   4   0   4 3.81  0.0    0  8.3 24 350   M    M   8 13     31 350
30  72  56  64  -1   1   0 0.00  0.0    0  3.7 13 320   M    M   8 18     16 320
================================================================================
SM 2272 1559        75  49  7.08     0.0 203.6          M      141
================================================================================
AV 75.7 52.0                               6.8 FASTST   M    M   5    MAX(MPH)
                                 MISC ---->  # 29 320               # 37  310
================================================================================
NOTES:
# LAST OF SEVERAL OCCURRENCES

COLUMN 17 PEAK WIND IN M.P.H.

PRELIMINARY LOCAL CLIMATOLOGICAL DATA (WS FORM: F-6) , PAGE 2

                                          STATION:  MCALESTER OKLAHOMA
                                          MONTH:    APRIL
                                          YEAR:     2016
                                          LATITUDE:   34 52 N
                                          LONGITUDE:  95 47 W

[TEMPERATURE DATA]      [PRECIPITATION DATA]       SYMBOLS USED IN COLUMN 16

AVERAGE MONTHLY: 63.8   TOTAL FOR MONTH:   7.08    1 = FOG OR MIST
DPTR FM NORMAL:   2.5   DPTR FM NORMAL:    3.18    2 = FOG REDUCING VISIBILITY
HIGHEST:    85 ON 26, 5 GRTST 24HR  3.81 ON 29-29      TO 1/4 MILE OR LESS
LOWEST:     32 ON  2                               3 = THUNDER
                        SNOW, ICE PELLETS, HAIL    4 = ICE PELLETS
                        TOTAL MONTH:   0.0 INCH    5 = HAIL
                        GRTST 24HR     0.0         6 = FREEZING RAIN OR DRIZZLE
                        GRTST DEPTH:   0           7 = DUSTSTORM OR SANDSTORM:
                                                       VSBY 1/2 MILE OR LESS
                                                   8 = SMOKE OR HAZE
[NO. OF DAYS WITH]      [WEATHER - DAYS WITH]      9 = BLOWING SNOW
                                                   X = TORNADO
MAX 32 OR BELOW:   0    0.01 INCH OR MORE:  10
MAX 90 OR ABOVE:   0    0.10 INCH OR MORE:   7
MIN 32 OR BELOW:   1    0.50 INCH OR MORE:   3
MIN  0 OR BELOW:   0    1.00 INCH OR MORE:   2

[HDD (BASE 65) ]
TOTAL THIS MO.    75    CLEAR  (SCALE 0-3)  12
DPTR FM NORMAL   -90    PTCLDY (SCALE 4-7)  14
TOTAL FM JUL 1  2342    CLOUDY (SCALE 8-10)  4
DPTR FM NORMAL  -813

[CDD (BASE 65) ]
TOTAL THIS MO.    49
DPTR FM NORMAL    -7    [PRESSURE DATA]
TOTAL FM JAN 1    69    HIGHEST SLP 30.25 ON 12
DPTR FM NORMAL    -5    LOWEST  SLP 29.53 ON 26

[REMARKS]
#FINAL-04-16#
