000
CXUS55 KDVN 311100
CF6MLI
PRELIMINARY LOCAL CLIMATOLOGICAL DATA (WS FORM: F-6)

                                          STATION:   MOLINE IL
                                          MONTH:     OCTOBER
                                          YEAR:      2014
                                          LATITUDE:   41 27 N
                                          LONGITUDE:  90 31 W

  TEMPERATURE IN F:       :PCPN:    SNOW:  WIND      :SUNSHINE: SKY     :PK WND
================================================================================
1   2   3   4   5  6A  6B    7    8   9   10  11  12  13   14  15   16   17  18
                                     12Z  AVG MX 2MIN
DY MAX MIN AVG DEP HDD CDD  WTR  SNW DPTH SPD SPD DIR MIN PSBL S-S WX    SPD DR
================================================================================

 1  72  50  61   2   4   0    T  0.0    0  6.4 20 160   M    M   3 1      25 160
 2  70  58  64   6   1   0 0.46  0.0    0  3.9 14 300   M    M   7 12     19 200
 3  61  41  51  -7  14   0 0.77  0.0    0 17.7 32 280   M    M   9 1      42 280
 4  52  37  45 -13  20   0    T    T    0 15.1 25 270   M    M   9        33 320
 5  58  35  47 -10  18   0    T  0.0    0  5.7 18 250   M    M   7        23 270
 6  61  47  54  -3  11   0    T  0.0    0  9.6 21 260   M    M   3        29 280
 7  69  44  57   1   8   0 0.00  0.0    0  7.8 22 290   M    M   2        31 300
 8  68  40  54  -2  11   0 0.03  0.0    0  7.3 20 260   M    M   1        24 270
 9  65  50  58   2   7   0 0.18  0.0    0  2.9  9 230   M    M   6 1      12 240
10  60  38  49  -6  16   0 0.00  0.0    0  3.6 10  50   M    M   0        16  70
11  61  33  47  -8  18   0 0.00  0.0    0  2.5 10  80   M    M   0 1      14  40
12  58  33  46  -9  19   0 0.05  0.0    0  5.9 15 130   M    M  10 18     19 120
13  68  53  61   7   4   0 1.12  0.0    0  9.9 26 110   M    M  10 13     34 110
14  62  52  57   3   8   0 0.19  0.0    0  8.9 18 340   M    M  10 1      27 330
15  57  48  53  -1  12   0 0.00  0.0    0  6.8 17 330   M    M  10 1      22 330
16  69  41  55   2  10   0 0.00  0.0    0  3.9 14 240   M    M   2 12     20 250
17  59  50  55   2  10   0 0.00  0.0    0 13.3 24 300   M    M   6 8      32 310
18  52  34  43 -10  22   0 0.00  0.0    0  5.4 16 320   M    M   7 18     21 330
19  62  32  47  -5  18   0 0.00  0.0    0  6.5 17 230   M    M   1 1      23 190
20  68  41  55   3  10   0 0.00  0.0    0  8.6 21 320   M    M   0        27 320
21  59  36  48  -4  17   0 0.00  0.0    0  5.2 16  80   M    M   0 1      19  70
22  61  31  46  -5  19   0 0.00  0.0    0  6.3 14 170   M    M   0 1      19 150
23  61  37  49  -2  16   0 0.00  0.0    0  5.7 16 190   M    M   6        21 210
24  70  40  55   5  10   0 0.00  0.0    0  5.7 17 220   M    M   7 128    23 220
25  73  42  58   8   7   0 0.00  0.0    0  6.9 17 300   M    M   3 12     22 300
26  68  35  52   2  13   0 0.00  0.0    0  6.9 15 130   M    M   0        20 130
27  76  59  68  19   0   3    T  0.0    0 13.1 25 300   M    M   3        32 300
28  59  47  53   4  12   0    T  0.0    0 16.5 25 270   M    M   3        33 300
29  52  32  42  -7  23   0 0.00  0.0    0  8.6 21 310   M    M   5        28 320
30  52  29  41  -7  24   0    T  0.0    0  3.3 13 330   M    M   7 8      20 310
================================================================================
SM 1883 1245       382   3  2.80    T    229.9          M      137
================================================================================
AV 62.8 41.5                               7.7 FASTST   M    M   5    MAX(MPH)
                                 MISC ---->  # 32 280               # 42  280
================================================================================
NOTES:
# LAST OF SEVERAL OCCURRENCES

COLUMN 17 PEAK WIND IN M.P.H.

PRELIMINARY LOCAL CLIMATOLOGICAL DATA (WS FORM: F-6) , PAGE 2

                                          STATION:  MOLINE IL
                                          MONTH:    OCTOBER
                                          YEAR:     2014
                                          LATITUDE:   41 27 N
                                          LONGITUDE:  90 31 W

[TEMPERATURE DATA]      [PRECIPITATION DATA]       SYMBOLS USED IN COLUMN 16

AVERAGE MONTHLY: 52.1   TOTAL FOR MONTH:   2.80    1 = FOG OR MIST
DPTR FM NORMAL:  -1.3   DPTR FM NORMAL:   -0.07    2 = FOG REDUCING VISIBILITY
HIGHEST:    76 ON 27    GRTST 24HR  1.23 ON  2- 3      TO 1/4 MILE OR LESS
LOWEST:     29 ON 30                               3 = THUNDER
                        SNOW, ICE PELLETS, HAIL    4 = ICE PELLETS
                        TOTAL MONTH:    T          5 = HAIL
                        GRTST 24HR    T  ON  4- 4  6 = FREEZING RAIN OR DRIZZLE
                        GRTST DEPTH:   0           7 = DUSTSTORM OR SANDSTORM:
                                                       VSBY 1/2 MILE OR LESS
                                                   8 = SMOKE OR HAZE
[NO. OF DAYS WITH]      [WEATHER - DAYS WITH]      9 = BLOWING SNOW
                                                   X = TORNADO
MAX 32 OR BELOW:   0    0.01 INCH OR MORE:   7
MAX 90 OR ABOVE:   0    0.10 INCH OR MORE:   5
MIN 32 OR BELOW:   4    0.50 INCH OR MORE:   2
MIN  0 OR BELOW:   0    1.00 INCH OR MORE:   1

[HDD (BASE 65) ]
TOTAL THIS MO.   382    CLEAR  (SCALE 0-3)  13
DPTR FM NORMAL    21    PTCLDY (SCALE 4-7)  11
TOTAL FM JUL 1   506    CLOUDY (SCALE 8-10)  6
DPTR FM NORMAL    41

[CDD (BASE 65) ]
TOTAL THIS MO.     3
DPTR FM NORMAL    -8    [PRESSURE DATA]
TOTAL FM JAN 1   839    HIGHEST SLP M ON M
DPTR FM NORMAL  -161    LOWEST  SLP 29.41 ON M

[REMARKS]
