000
CXUS51 KPHI 270800
CF6MPO
PRELIMINARY LOCAL CLIMATOLOGICAL DATA (WS FORM: F-6)

                                          STATION:   MOUNT POCONO PA
                                          MONTH:     JULY
                                          YEAR:      2017
                                          LATITUDE:   41  8 N
                                          LONGITUDE:  75 24 W

  TEMPERATURE IN F:       :PCPN:    SNOW:  WIND      :SUNSHINE: SKY     :PK WND
================================================================================
1   2   3   4   5  6A  6B    7    8   9   10  11  12  13   14  15   16   17  18
                                     12Z  AVG MX 2MIN
DY MAX MIN AVG DEP HDD CDD  WTR  SNW DPTH SPD SPD DIR MIN PSBL S-S WX    SPD DR
================================================================================

 1  77  67  72   5   0   7 0.17    M    M  8.2 16 200   M    M   7 1      21 200
 2  80  60  70   2   0   5 0.00    M    M  8.4 18 260   M    M   1        25 270
 3  78  61  70   2   0   5 0.06    M    M  7.9 16 280   M    M   3 1      21 300
 4  78  55  67  -1   0   2 0.00    M    M  5.1 12 340   M    M   4        15 330
 5  77  52  65  -3   0   0 0.00    M    M  7.1 15 140   M    M   5        19 130
 6  72  61  67  -1   0   2 0.02    M    M  7.2 14 160   M    M   7 1      20 150
 7  79  62  71   3   0   6 1.08    M    M  5.9 18 330   M    M   7 13     28 320
 8  75  58  67  -1   0   2    T    M    M  9.0 22 280   M    M   6 1      29 290
 9  74  50  62  -6   3   0 0.00    M    M  4.6 14 290   M    M   0        19 280
10  78  50  64  -4   1   0    T    M    M  7.4 18 190   M    M   3        24 200
11  75  62  69   1   0   4 0.01    M    M  6.1 15 270   M    M   6 1      20 240
12  80  65  73   5   0   8 0.00    M    M 10.0 20 260   M    M   5 3      27 250
13  79  64  72   4   0   7 0.03    M    M  7.6 17 260   M    M   2 1      24 290
14  69  63  66  -2   0   1 1.68    M    M  5.5 13 360   M    M   9 123    19 350
15  75  59  67  -1   0   2 0.04    M    M  6.4 15 300   M    M   5 12     22 290
16  79  55  67  -1   0   2 0.00    M    M  4.5 10 200   M    M   2 1      25 360
17  78  57  68   0   0   3    T    M    M  4.6 17 150   M    M   2 13     23 150
18  82  61  72   4   0   7    T    M    M  5.8 17 240   M    M   4 13     21 240
19  84  64  74   6   0   9    T    M    M  5.9 18 290   M    M   3 13     23 320
20  84  61  73   5   0   8 0.64    M    M  5.1 18 350   M    M   2 13     27 350
21  82  64  73   5   0   8 0.00    M    M  6.4 16 290   M    M   2        22 280
22  81  59  70   2   0   5 0.04    M    M  4.4 12 220   M    M   3 1      16 120
23  75  64  70   2   0   5 0.07    M    M  7.7 17 140   M    M  10 1      23 150
24  71  60  66  -2   0   1 1.68    M    M  8.9 17 120   M    M  10 123    23 130
25  66  58  62  -6   3   0 0.11    M    M  4.4 13 330   M    M  10 12     17 330
26  71  56  64  -4   1   0 0.00    M    M  5.9 12 150   M    M   7 1      14 200
================================================================================
SM 1999 1548         8  99  5.63    M    170.0          M      125
================================================================================
AV 76.9 59.5                               6.5 FASTST   M    M   5    MAX(MPH)
                                 MISC ---->  # 22 280               # 29  290
================================================================================
NOTES:
# LAST OF SEVERAL OCCURRENCES

COLUMN 17 PEAK WIND IN M.P.H.

PRELIMINARY LOCAL CLIMATOLOGICAL DATA (WS FORM: F-6) , PAGE 2

                                          STATION:  MOUNT POCONO PA
                                          MONTH:    JULY
                                          YEAR:     2017
                                          LATITUDE:   41  8 N
                                          LONGITUDE:  75 24 W

[TEMPERATURE DATA]      [PRECIPITATION DATA]       SYMBOLS USED IN COLUMN 16

AVERAGE MONTHLY: 68.2   TOTAL FOR MONTH:   5.63    1 = FOG OR MIST
DPTR FM NORMAL:   0.2   DPTR FM NORMAL:    1.91    2 = FOG REDUCING VISIBILITY
HIGHEST:    84 ON 20,19 GRTST 24HR  1.68 ON 24-24      TO 1/4 MILE OR LESS
LOWEST:     50 ON 10, 9                            3 = THUNDER
                        SNOW, ICE PELLETS, HAIL    4 = ICE PELLETS
                        TOTAL MONTH:    M          5 = HAIL
                        GRTST 24HR    M  ON   M    6 = FREEZING RAIN OR DRIZZLE
                        GRTST DEPTH:  M  ON   M    7 = DUSTSTORM OR SANDSTORM:
                                                       VSBY 1/2 MILE OR LESS
                                                   8 = SMOKE OR HAZE
[NO. OF DAYS WITH]      [WEATHER - DAYS WITH]      9 = BLOWING SNOW
                                                   X = TORNADO
MAX 32 OR BELOW:   0    0.01 INCH OR MORE:  13
MAX 90 OR ABOVE:   0    0.10 INCH OR MORE:   6
MIN 32 OR BELOW:   0    0.50 INCH OR MORE:   4
MIN  0 OR BELOW:   0    1.00 INCH OR MORE:   3

[HDD (BASE 65) ]
TOTAL THIS MO.     8    CLEAR  (SCALE 0-3)  11
DPTR FM NORMAL   -18    PTCLDY (SCALE 4-7)  11
TOTAL FM JUL 1     8    CLOUDY (SCALE 8-10)  4
DPTR FM NORMAL   -18

[CDD (BASE 65) ]
TOTAL THIS MO.    99
DPTR FM NORMAL    -4    [PRESSURE DATA]
TOTAL FM JAN 1   178    HIGHEST SLP  0.00 ON M
DPTR FM NORMAL    -6    LOWEST  SLP 29.71 ON 24

[REMARKS]
