000
CXUS51 KPHI 300800
CF6MPO
PRELIMINARY LOCAL CLIMATOLOGICAL DATA (WS FORM: F-6)

                                          STATION:   MOUNT POCONO PA
                                          MONTH:     MAY
                                          YEAR:      2016
                                          LATITUDE:   41  8 N
                                          LONGITUDE:  75 24 W

  TEMPERATURE IN F:       :PCPN:    SNOW:  WIND      :SUNSHINE: SKY     :PK WND
================================================================================
1   2   3   4   5  6A  6B    7    8   9   10  11  12  13   14  15   16   17  18
                                     12Z  AVG MX 2MIN
DY MAX MIN AVG DEP HDD CDD  WTR  SNW DPTH SPD SPD DIR MIN PSBL S-S WX    SPD DR
================================================================================

 1  46  36  41 -10  24   0 0.42    M    M  9.2 17 140   M    M  10 12     23 140
 2  57  40  49  -2  16   0 0.23    M    M  5.9 14 280   M    M   8 12     18 330
 3  49  46  48  -4  17   0 1.05    M    M  4.8 10 100   M    M  10 12     14 360
 4  47  40  44  -8  21   0 0.28    M    M  8.1 14 120   M    M  10 12     17  60
 5  51  39  45  -7  20   0 0.00    M    M  8.9 17  50   M    M  10 12     22  40
 6  46  43  45  -7  20   0 0.62    M    M 10.6 20  70   M    M  10 12     25  60
 7  52  42  47  -6  18   0 0.06    M    M  5.2 15 100   M    M   9 12     20 100
 8  54  36  45  -8  20   0 0.11    M    M 12.2 26 310   M    M   6 1      40 310
 9  64  35  50  -3  15   0 0.00    M    M  9.5 25 270   M    M   0        33 270
10  56  34  45  -9  20   0 0.00    M    M  6.4 15 270   M    M   2        20 260
11  70  38  54   0  11   0 0.00    M    M  5.0 14 210   M    M   0        17 150
12  74  40  57   3   8   0 0.00    M    M  7.7 16 200   M    M   1        22 140
13  61  43  52  -2  13   0 0.31    M    M  7.9 17 200   M    M   8 12     21 210
14  64  38  51  -4  14   0 0.08    M    M 10.7 26 290   M    M   4 12     40 290
15  45  32  39 -16  26   0 0.03    M    M 13.6 32 280   M    M   6 1      43 280
16  56  29  43 -12  22   0 0.00    M    M 14.5 29 290   M    M   2        42 310
17  58  42  50  -5  15   0    T    M    M  7.7 17 260   M    M   6        21 270
18  60  45  53  -3  12   0 0.00    M    M  6.3 14 170   M    M   8        19 100
19  63  39  51  -5  14   0 0.00    M    M  7.9 17 310   M    M   4        25 290
20  69  31  50  -6  15   0 0.00    M    M  5.0 15  30   0    0   0        20 360
21  59  40  50  -6  15   0 0.13    M    M  5.3 16 150   M    M   8 1      20 120
22  57  42  50  -7  15   0 0.09    M    M  6.4 18  20   M    M   9 1      24  20
23  70  45  58   1   7   0 0.01    M    M  8.2 21 360   M    M   3        28 360
24  72  41  57   0   8   0 0.00    M    M  8.2 23 300   M    M   3        30 300
25  76  38  57  -1   8   0 0.00    M    M  7.3 17 270   M    M   0        22 290
26  84  47  66   8   0   1 0.00    M    M  6.7 21 220   M    M   3        26 200
27  82  58  70  12   0   5    T    M    M  6.2 17 210   M    M   4 1      21 200
28  85  62  74  16   0   9 0.54    M    M  5.7 21  20   M    M   3 13     30  10
29  81  62  72  13   0   7 0.65    M    M  6.4 14 220   M    M   3 18     19 190
================================================================================
SM 1808 1203       394  22  4.61    M    227.5            0    150
================================================================================
AV 62.3 41.5                               7.8 FASTST    0   0   5    MAX(MPH)
                                 MISC ---->  # 32 280               # 43  280
================================================================================
NOTES:
# LAST OF SEVERAL OCCURRENCES

COLUMN 17 PEAK WIND IN M.P.H.

PRELIMINARY LOCAL CLIMATOLOGICAL DATA (WS FORM: F-6) , PAGE 2

                                          STATION:  MOUNT POCONO PA
                                          MONTH:    MAY
                                          YEAR:     2016
                                          LATITUDE:   41  8 N
                                          LONGITUDE:  75 24 W

[TEMPERATURE DATA]      [PRECIPITATION DATA]       SYMBOLS USED IN COLUMN 16

AVERAGE MONTHLY: 51.9   TOTAL FOR MONTH:   4.61    1 = FOG OR MIST
DPTR FM NORMAL:  -2.9   DPTR FM NORMAL:    0.56    2 = FOG REDUCING VISIBILITY
HIGHEST:    85 ON 28    GRTST 24HR  1.27 ON  2- 3      TO 1/4 MILE OR LESS
LOWEST:     29 ON 16                               3 = THUNDER
                        SNOW, ICE PELLETS, HAIL    4 = ICE PELLETS
                        TOTAL MONTH:    M          5 = HAIL
                        GRTST 24HR    M  ON   M    6 = FREEZING RAIN OR DRIZZLE
                        GRTST DEPTH:  M  ON   M    7 = DUSTSTORM OR SANDSTORM:
                                                       VSBY 1/2 MILE OR LESS
                                                   8 = SMOKE OR HAZE
[NO. OF DAYS WITH]      [WEATHER - DAYS WITH]      9 = BLOWING SNOW
                                                   X = TORNADO
MAX 32 OR BELOW:   0    0.01 INCH OR MORE:  15
MAX 90 OR ABOVE:   0    0.10 INCH OR MORE:  10
MIN 32 OR BELOW:   3    0.50 INCH OR MORE:   4
MIN  0 OR BELOW:   0    1.00 INCH OR MORE:   1

[HDD (BASE 65) ]
TOTAL THIS MO.   394    CLEAR  (SCALE 0-3)  11
DPTR FM NORMAL    87    PTCLDY (SCALE 4-7)   9
TOTAL FM JUL 1  6052    CLOUDY (SCALE 8-10)  9
DPTR FM NORMAL  -949

[CDD (BASE 65) ]
TOTAL THIS MO.    22
DPTR FM NORMAL    11    [PRESSURE DATA]
TOTAL FM JAN 1    22    HIGHEST SLP  0.00 ON 20
DPTR FM NORMAL     7    LOWEST  SLP 29.57 ON  6

[REMARKS]
