000
CXUS53 KMQT 290700
CF6MQT
PRELIMINARY LOCAL CLIMATOLOGICAL DATA (WS FORM: F-6)

                                          STATION:   MARQUETTE MI
                                          MONTH:     MAY
                                          YEAR:      2016
                                          LATITUDE:   46 31 N
                                          LONGITUDE:  87 33 W

  TEMPERATURE IN F:       :PCPN:    SNOW:  WIND      :SUNSHINE: SKY     :PK WND
================================================================================
1   2   3   4   5  6A  6B    7    8   9   10  11  12  13   14  15   16   17  18
                                     12Z  AVG MX 2MIN
DY MAX MIN AVG DEP HDD CDD  WTR  SNW DPTH SPD SPD DIR MIN PSBL S-S WX    SPD DR
================================================================================

 1  51  35  43  -2  22   0 0.00  0.0    0   M   M   M   M    M   M        18  45
 2  56  29  43  -3  22   0 0.00  0.0    0   M   M   M   M    M   M        19  45
 3  63  37  50   4  15   0 0.18  0.0    0   M   M   M   M    M   M        36 270
 4  39  33  36 -11  29   0 0.03    T    0   M   M   M   M    M   M        28 315
 5  61  29  45  -2  20   0 0.00  0.0    0   M   M   M   M    M   M        15  45
 6  86  43  65  18   0   0    T  0.0    0   M   M   M   M    M   M        31 315
 7  56  40  48   0  17   0 0.00  0.0    0   M   M   M   M    M   M        30 360
 8  51  31  41  -7  24   0    T  0.0    0   M   M   M   M    M   M        22 315
 9  61  28  45  -3  20   0 0.00  0.0    0   M   M   M   M    M   M        18  90
10  66  40  53   4  12   0 0.00  0.0    0   M   M   M   M    M   M        25 180
11  66  42  54   5  11   0 0.00  0.0    0   M   M   M   M    M   M        24 135
12  59  50  55   5  10   0 0.16  0.0    0   M   M   M   M    M   M 1      15 180
13  51  37  44  -6  21   0    T  0.0    0   M   M   M   M    M   M        26 270
14  37  29  33 -17  32   0 0.06  1.1    1   M   M   M   M    M   M        25 315
15  51  29  40 -11  25   0 0.01    T    0   M   M   M   M    M   M        25 315
16  51  32  42  -9  23   0 0.01  0.0    0   M   M   M   M    M   M        26 270
17  56  28  42  -9  23   0 0.00  0.0    0   M   M   M   M    M   M        19  45
18  63  29  46  -6  19   0 0.00  0.0    0   M   M   M   M    M   M        18  45
19  72  40  56   4   9   0 0.00  0.0    0   M   M   M   M    M   M        18  45
20  72  43  58   6   7   0 0.00  0.0    0   M   M   M   M    M   M        16  90
21  77  40  59   6   6   0 0.00  0.0    0   M   M   M   M    M   M        18  45
22  80  43  62   9   3   0 0.00  0.0    0   M   M   M   M    M   M        17 180
23  85  58  72  19   0   7 0.00  0.0    0   M   M   M   M    M   M        33 225
24  67  44  56   2   9   0 1.85  0.0    0   M   M   M   M    M   M 13     13  90
25  62  46  54   0  11   0 0.31  0.0    0   M   M   M   M    M   M 13     13 135
26  69  52  61   7   4   0 0.63  0.0    0   M   M   M   M    M   M 13     15 270
27  72  56  64   9   1   0 0.03  0.0    0   M   M   M   M    M   M 12     15 180
28  76  61  69  14   0   4 0.07  0.0    0   M   M   M   M    M   M 1      24 180
================================================================================
SM 1756 1104       395  11  3.34     1.1     M          M        M
================================================================================
AV 62.7 39.4                                 M FASTST   M    M -nan   MAX(MPH)
                                 MISC ---->     M   M               # 36  270
================================================================================
NOTES:
# LAST OF SEVERAL OCCURRENCES

COLUMN 17 PEAK WIND IN M.P.H.

PRELIMINARY LOCAL CLIMATOLOGICAL DATA (WS FORM: F-6) , PAGE 2

                                          STATION:  MARQUETTE MI
                                          MONTH:    MAY
                                          YEAR:     2016
                                          LATITUDE:   46 31 N
                                          LONGITUDE:  87 33 W

[TEMPERATURE DATA]      [PRECIPITATION DATA]       SYMBOLS USED IN COLUMN 16

AVERAGE MONTHLY: 51.1   TOTAL FOR MONTH:   3.34    1 = FOG OR MIST
DPTR FM NORMAL:   0.7   DPTR FM NORMAL:    0.62    2 = FOG REDUCING VISIBILITY
HIGHEST:    86 ON  6    GRTST 24HR  1.85 ON 24-24      TO 1/4 MILE OR LESS
LOWEST:     28 ON 17, 9                            3 = THUNDER
                        SNOW, ICE PELLETS, HAIL    4 = ICE PELLETS
                        TOTAL MONTH:   1.1 INCHES  5 = HAIL
                        GRTST 24HR   1.1 ON   M    6 = FREEZING RAIN OR DRIZZLE
                        GRTST DEPTH:   1 ON 14     7 = DUSTSTORM OR SANDSTORM:
                                                       VSBY 1/2 MILE OR LESS
                                                   8 = SMOKE OR HAZE
[NO. OF DAYS WITH]      [WEATHER - DAYS WITH]      9 = BLOWING SNOW
                                                   X = TORNADO
MAX 32 OR BELOW:   0    0.01 INCH OR MORE:  11
MAX 90 OR ABOVE:   0    0.10 INCH OR MORE:   5
MIN 32 OR BELOW:   9    0.50 INCH OR MORE:   2
MIN  0 OR BELOW:   0    1.00 INCH OR MORE:   1

[HDD (BASE 65) ]
TOTAL THIS MO.   395    CLEAR  (SCALE 0-3)   0
DPTR FM NORMAL   -25    PTCLDY (SCALE 4-7)   0
TOTAL FM JUL 1  8185    CLOUDY (SCALE 8-10)  0
DPTR FM NORMAL  -937

[CDD (BASE 65) ]
TOTAL THIS MO.    11
DPTR FM NORMAL     3    [PRESSURE DATA]
TOTAL FM JAN 1    11    HIGHEST SLP M ON M
DPTR FM NORMAL     2    LOWEST  SLP M ON M

[REMARKS]
