000
CXUS53 KMQT 260900
CF6MQT
PRELIMINARY LOCAL CLIMATOLOGICAL DATA (WS FORM: F-6)

                                          STATION:   MARQUETTE MI
                                          MONTH:     JUNE
                                          YEAR:      2017
                                          LATITUDE:   46 31 N
                                          LONGITUDE:  87 33 W

  TEMPERATURE IN F:       :PCPN:    SNOW:  WIND      :SUNSHINE: SKY     :PK WND
================================================================================
1   2   3   4   5  6A  6B    7    8   9   10  11  12  13   14  15   16   17  18
                                     12Z  AVG MX 2MIN
DY MAX MIN AVG DEP HDD CDD  WTR  SNW DPTH SPD SPD DIR MIN PSBL S-S WX    SPD DR
================================================================================

 1  69  35  52  -4  13   0    T  0.0    0   M   M   M   M    M   M        25 315
 2  71  46  59   3   6   0 0.02  0.0    0   M   M   M   M    M   M        13  45
 3  75  49  62   5   3   0 0.18  0.0    0   M   M   M   M    M   M 13     23 225
 4  74  48  61   4   4   0 0.04  0.0    0   M   M   M   M    M   M 13     20 315
 5  64  48  56  -1   9   0 0.00  0.0    0   M   M   M   M    M   M 1      20 270
 6  68  47  58   0   7   0 0.00  0.0    0   M   M   M   M    M   M        17 360
 7  78  42  60   2   5   0 0.00  0.0    0   M   M   M   M    M   M        18 270
 8  76  53  65   7   0   0 0.14  0.0    0   M   M   M   M    M   M        15 270
 9  66  46  56  -3   9   0 0.00  0.0    0   M   M   M   M    M   M        14  45
10  88  46  67   8   0   2 0.07  0.0    0   M   M   M   M    M   M 3      39 225
11  78  57  68   9   0   3 0.83  0.0    0   M   M   M   M    M   M 3      23 225
12  82  58  70  10   0   5 0.01  0.0    0   M   M   M   M    M   M 3      17 315
13  69  53  61   1   4   0 0.13  0.0    0   M   M   M   M    M   M 3      26 270
14  69  55  62   2   3   0 0.72  0.0    0   M   M   M   M    M   M 3      26 180
15  82  59  71  10   0   6 0.08  0.0    0   M   M   M   M    M   M 3      18 225
16  81  55  68   7   0   3 0.21  0.0    0   M   M   M   M    M   M        25 270
17  74  59  67   6   0   2 0.34  0.0    0   M   M   M   M    M   M 13     16 270
18  60  53  57  -4   8   0 1.10  0.0    0   M   M   M   M    M   M        19 315
19  61  52  57  -5   8   0 0.08  0.0    0   M   M   M   M    M   M        11 270
20  65  50  58  -4   7   0 0.03  0.0    0   M   M   M   M    M   M        22 315
21  69  46  58  -4   7   0    T  0.0    0   M   M   M   M    M   M        15 180
22  71  54  63   1   2   0 0.04  0.0    0   M   M   M   M    M   M 3      18 270
23  71  53  62  -1   3   0 0.00  0.0    0   M   M   M   M    M   M        27 270
24  62  49  56  -7   9   0 1.01  0.0    M   M   M   M   M    M   M 3      14  45
25  63  49  56  -7   9   0 0.58  0.0    M   M   M   M   M    M   M        15 360
================================================================================
SM 1786 1262       116  21  5.61     0.0     M          M        M
================================================================================
AV 71.4 50.5                                 M FASTST   M    M -nan   MAX(MPH)
                                 MISC ---->     M   M               # 39  225
================================================================================
NOTES:
# LAST OF SEVERAL OCCURRENCES

COLUMN 17 PEAK WIND IN M.P.H.

PRELIMINARY LOCAL CLIMATOLOGICAL DATA (WS FORM: F-6) , PAGE 2

                                          STATION:  MARQUETTE MI
                                          MONTH:    JUNE
                                          YEAR:     2017
                                          LATITUDE:   46 31 N
                                          LONGITUDE:  87 33 W

[TEMPERATURE DATA]      [PRECIPITATION DATA]       SYMBOLS USED IN COLUMN 16

AVERAGE MONTHLY: 61.0   TOTAL FOR MONTH:   5.61    1 = FOG OR MIST
DPTR FM NORMAL:   1.2   DPTR FM NORMAL:    3.20    2 = FOG REDUCING VISIBILITY
HIGHEST:    88 ON 10    GRTST 24HR  1.10 ON 18-18      TO 1/4 MILE OR LESS
LOWEST:     35 ON  1                               3 = THUNDER
                        SNOW, ICE PELLETS, HAIL    4 = ICE PELLETS
                        TOTAL MONTH:   0.0 INCH    5 = HAIL
                        GRTST 24HR     0.0         6 = FREEZING RAIN OR DRIZZLE
                        GRTST DEPTH:   0           7 = DUSTSTORM OR SANDSTORM:
                                                       VSBY 1/2 MILE OR LESS
                                                   8 = SMOKE OR HAZE
[NO. OF DAYS WITH]      [WEATHER - DAYS WITH]      9 = BLOWING SNOW
                                                   X = TORNADO
MAX 32 OR BELOW:   0    0.01 INCH OR MORE:  18
MAX 90 OR ABOVE:   0    0.10 INCH OR MORE:  10
MIN 32 OR BELOW:   0    0.50 INCH OR MORE:   5
MIN  0 OR BELOW:   0    1.00 INCH OR MORE:   2

[HDD (BASE 65) ]
TOTAL THIS MO.   116    CLEAR  (SCALE 0-3)   0
DPTR FM NORMAL   -48    PTCLDY (SCALE 4-7)   0
TOTAL FM JUL 1  8349    CLOUDY (SCALE 8-10)  0
DPTR FM NORMAL  -967

[CDD (BASE 65) ]
TOTAL THIS MO.    21
DPTR FM NORMAL   -14    [PRESSURE DATA]
TOTAL FM JAN 1    21    HIGHEST SLP M ON M
DPTR FM NORMAL   -26    LOWEST  SLP M ON M

[REMARKS]
