000
CXUS54 KMAF 011100
CF6MRF
PRELIMINARY LOCAL CLIMATOLOGICAL DATA (WS FORM: F-6)

                                          STATION:   Marfa
                                          MONTH:     FEBRUARY
                                          YEAR:      2015
                                          LATITUDE:   30 22 N
                                          LONGITUDE: 104  1 W

  TEMPERATURE IN F:       :PCPN:    SNOW:  WIND      :SUNSHINE: SKY     :PK WND
================================================================================
1   2   3   4   5  6A  6B    7    8   9   10  11  12  13   14  15   16   17  18
                                     12Z  AVG MX 2MIN
DY MAX MIN AVG DEP HDD CDD  WTR  SNW DPTH SPD SPD DIR MIN PSBL S-S WX    SPD DR
================================================================================

 1  57  30  44   M  21   0 0.00  0.0    0  8.7 22  30   M    M   1        25  20
 2  54  37  46   M  19   0 0.00  0.0    0  7.0 18  50   M    M   5        21  50
 3  61  30  46   M  19   0 0.00  0.0    0  5.5 16 170   M    M   0         M  M
 4  66  27  47   M  18   0 0.00  0.0    0  9.4 24 280   M    M   2        29 290
 5  64  27  46   M  19   0 0.00  0.0    0  6.3 16  40   M    M   0        22  20
 6  73  27  50   M  15   0 0.00  0.0    0  5.9 13 220   M    M   0        16 260
 7  73  30  52   M  13   0 0.00  0.0    0 10.1 24 260   M    M   0        29 290
 8  79  45  62   M   3   0 0.00  0.0    0  9.7 17 270   M    M   0        22 290
 9  73  32  53   M  12   0 0.00  0.0    0  6.3 12 150   M    M   0        16 180
10  79  34  57   M   8   0 0.00  0.0    0  6.5 15 150   M    M   0        20 180
11  68  34  51   M  14   0 0.00  0.0    0 14.5 30  20   M    M   2        38  20
12  39  30  35   M  30   0 0.41    M    0 14.2 25  40   M    M  10        29  20
13  63  37  50   M  15   0 0.00  0.0    0  5.0 14  60   M    M   7         M  M
14  64  36  50   M  15   0 0.00  0.0    0  5.2 12 190   M    M   1         M  M
15  70  43  57   M   8   0 0.00  0.0    0  7.1 21 240   M    M   7        29 240
16  55  36  46   M  19   0 0.06    M    0  7.9 14  50   M    M   9         M  M
17  54  30  42   M  23   0 0.00  0.0    0  7.0 15  20   M    M   6        24  20
18  66  25  46   M  19   0 0.00  0.0    0  7.2 17 280   M    M   0        23 280
19  73  30  52   M  13   0 0.00  0.0    0  7.7 16 260   M    M   0        23 250
20  73  36  55   M  10   0 0.00  0.0    0 10.9 22 270   M    M   0        28 260
21  72  48  60   M   5   0 0.00  0.0    0  9.5 17 280   M    M   1        29 250
22  70  30  50   M  15   0 0.01    M    0 11.8 27  30   M    M   6        30  30
23  36  21  29   M  36   0 0.00  0.0    0 14.4 21  40   M    M   7        25  40
24  64  21  43   M  22   0 0.00  0.0    0  5.9 14  20   M    M   2         M  M
25  57  30  44   M  21   0 0.00  0.0    0 15.7 28 280   M    M   1        32 290
26  46  27  37   M  28   0 0.00  0.0    0 15.3 24  10   M    M   3        25  60
27  34  25  30   M  35   0 0.00  0.0    0 13.3 17  50   M    M   9        22  50
28  61  27  44   M  21   0 0.00  0.0    0  7.1 10 170   M    M   5        16 160
================================================================================
SM 1744  885       496   0  0.48     0.0 255.1          M       84
================================================================================
AV 62.3 31.6                               9.1 FASTST   M    M   3    MAX(MPH)
                                 MISC ---->    30   M               # 38   20
================================================================================
NOTES:
# LAST OF SEVERAL OCCURRENCES

COLUMN 17 PEAK WIND IN M.P.H.

PRELIMINARY LOCAL CLIMATOLOGICAL DATA (WS FORM: F-6) , PAGE 2

                                          STATION:  Marfa
                                          MONTH:    FEBRUARY
                                          YEAR:     2015
                                          LATITUDE:   30 22 N
                                          LONGITUDE: 104  1 W

[TEMPERATURE DATA]      [PRECIPITATION DATA]       SYMBOLS USED IN COLUMN 16

AVERAGE MONTHLY: 46.9   TOTAL FOR MONTH:   0.48    1 = FOG OR MIST
DPTR FM NORMAL:     M   DPTR FM NORMAL:       M    2 = FOG REDUCING VISIBILITY
HIGHEST:    79 ON 10, 8 GRTST 24HR  0.41 ON 12-12      TO 1/4 MILE OR LESS
LOWEST:     21 ON 24,23                            3 = THUNDER
                        SNOW, ICE PELLETS, HAIL    4 = ICE PELLETS
                        TOTAL MONTH:   0.0 INCH    5 = HAIL
                        GRTST 24HR     0.0         6 = FREEZING RAIN OR DRIZZLE
                        GRTST DEPTH:   0           7 = DUSTSTORM OR SANDSTORM:
                                                       VSBY 1/2 MILE OR LESS
                                                   8 = SMOKE OR HAZE
[NO. OF DAYS WITH]      [WEATHER - DAYS WITH]      9 = BLOWING SNOW
                                                   X = TORNADO
MAX 32 OR BELOW:   0    0.01 INCH OR MORE:   3
MAX 90 OR ABOVE:   0    0.10 INCH OR MORE:   1
MIN 32 OR BELOW:  18    0.50 INCH OR MORE:   0
MIN  0 OR BELOW:   0    1.00 INCH OR MORE:   0

[HDD (BASE 65) ]
TOTAL THIS MO.   496    CLEAR  (SCALE 0-3)  18
DPTR FM NORMAL     M    PTCLDY (SCALE 4-7)   7
TOTAL FM JUL 1  2560    CLOUDY (SCALE 8-10)  3
DPTR FM NORMAL     M

[CDD (BASE 65) ]
TOTAL THIS MO.     0
DPTR FM NORMAL     M    [PRESSURE DATA]
TOTAL FM JAN 1     0    HIGHEST SLP M ON M
DPTR FM NORMAL     M    LOWEST  SLP M ON M

[REMARKS]
#FINAL-02-15#
