000
CXUS53 KMKX 280900
CF6MSN
PRELIMINARY LOCAL CLIMATOLOGICAL DATA (WS FORM: F-6)

                                          STATION:   MADISON WI
                                          MONTH:     APRIL
                                          YEAR:      2016
                                          LATITUDE:   43  7 N
                                          LONGITUDE:  89 20 W

  TEMPERATURE IN F:       :PCPN:    SNOW:  WIND      :SUNSHINE: SKY     :PK WND
================================================================================
1   2   3   4   5  6A  6B    7    8   9   10  11  12  13   14  15   16   17  18
                                     12Z  AVG MX 2MIN
DY MAX MIN AVG DEP HDD CDD  WTR  SNW DPTH SPD SPD DIR MIN PSBL S-S WX    SPD DR
================================================================================

 1  50  32  41   1  24   0    T  0.0    0  6.8 21 310   M    M   7        33 330
 2  36  24  30 -11  35   0 0.11  2.4    1 10.0 28 320   M    M   6 128    50 310
 3  73  30  52  11  13   0    T  0.0    0 13.1 32  10   M    M   7        39  20
 4  37  27  32 -10  33   0    T    T    0  9.9 23  20   M    M   8        29  10
 5  42  22  32 -10  33   0 0.02  0.0    0 13.4 23 140   M    M   6        33 150
 6  48  35  42  -1  23   0 0.58  0.0    0  8.8 23 180   M    M  10 18     29 180
 7  40  30  35  -8  30   0    T    M    0  9.0 18 340   M    M   9 1      25 330
 8  40  22  31 -13  34   0 0.09  1.8    T 11.5 29 340   M    M   9 129    41 330
 9  38  16  27 -17  38   0 0.00  0.0    1  8.7 20 150   M    M   4        25 140
10  48  32  40  -4  25   0 0.03  0.0    0 12.4 25 160   M    M   9 35     31 170
11  49  31  40  -5  25   0 0.00  0.0    0  9.6 23 330   M    M   3        34 330
12  49  26  38  -7  27   0 0.00  0.0    0  6.8 18 160   M    M   2        26 200
13  50  38  44  -2  21   0    T  0.0    0 11.0 18 130   M    M   9        23 140
14  65  30  48   2  17   0 0.00  0.0    0  9.0 20 160   M    M   2        24 160
15  72  38  55   9  10   0 0.00  0.0    0  9.1 18 110   M    M   1        27 140
16  78  39  59  12   6   0 0.00  0.0    0  6.6 21 110   M    M   3        24 110
17  79  44  62  15   3   0 0.00  0.0    0  3.8 15 120   M    M   6        20 180
18  80  46  63  15   2   0 0.00  0.0    0  3.1 16  60   M    M   7        19  50
19  54  45  50   2  15   0 0.19  0.0    0 10.5 18  70   M    M   8 1      27  50
20  70  43  57   9   8   0    T  0.0    0 10.0 20 150   M    M   7        24 150
21  70  51  61  12   4   0 0.00  0.0    0  4.6 13 320   M    M   8 1      18 310
22  58  41  50   1  15   0 0.00  0.0    0  8.4 20  30   M    M   7 1      25  30
23  65  34  50   0  15   0 0.00  0.0    0  6.5 17 110   M    M   4        20 110
24  73  40  57   7   8   0 0.04  0.0    0  8.7 18  90   M    M   8        23  80
25  77  46  62  12   3   0 0.00  0.0    0  6.7 15  20   M    M   5        25 250
26  49  40  45  -6  20   0    T  0.0    0 13.1 24  50   M    M  10 1      28  50
27  54  36  45  -6  20   0 0.16  0.0    0 14.5 33  60   M    M   9 1      44  70
================================================================================
SM 1544  938       507   0  1.22     4.2 245.6          M      174
================================================================================
AV 57.2 34.7                               9.1 FASTST   M    M   6    MAX(MPH)
                                 MISC ---->  # 33  60               # 50  310
================================================================================
NOTES:
# LAST OF SEVERAL OCCURRENCES

COLUMN 17 PEAK WIND IN M.P.H.

PRELIMINARY LOCAL CLIMATOLOGICAL DATA (WS FORM: F-6) , PAGE 2

                                          STATION:  MADISON WI
                                          MONTH:    APRIL
                                          YEAR:     2016
                                          LATITUDE:   43  7 N
                                          LONGITUDE:  89 20 W

[TEMPERATURE DATA]      [PRECIPITATION DATA]       SYMBOLS USED IN COLUMN 16

AVERAGE MONTHLY: 46.0   TOTAL FOR MONTH:   1.22    1 = FOG OR MIST
DPTR FM NORMAL:   0.0   DPTR FM NORMAL:   -1.83    2 = FOG REDUCING VISIBILITY
HIGHEST:    80 ON 18    GRTST 24HR  0.59 ON  5- 6      TO 1/4 MILE OR LESS
LOWEST:     16 ON  9                               3 = THUNDER
                        SNOW, ICE PELLETS, HAIL    4 = ICE PELLETS
                        TOTAL MONTH:   4.2 INCHES  5 = HAIL
                        GRTST 24HR   2.4 ON   M    6 = FREEZING RAIN OR DRIZZLE
                        GRTST DEPTH:   1 ON  9, 2  7 = DUSTSTORM OR SANDSTORM:
                                                       VSBY 1/2 MILE OR LESS
                                                   8 = SMOKE OR HAZE
[NO. OF DAYS WITH]      [WEATHER - DAYS WITH]      9 = BLOWING SNOW
                                                   X = TORNADO
MAX 32 OR BELOW:   0    0.01 INCH OR MORE:   8
MAX 90 OR ABOVE:   0    0.10 INCH OR MORE:   4
MIN 32 OR BELOW:  12    0.50 INCH OR MORE:   1
MIN  0 OR BELOW:   0    1.00 INCH OR MORE:   0

[HDD (BASE 65) ]
TOTAL THIS MO.   507    CLEAR  (SCALE 0-3)   5
DPTR FM NORMAL   -11    PTCLDY (SCALE 4-7)  15
TOTAL FM JUL 1  5877    CLOUDY (SCALE 8-10)  7
DPTR FM NORMAL -1090

[CDD (BASE 65) ]
TOTAL THIS MO.     0
DPTR FM NORMAL     0    [PRESSURE DATA]
TOTAL FM JAN 1     0    HIGHEST SLP M ON M
DPTR FM NORMAL     0    LOWEST  SLP 29.45 ON  3

[REMARKS]
