000
CXUS53 KMKX 220900
CF6MSN
PRELIMINARY LOCAL CLIMATOLOGICAL DATA (WS FORM: F-6)

                                          STATION:   MADISON WI
                                          MONTH:     MARCH
                                          YEAR:      2017
                                          LATITUDE:   43  7 N
                                          LONGITUDE:  89 20 W

  TEMPERATURE IN F:       :PCPN:    SNOW:  WIND      :SUNSHINE: SKY     :PK WND
================================================================================
1   2   3   4   5  6A  6B    7    8   9   10  11  12  13   14  15   16   17  18
                                     12Z  AVG MX 2MIN
DY MAX MIN AVG DEP HDD CDD  WTR  SNW DPTH SPD SPD DIR MIN PSBL S-S WX    SPD DR
================================================================================

 1  40  24  32   4  33   0 0.38  3.7    0  9.9 18 310   M    M   9 1      29 320
 2  29  20  25  -3  40   0    T  0.2    3  6.3 14 320   M    M   7 1      20 320
 3  28  12  20  -9  45   0 0.01    T    2  5.9 13 320   M    M   5        18 310
 4  36  26  31   2  34   0    T  0.2    2 13.6 23 110   M    M   7 18     35 110
 5  54  31  43  13  22   0 0.00  0.0    1 12.9 20 180   M    M   7        26 200
 6  63  48  56  26   9   0 0.13  0.0    0 18.3 31 170   M    M  10 13     48 190
 7  56  36  46  16  19   0 0.14  0.0    0 12.7 24 300   M    M   5 13     40 290
 8  44  31  38   7  27   0 0.00  0.0    0 13.4 28 290   M    M   1        44 280
 9  38  27  33   2  32   0 0.00  0.0    0  6.8 16 330   M    M   9        23 340
10  27  16  22 -10  43   0 0.00  0.0    0 12.0 22 350   M    M   3        28 350
11  25  11  18 -14  47   0 0.00  0.0    0  9.0 17 350   M    M   6        24 340
12  29  12  21 -11  44   0 0.14  1.7    0  6.0 17 160   M    M   7 1      24 120
13  25  14  20 -13  45   0 0.08  2.5    2 15.3 24  10   M    M  10 19     31  20
14  25   5  15 -18  50   0 0.00  0.0    3 10.1 20  10   M    M   2        24  10
15  32  10  21 -13  44   0 0.00  0.0    3  6.8 14 320   M    M   0        19 320
16  39  11  25  -9  40   0 0.06    T    2  5.8 14 170   M    M   4        19 340
17  54  32  43   9  22   0 0.10    T    1  8.3 20 290   M    M   9 18     30 280
18  43  26  35   0  30   0    T    T    T 10.0 18 320   M    M   8        25 320
19  52  22  37   2  28   0 0.00  0.0    0  9.1 25 170   M    M   6        30 160
20  60  34  47  11  18   0 0.00  0.0    0  6.0 21  50   M    M   5        24  50
21  48  26  37   1  28   0 0.00  0.0    0  8.8 20  20   M    M   3 1      29 350
================================================================================
SM  847  474       700   0  1.04     8.3 207.0          M      123
================================================================================
AV 40.3 22.6                               9.9 FASTST   M    M   6    MAX(MPH)
                                 MISC ---->  # 31 170               # 48  190
================================================================================
NOTES:
# LAST OF SEVERAL OCCURRENCES

COLUMN 17 PEAK WIND IN M.P.H.

PRELIMINARY LOCAL CLIMATOLOGICAL DATA (WS FORM: F-6) , PAGE 2

                                          STATION:  MADISON WI
                                          MONTH:    MARCH
                                          YEAR:     2017
                                          LATITUDE:   43  7 N
                                          LONGITUDE:  89 20 W

[TEMPERATURE DATA]      [PRECIPITATION DATA]       SYMBOLS USED IN COLUMN 16

AVERAGE MONTHLY: 31.5   TOTAL FOR MONTH:   1.04    1 = FOG OR MIST
DPTR FM NORMAL:  -0.5   DPTR FM NORMAL:   -0.31    2 = FOG REDUCING VISIBILITY
HIGHEST:    63 ON  6    GRTST 24HR  0.38 ON  1- 1      TO 1/4 MILE OR LESS
LOWEST:      5 ON 14                               3 = THUNDER
                        SNOW, ICE PELLETS, HAIL    4 = ICE PELLETS
                        TOTAL MONTH:   8.3 INCHES  5 = HAIL
                        GRTST 24HR   3.7 ON   M    6 = FREEZING RAIN OR DRIZZLE
                        GRTST DEPTH:   3 ON 15,14  7 = DUSTSTORM OR SANDSTORM:
                                                       VSBY 1/2 MILE OR LESS
                                                   8 = SMOKE OR HAZE
[NO. OF DAYS WITH]      [WEATHER - DAYS WITH]      9 = BLOWING SNOW
                                                   X = TORNADO
MAX 32 OR BELOW:   8    0.01 INCH OR MORE:   8
MAX 90 OR ABOVE:   0    0.10 INCH OR MORE:   5
MIN 32 OR BELOW:  18    0.50 INCH OR MORE:   0
MIN  0 OR BELOW:   0    1.00 INCH OR MORE:   0

[HDD (BASE 65) ]
TOTAL THIS MO.   700    CLEAR  (SCALE 0-3)   5
DPTR FM NORMAL     6    PTCLDY (SCALE 4-7)  11
TOTAL FM JUL 1  5212    CLOUDY (SCALE 8-10)  5
DPTR FM NORMAL  -968

[CDD (BASE 65) ]
TOTAL THIS MO.     0
DPTR FM NORMAL     0    [PRESSURE DATA]
TOTAL FM JAN 1     0    HIGHEST SLP M ON M
DPTR FM NORMAL     0    LOWEST  SLP 29.28 ON  6

[REMARKS]
