000
CXUS53 KMPX 201000
CF6MSP
PRELIMINARY LOCAL CLIMATOLOGICAL DATA (WS FORM: F-6)

                                          STATION:   TWIN CITIES MN
                                          MONTH:     SEPTEMBER
                                          YEAR:      2014
                                          LATITUDE:   44 52 N
                                          LONGITUDE:  93 13 W

  TEMPERATURE IN F:       :PCPN:    SNOW:  WIND      :SUNSHINE: SKY     :PK WND
================================================================================
1   2   3   4   5  6A  6B    7    8   9   10  11  12  13   14  15   16   17  18
                                     12Z  AVG MX 2MIN
DY MAX MIN AVG DEP HDD CDD  WTR  SNW DPTH SPD SPD DIR MIN PSBL S-S WX    SPD DR
================================================================================

 1  78  65  72   4   0   7 0.17  0.0    0  8.3 20 270   M    M   6 1      25 270
 2  78  62  70   2   0   5 0.00  0.0    0  7.2 15 230   M    M   3        20 260
 3  80  60  70   3   0   5 0.13  0.0    0  8.2 17 120   M    M   7 13     20 110
 4  86  66  76   9   0  11    T  0.0    0 11.3 20 300   M    M   7 138    28 220
 5  66  55  61  -5   4   0 0.00  0.0    0  9.9 24 310   M    M   6        29 320
 6  77  52  65  -1   0   0 0.00  0.0    0  5.6 16 270   M    M   1        20 270
 7  76  56  66   0   0   1 0.00  0.0    0  9.3 17 180   M    M   2        24 180
 8  75  58  67   2   0   2    T  0.0    0 10.7 22 160   M    M   7        27 160
 9  75  61  68   3   0   3 0.18  0.0    0  7.5 16 150   M    M   9 13     21 140
10  68  47  58  -7   7   0 0.03  0.0    0 16.0 29  10   M    M   9 1      35 360
11  57  43  50 -14  15   0 0.00  0.0    0  8.7 17  20   M    M   7        27  10
12  56  43  50 -14  15   0 0.00  0.0    0  7.2 20 310   M    M   8        28 320
13  60  39  50 -13  15   0 0.00  0.0    0  7.4 17 170   M    M   5 1      24 170
14  65  50  58  -5   7   0 0.00  0.0    0  8.8 20 260   M    M   7        25 240
15  62  48  55  -7  10   0 0.06  0.0    0  5.9 16 310   M    M   6 1      24 340
16  68  43  56  -6   9   0 0.00  0.0    0  6.0 14 240   M    M   1        19 260
17  77  55  66   4   0   1 0.00  0.0    0  4.6 12  50   M    M   5        18  50
18  75  48  62   1   3   0 0.00  0.0    0  8.7 15 160   M    M   3 18     19 160
19  81  57  69   8   0   4    T  0.0    0 10.1 26 180   M    M   7        35 180
================================================================================
SM 1360 1008        85  39  0.57     0.0 161.4          M      106
================================================================================
AV 71.6 53.1                               8.5 FASTST   M    M   6    MAX(MPH)
                                 MISC ---->  # 29  10               # 35  360
================================================================================
NOTES:
# LAST OF SEVERAL OCCURRENCES

COLUMN 17 PEAK WIND IN M.P.H.

PRELIMINARY LOCAL CLIMATOLOGICAL DATA (WS FORM: F-6) , PAGE 2

                                          STATION:  TWIN CITIES MN
                                          MONTH:    SEPTEMBER
                                          YEAR:     2014
                                          LATITUDE:   44 52 N
                                          LONGITUDE:  93 13 W

[TEMPERATURE DATA]      [PRECIPITATION DATA]       SYMBOLS USED IN COLUMN 16

AVERAGE MONTHLY: 62.3   TOTAL FOR MONTH:   0.57    1 = FOG OR MIST
DPTR FM NORMAL:  -2.2   DPTR FM NORMAL:   -1.41    2 = FOG REDUCING VISIBILITY
HIGHEST:    86 ON  4    GRTST 24HR  0.64 ON 31- 1      TO 1/4 MILE OR LESS
LOWEST:     39 ON 13                               3 = THUNDER
                        SNOW, ICE PELLETS, HAIL    4 = ICE PELLETS
                        TOTAL MONTH:   0.0 INCH    5 = HAIL
                        GRTST 24HR     0.0         6 = FREEZING RAIN OR DRIZZLE
                        GRTST DEPTH:   0           7 = DUSTSTORM OR SANDSTORM:
                                                       VSBY 1/2 MILE OR LESS
                                                   8 = SMOKE OR HAZE
[NO. OF DAYS WITH]      [WEATHER - DAYS WITH]      9 = BLOWING SNOW
                                                   X = TORNADO
MAX 32 OR BELOW:   0    0.01 INCH OR MORE:   5
MAX 90 OR ABOVE:   0    0.10 INCH OR MORE:   3
MIN 32 OR BELOW:   0    0.50 INCH OR MORE:   0
MIN  0 OR BELOW:   0    1.00 INCH OR MORE:   0

[HDD (BASE 65) ]
TOTAL THIS MO.    85    CLEAR  (SCALE 0-3)   5
DPTR FM NORMAL    19    PTCLDY (SCALE 4-7)  11
TOTAL FM JUL 1    92    CLOUDY (SCALE 8-10)  3
DPTR FM NORMAL     7

[CDD (BASE 65) ]
TOTAL THIS MO.    39
DPTR FM NORMAL   -17    [PRESSURE DATA]
TOTAL FM JAN 1   735    HIGHEST SLP M ON M
DPTR FM NORMAL    -2    LOWEST  SLP 29.52 ON  4

[REMARKS]
