000
CXUS53 KMPX 291000
CF6MSP
PRELIMINARY LOCAL CLIMATOLOGICAL DATA (WS FORM: F-6)

                                          STATION:   TWIN CITIES MN
                                          MONTH:     APRIL
                                          YEAR:      2016
                                          LATITUDE:   44 52 N
                                          LONGITUDE:  93 13 W

  TEMPERATURE IN F:       :PCPN:    SNOW:  WIND      :SUNSHINE: SKY     :PK WND
================================================================================
1   2   3   4   5  6A  6B    7    8   9   10  11  12  13   14  15   16   17  18
                                     12Z  AVG MX 2MIN
DY MAX MIN AVG DEP HDD CDD  WTR  SNW DPTH SPD SPD DIR MIN PSBL S-S WX    SPD DR
================================================================================

 1  41  32  37  -3  28   0 0.02  0.0    0 14.4 26 300   M    M   5        36 320
 2  36  26  31 -10  34   0    T    T    0 17.9 40 320   M    M   7 1      49 310
 3  68  29  49   8  16   0 0.00  0.0    0 12.9 23 360   M    M   5        28 350
 4  42  28  35  -7  30   0 0.00  0.0    0  7.8 14 330   M    M   6        21  10
 5  37  28  33  -9  32   0 0.07  0.0    0 12.3 25 120   M    M   7        32 120
 6  44  32  38  -5  27   0    T  0.0    0 10.9 20 320   M    M   9        25 350
 7  43  33  38  -5  27   0 0.04    T    0  7.9 25 320   M    M  10 18     32 310
 8  37  24  31 -13  34   0 0.02  0.5    0 17.1 29 320   M    M   6 18     37 320
 9  43  20  32 -12  33   0 0.00  0.0    0 12.4 26 150   M    M   5        34 160
10  59  35  47   2  18   0 0.00  0.0    0 15.8 29 320   M    M   7        38 270
11  44  31  38  -7  27   0 0.00  0.0    0 14.7 30 310   M    M   3        42 310
12  49  27  38  -8  27   0    T    T    0  8.5 21 100   M    M   5        25 100
13  71  41  56  10   9   0    T  0.0    0 10.4 21 110   M    M   2        23 120
14  76  49  63  16   2   0 0.00  0.0    0 14.3 25 170   M    M   2 8      34 170
15  77  48  63  16   2   0 0.00  0.0    0 14.2 29 160   M    M   5        39 160
16  80  57  69  21   0   4 0.00  0.0    0 13.3 25 160   M    M   7        31 170
17  79  58  69  21   0   4 0.00  0.0    0 10.1 18 170   M    M   6        23 150
18  79  51  65  16   0   0 0.19  0.0    0  8.8 21  70   M    M   9 1      25  70
19  59  48  54   5  11   0 0.08  0.0    0 10.7 18 120   M    M   9        23 110
20  67  52  60  10   5   0 0.25  0.0    0  9.5 15 110   M    M  10 18     20 100
21  66  50  58   8   7   0 0.32  0.0    0  6.7 20  10   M    M   9 13     27  10
22  59  43  51   0  14   0 0.00  0.0    0  8.4 17  30   M    M   6        23  40
23  71  43  57   6   8   0    T  0.0    0 10.7 20 160   M    M   6        24 130
24  62  52  57   5   8   0 0.39  0.0    0 13.9 23  90   M    M   9 138    27  90
25  55  44  50  -2  15   0 0.53  0.0    0 10.7 17 110   M    M  10 138    28  20
26  49  42  46  -6  19   0    T  0.0    0 11.5 20  70   M    M   9 1      27  50
27  53  40  47  -6  18   0 0.28  0.0    0 17.3 31  70   M    M   9 1      42  70
28  43  37  40 -13  25   0 0.65  0.0    0 11.7 24  70   M    M  10 18     34  70
================================================================================
SM 1589 1100       476   8  2.84     0.5 334.8          M      193
================================================================================
AV 56.8 39.3                              12.0 FASTST   M    M   7    MAX(MPH)
                                 MISC ---->  # 40 320               # 49  310
================================================================================
NOTES:
# LAST OF SEVERAL OCCURRENCES

COLUMN 17 PEAK WIND IN M.P.H.

PRELIMINARY LOCAL CLIMATOLOGICAL DATA (WS FORM: F-6) , PAGE 2

                                          STATION:  TWIN CITIES MN
                                          MONTH:    APRIL
                                          YEAR:     2016
                                          LATITUDE:   44 52 N
                                          LONGITUDE:  93 13 W

[TEMPERATURE DATA]      [PRECIPITATION DATA]       SYMBOLS USED IN COLUMN 16

AVERAGE MONTHLY: 48.0   TOTAL FOR MONTH:   2.84    1 = FOG OR MIST
DPTR FM NORMAL:   1.1   DPTR FM NORMAL:    0.40    2 = FOG REDUCING VISIBILITY
HIGHEST:    80 ON 16    GRTST 24HR  0.69 ON 24-25      TO 1/4 MILE OR LESS
LOWEST:     20 ON  9                               3 = THUNDER
                        SNOW, ICE PELLETS, HAIL    4 = ICE PELLETS
                        TOTAL MONTH:   0.5 INCH    5 = HAIL
                        GRTST 24HR   0.5 ON  8- 8  6 = FREEZING RAIN OR DRIZZLE
                        GRTST DEPTH:   0           7 = DUSTSTORM OR SANDSTORM:
                                                       VSBY 1/2 MILE OR LESS
                                                   8 = SMOKE OR HAZE
[NO. OF DAYS WITH]      [WEATHER - DAYS WITH]      9 = BLOWING SNOW
                                                   X = TORNADO
MAX 32 OR BELOW:   0    0.01 INCH OR MORE:  12
MAX 90 OR ABOVE:   0    0.10 INCH OR MORE:   7
MIN 32 OR BELOW:  10    0.50 INCH OR MORE:   2
MIN  0 OR BELOW:   0    1.00 INCH OR MORE:   0

[HDD (BASE 65) ]
TOTAL THIS MO.   476    CLEAR  (SCALE 0-3)   3
DPTR FM NORMAL   -32    PTCLDY (SCALE 4-7)  14
TOTAL FM JUL 1  6069    CLOUDY (SCALE 8-10) 11
DPTR FM NORMAL -1227

[CDD (BASE 65) ]
TOTAL THIS MO.     8
DPTR FM NORMAL     8    [PRESSURE DATA]
TOTAL FM JAN 1     8    HIGHEST SLP M ON M
DPTR FM NORMAL     8    LOWEST  SLP 29.45 ON 25

[REMARKS]
