000
CXUS51 KBTV 280700
CF6MSS
PRELIMINARY LOCAL CLIMATOLOGICAL DATA (WS FORM: F-6)

                                          STATION:   MASSENA NY
                                          MONTH:     DECEMBER
                                          YEAR:      2014
                                          LATITUDE:   44 55 N
                                          LONGITUDE:  74 51 W

  TEMPERATURE IN F:       :PCPN:    SNOW:  WIND      :SUNSHINE: SKY     :PK WND
================================================================================
1   2   3   4   5  6A  6B    7    8   9   10  11  12  13   14  15   16   17  18
                                     12Z  AVG MX 2MIN
DY MAX MIN AVG DEP HDD CDD  WTR  SNW DPTH SPD SPD DIR MIN PSBL S-S WX    SPD DR
================================================================================

 1  51  15  33   4  32   0 0.04    M    0 10.2 22 320   M    M   9 1      30 310
 2  23   6  15 -13  50   0    T    M    0 11.5 21  60   M    M   2 18     26  50
 3  39  23  31   3  34   0 0.06    M    0  8.6 21 240   M    M  10 16     29 230
 4  34  10  22  -5  43   0    T    M    0  9.0 25 270   M    M   4        32 290
 5  29   9  19  -8  46   0    T    M    0  6.4 15  60   M    M   5 18     18  60
 6  32  26  29   3  36   0    T    M    0  4.5  9 330   M    M   8 16     14 320
 7  26  10  18  -8  47   0 0.00  0.0    0  6.5 14  30   M    M   0        20  40
 8  28  10  19  -7  46   0 0.00  0.0    0  8.7 15 100   M    M   0        19 100
 9  33  24  29   4  36   0 0.05    M    0  7.7 15  40   M    M   8 1      18  40
10  33  29  31   7  34   0 0.25    M    0 11.6 18 360   M    M  10 12     26 330
11  30  25  28   4  37   0 0.01    M    0  9.1 14 330   M    M  10 16     19 310
12  27  23  25   1  40   0    T    M    0  8.3 14 240   M    M  10 16     18 240
13  29  22  26   3  39   0    T    M    0  7.8 15 230   M    M   8 1      18 250
14  35  29  32   9  33   0    T    M    0  4.9 13 280   M    M  10 1      17 280
15  33  31  32  10  33   0    T    M    0  2.6  9 250   M    M  10 1      11 250
16  33  30  32  10  33   0 0.03    M    0  7.8 16  60   M    M  10 1      21  60
17  39  33  36  15  29   0 0.03    M    0  5.9 15 220   M    M  10 1      19 220
18  34  26  30   9  35   0 0.01    M    0 10.6 20 270   M    M  10 1      25 270
19  26   7  17  -3  48   0 0.00  0.0    0  8.0 14 280   M    M   7        18 290
20  22   1  12  -8  53   0    T    M    0  2.5  9  60   M    M   2 18     11  60
21  22  13  18  -2  47   0 0.00  0.0    0  5.5  9  70   M    M  10 18     12  80
22  24  15  20   1  45   0 0.00  0.0    0  9.9 17  60   M    M  10 18     21  60
23  36  21  29  10  36   0 0.19    M    0  8.0 12  50   M    M  10 168    14  50
24  41  35  38  19  27   0 0.11    M    0  5.9 10  40   M    M  10 12     12  70
25  48  35  42  24  23   0 0.12    M    0 21.0 40 230   M    M   9 1      55 230
26  43  37  40  22  25   0 0.00  0.0    0 12.2 22 220   M    M   8        30 220
27  52  34  43  25  22   0 0.03    M    0  5.9 30 220   M    M  10 1      38 210
================================================================================
SM  902  579      1009   0  0.93     0.0 220.6          M      210
================================================================================
AV 33.4 21.4                               8.2 FASTST   M    M   8    MAX(MPH)
                                 MISC ---->  # 40 230               # 55  230
================================================================================
NOTES:
# LAST OF SEVERAL OCCURRENCES

COLUMN 17 PEAK WIND IN M.P.H.

PRELIMINARY LOCAL CLIMATOLOGICAL DATA (WS FORM: F-6) , PAGE 2

                                          STATION:  MASSENA NY
                                          MONTH:    DECEMBER
                                          YEAR:     2014
                                          LATITUDE:   44 55 N
                                          LONGITUDE:  74 51 W

[TEMPERATURE DATA]      [PRECIPITATION DATA]       SYMBOLS USED IN COLUMN 16

AVERAGE MONTHLY: 27.4   TOTAL FOR MONTH:   0.93    1 = FOG OR MIST
DPTR FM NORMAL:   4.6   DPTR FM NORMAL:   -1.21    2 = FOG REDUCING VISIBILITY
HIGHEST:    52 ON 27    GRTST 24HR  0.29 ON  9-10      TO 1/4 MILE OR LESS
LOWEST:      1 ON 20                               3 = THUNDER
                        SNOW, ICE PELLETS, HAIL    4 = ICE PELLETS
                        TOTAL MONTH:   0.0 INCH    5 = HAIL
                        GRTST 24HR     0.0         6 = FREEZING RAIN OR DRIZZLE
                        GRTST DEPTH:   0           7 = DUSTSTORM OR SANDSTORM:
                                                       VSBY 1/2 MILE OR LESS
                                                   8 = SMOKE OR HAZE
[NO. OF DAYS WITH]      [WEATHER - DAYS WITH]      9 = BLOWING SNOW
                                                   X = TORNADO
MAX 32 OR BELOW:  12    0.01 INCH OR MORE:  12
MAX 90 OR ABOVE:   0    0.10 INCH OR MORE:   4
MIN 32 OR BELOW:  22    0.50 INCH OR MORE:   0
MIN  0 OR BELOW:   0    1.00 INCH OR MORE:   0

[HDD (BASE 65) ]
TOTAL THIS MO.  1009    CLEAR  (SCALE 0-3)   4
DPTR FM NORMAL  -128    PTCLDY (SCALE 4-7)   6
TOTAL FM JUL 1  2570    CLOUDY (SCALE 8-10) 17
DPTR FM NORMAL  -336

[CDD (BASE 65) ]
TOTAL THIS MO.     0
DPTR FM NORMAL     0    [PRESSURE DATA]
TOTAL FM JAN 1   336    HIGHEST SLP M ON M
DPTR FM NORMAL   -27    LOWEST  SLP 29.42 ON 25

[REMARKS]
