000
CXUS51 KBTV 280700
CF6MSS
PRELIMINARY LOCAL CLIMATOLOGICAL DATA (WS FORM: F-6)

                                          STATION:   MASSENA NY
                                          MONTH:     AUGUST
                                          YEAR:      2014
                                          LATITUDE:   44 55 N
                                          LONGITUDE:  74 51 W

  TEMPERATURE IN F:       :PCPN:    SNOW:  WIND      :SUNSHINE: SKY     :PK WND
================================================================================
1   2   3   4   5  6A  6B    7    8   9   10  11  12  13   14  15   16   17  18
                                     12Z  AVG MX 2MIN
DY MAX MIN AVG DEP HDD CDD  WTR  SNW DPTH SPD SPD DIR MIN PSBL S-S WX    SPD DR
================================================================================

 1  80  53  67  -2   0   2    T  0.0    0  3.9 15 210   M    M   2 1      22 210
 2  84  56  70   2   0   5 0.51  0.0    0  2.5 24 180   M    M   3 13     30 190
 3  81  55  68   0   0   3 0.00  0.0    0  3.1  9 350   M    M   3 12     13 360
 4  82  60  71   3   0   6 0.01  0.0    0  4.6 17 310   M    M   5 13     23 300
 5  78  57  68   0   0   3 0.00  0.0    0  5.5 15 300   M    M   3 12     19 290
 6  77  51  64  -4   1   0    T  0.0    0  4.7 12 320   M    M   3 12     16 340
 7  77  53  65  -3   0   0 0.00  0.0    0  6.7 17 310   M    M   2        22 300
 8  80  52  66  -2   0   1 0.00  0.0    0  4.9 14 280   M    M   2        19 300
 9  83  55  69   1   0   4 0.00  0.0    0  4.2 10 290   M    M   0 1      13 300
10  84  54  69   1   0   4 0.00  0.0    0  2.5  8 280   M    M   0 1      11 310
11  85  55  70   2   0   5 0.00  0.0    0  2.8 13  40   M    M   1 1      16  40
12  75  60  68   1   0   3 0.22  0.0    0  5.3 14 120   M    M   6 1      21 140
13  77  57  67   0   0   2 0.74  0.0    0  8.0 22 210   M    M   8 1      29 210
14  63  53  58  -9   7   0 0.07  0.0    0 10.1 18 250   M    M   9 1      24 250
15  62  53  58  -9   7   0 0.05  0.0    0  7.5 10 210   M    M  10 1       M  M
16  66  57  62  -5   3   0 0.35  0.0    0  9.6 21 230   M    M   9 1      27 210
17  71  56  64  -3   1   0    T  0.0    0  7.9 15 290   M    M   8        19 290
18  70  48  59  -7   6   0 0.00  0.0    0  4.4 13 320   M    M   2 1      16 290
19  75  45  60  -6   5   0 0.00  0.0    0  2.1  9  50   M    M   1 12     12  60
20  80  51  66   0   0   1 0.57  0.0    0  5.9 15 200   M    M   2 13     18 200
21  77  64  71   5   0   6 0.83  0.0    0  6.9 17 190   M    M   9 13     21 190
22  76  62  69   3   0   4    T  0.0    0  8.2 18  40   M    M   8        22  40
23  79  56  68   2   0   3 0.00  0.0    0  6.4 16  40   M    M   3 1      20  50
24  83  55  69   4   0   4 0.00  0.0    0  2.0  8  40   M    M   1 12     11 290
25  83  54  69   4   0   4 0.00  0.0    0  2.8 10 280   M    M   1 12     12 270
26  83  58  71   6   0   6    T  0.0    0 10.0 22 220   M    M   1        28 220
27  78  63  71   6   0   6    T  0.0    0  6.8 15 220   M    M   4        20 240
================================================================================
SM 2089 1493        30  72  3.35     0.0 149.3          M      106
================================================================================
AV 77.4 55.3                               5.5 FASTST   M    M   4    MAX(MPH)
                                 MISC ---->  # 24 180               # 30  190
================================================================================
NOTES:
# LAST OF SEVERAL OCCURRENCES

COLUMN 17 PEAK WIND IN M.P.H.

PRELIMINARY LOCAL CLIMATOLOGICAL DATA (WS FORM: F-6) , PAGE 2

                                          STATION:  MASSENA NY
                                          MONTH:    AUGUST
                                          YEAR:     2014
                                          LATITUDE:   44 55 N
                                          LONGITUDE:  74 51 W

[TEMPERATURE DATA]      [PRECIPITATION DATA]       SYMBOLS USED IN COLUMN 16

AVERAGE MONTHLY: 66.3   TOTAL FOR MONTH:   3.35    1 = FOG OR MIST
DPTR FM NORMAL:  -0.6   DPTR FM NORMAL:    0.27    2 = FOG REDUCING VISIBILITY
HIGHEST:    85 ON 11    GRTST 24HR  1.40 ON 20-21      TO 1/4 MILE OR LESS
LOWEST:     45 ON 19                               3 = THUNDER
                        SNOW, ICE PELLETS, HAIL    4 = ICE PELLETS
                        TOTAL MONTH:   0.0 INCH    5 = HAIL
                        GRTST 24HR     0.0         6 = FREEZING RAIN OR DRIZZLE
                        GRTST DEPTH:   0           7 = DUSTSTORM OR SANDSTORM:
                                                       VSBY 1/2 MILE OR LESS
                                                   8 = SMOKE OR HAZE
[NO. OF DAYS WITH]      [WEATHER - DAYS WITH]      9 = BLOWING SNOW
                                                   X = TORNADO
MAX 32 OR BELOW:   0    0.01 INCH OR MORE:   9
MAX 90 OR ABOVE:   0    0.10 INCH OR MORE:   6
MIN 32 OR BELOW:   0    0.50 INCH OR MORE:   4
MIN  0 OR BELOW:   0    1.00 INCH OR MORE:   0

[HDD (BASE 65) ]
TOTAL THIS MO.    30    CLEAR  (SCALE 0-3)  15
DPTR FM NORMAL    -9    PTCLDY (SCALE 4-7)   7
TOTAL FM JUL 1    52    CLOUDY (SCALE 8-10)  5
DPTR FM NORMAL   -10

[CDD (BASE 65) ]
TOTAL THIS MO.    72
DPTR FM NORMAL   -20    [PRESSURE DATA]
TOTAL FM JAN 1   278    HIGHEST SLP M ON M
DPTR FM NORMAL   -48    LOWEST  SLP 29.70 ON 13

[REMARKS]
