000
CXUS55 KLIX 011000
CF6MSY
PRELIMINARY LOCAL CLIMATOLOGICAL DATA (WS FORM: F-6)

                                          STATION:   NEW ORLEANS
                                          MONTH:     JULY
                                          YEAR:      2015
                                          LATITUDE:   29 58 N
                                          LONGITUDE:  90 15 W

  TEMPERATURE IN F:       :PCPN:    SNOW:  WIND      :SUNSHINE: SKY     :PK WND
================================================================================
1   2   3   4   5  6A  6B    7    8   9   10  11  12  13   14  15   16   17  18
                                     12Z  AVG MX 2MIN
DY MAX MIN AVG DEP HDD CDD  WTR  SNW DPTH SPD SPD DIR MIN PSBL S-S WX    SPD DR
================================================================================

 1  90  73  82  -1   0  17 0.59  0.0    0  5.8 20 220   M    M   8 13     26 220
 2  91  75  83   0   0  18 0.00  0.0    0  8.0 20 220   M    M   8        25 220
 3  94  78  86   3   0  21 0.00  0.0    0  8.4 16 180   M    M   7        20 190
 4  93  76  85   2   0  20 0.00  0.0    0  7.0 17 220   M    M   7        22 220
 5  93  72  83   0   0  18 1.17  0.0    0  8.4 43  20   M    M   9 123    53  30
 6  92  74  83   0   0  18 0.00  0.0    0  5.7 15 170   M    M   7        18 170
 7  92  79  86   3   0  21 0.00  0.0    0  9.6 18 170   M    M   4 8      24 150
 8  92  74  83   0   0  18 0.15  0.0    0  6.9 30  30   M    M   4 3      37  30
 9  92  77  85   2   0  20 0.02  0.0    0  4.3 21 170   M    M   4 13     26 170
10  91  77  84   1   0  19 0.74  0.0    0  3.9 21 150   M    M   4 3      26 100
11  94  75  85   2   0  20 0.00  0.0    0  4.7 14 200   M    M   3 3      17 200
12  95  77  86   3   0  21 0.00  0.0    0  5.8 15 340   M    M   3        18 340
13  95  78  87   4   0  22 0.00  0.0    0  7.6 18 190   M    M   5        22 170
14  95  77  86   3   0  21 0.00  0.0    0  8.1 16 240   M    M   4        20 230
15  95  77  86   3   0  21 0.00  0.0    0  7.6 15 240   M    M   6        19 250
16  96  80  88   5   0  23 0.00  0.0    0  7.7 14 330   M    M   5        25 250
17  94  79  87   4   0  22 0.09  0.0    0  6.3 25 250   M    M   6 3      29 250
18  97  79  88   5   0  23 0.00  0.0    0  6.8 13 160   M    M   4        16 310
19  98  77  88   5   0  23 0.63  0.0    0  6.6 20  80   M    M   4 138    26  90
20  91  80  86   3   0  21    T  0.0    0  7.4 18 170   M    M   7 3      22 170
21  93  79  86   3   0  21 0.06  0.0    0  7.0 20 350   M    M   4 3      29 190
22  90  78  84   1   0  19 0.37  0.0    0  7.1 16 310   M    M   5 3      18 340
23  95  78  87   4   0  22 0.00  0.0    0  8.8 16 240   M    M   3        20 240
24  96  78  87   4   0  22 0.00  0.0    0  9.5 17 280   M    M   4        20 250
25  97  78  88   5   0  23    T  0.0    0  9.0 31  50   M    M   6 3      42  40
26  95  75  85   2   0  20 0.00  0.0    0  6.3 23 180   M    M   4        32 170
27  94  79  87   4   0  22 0.00  0.0    0  5.9 15 160   M    M   5        18 160
28  96  78  87   4   0  22 0.00  0.0    0  4.2 13 210   M    M   3        19  30
29  99  77  88   5   0  23 0.29  0.0    0  7.5 35  60   M    M   7 13     42  60
30  97  76  87   4   0  22 0.06  0.0    0  7.3 41  20   M    M   7 13     50  20
31  93  80  87   4   0  22 0.00  0.0    0 10.4 17  30   M    M   6        26  60
================================================================================
SM 2915 2390         0 645  4.17     0.0 219.6          M      163
================================================================================
AV 94.0 77.1                               7.1 FASTST   M    M   5    MAX(MPH)
                                 MISC ---->  # 43  20               # 53   30
================================================================================
NOTES:
# LAST OF SEVERAL OCCURRENCES

COLUMN 17 PEAK WIND IN M.P.H.

PRELIMINARY LOCAL CLIMATOLOGICAL DATA (WS FORM: F-6) , PAGE 2

                                          STATION:  NEW ORLEANS
                                          MONTH:    JULY
                                          YEAR:     2015
                                          LATITUDE:   29 58 N
                                          LONGITUDE:  90 15 W

[TEMPERATURE DATA]      [PRECIPITATION DATA]       SYMBOLS USED IN COLUMN 16

AVERAGE MONTHLY: 85.6   TOTAL FOR MONTH:   4.17    1 = FOG OR MIST
DPTR FM NORMAL:   2.3   DPTR FM NORMAL:   -1.76    2 = FOG REDUCING VISIBILITY
HIGHEST:    99 ON 29    GRTST 24HR  1.17 ON  4- 5      TO 1/4 MILE OR LESS
LOWEST:     72 ON  5                               3 = THUNDER
                        SNOW, ICE PELLETS, HAIL    4 = ICE PELLETS
                        TOTAL MONTH:   0.0 INCH    5 = HAIL
                        GRTST 24HR     0.0         6 = FREEZING RAIN OR DRIZZLE
                        GRTST DEPTH:   0           7 = DUSTSTORM OR SANDSTORM:
                                                       VSBY 1/2 MILE OR LESS
                                                   8 = SMOKE OR HAZE
[NO. OF DAYS WITH]      [WEATHER - DAYS WITH]      9 = BLOWING SNOW
                                                   X = TORNADO
MAX 32 OR BELOW:   0    0.01 INCH OR MORE:  11
MAX 90 OR ABOVE:  31    0.10 INCH OR MORE:   7
MIN 32 OR BELOW:   0    0.50 INCH OR MORE:   4
MIN  0 OR BELOW:   0    1.00 INCH OR MORE:   1

[HDD (BASE 65) ]
TOTAL THIS MO.     0    CLEAR  (SCALE 0-3)   2
DPTR FM NORMAL     0    PTCLDY (SCALE 4-7)  26
TOTAL FM JUL 1     0    CLOUDY (SCALE 8-10)  3
DPTR FM NORMAL     0

[CDD (BASE 65) ]
TOTAL THIS MO.   645
DPTR FM NORMAL    79    [PRESSURE DATA]
TOTAL FM JAN 1  2004    HIGHEST SLP 30.20 ON 11
DPTR FM NORMAL   324    LOWEST  SLP 29.85 ON 14

[REMARKS]
#FINAL-07-15#
