609
CXUS55 KLIX 231000
CF6MSY
PRELIMINARY LOCAL CLIMATOLOGICAL DATA (WS FORM: F-6)

                                          STATION:   NEW ORLEANS
                                          MONTH:     MAY
                                          YEAR:      2016
                                          LATITUDE:   29 58 N
                                          LONGITUDE:  90 15 W

  TEMPERATURE IN F:       :PCPN:    SNOW:  WIND      :SUNSHINE: SKY     :PK WND
================================================================================
1   2   3   4   5  6A  6B    7    8   9   10  11  12  13   14  15   16   17  18
                                     12Z  AVG MX 2MIN
DY MAX MIN AVG DEP HDD CDD  WTR  SNW DPTH SPD SPD DIR MIN PSBL S-S WX    SPD DR
================================================================================

 1  78  69  74   1   0   9 1.98  0.0    0  8.0 31 140   M    M   9 138    36 140
 2  81  68  75   2   0  10 0.01  0.0    0  4.4 14 150   M    M   7 1      17 150
 3  78  68  73  -1   0   8 0.00  0.0    0  7.9 17  10   M    M   7 1      21  10
 4  78  63  71  -3   0   6 0.00  0.0    0 11.8 21 340   M    M   2        26 330
 5  80  63  72  -2   0   7 0.00  0.0    0 10.5 20 350   M    M   1        26 350
 6  78  63  71  -3   0   6 0.00  0.0    0  8.9 17  30   M    M   2        22  30
 7  81  59  70  -5   0   5 0.00  0.0    0  5.5 13 200   M    M   1        18  50
 8  80  59  70  -5   0   5 0.00  0.0    0  7.5 16 140   M    M   2        22 130
 9  81  70  76   1   0  11    T  0.0    0  9.8 26 170   M    M   8        36 160
10  86  72  79   4   0  14 0.00  0.0    0 10.4 20 180   M    M   5        25 160
11  88  72  80   4   0  15 0.00  0.0    0  8.1 16 190   M    M   5 1      19 180
12  88  72  80   4   0  15    T  0.0    0  5.8 14 180   M    M   6 1      17 180
13  88  75  82   6   0  17 0.00  0.0    0  7.4 16  10   M    M   4        20 360
14  88  70  79   3   0  14 0.00  0.0    0  5.4 13 330   M    M   5        18 320
15  83  71  77   0   0  12 0.00  0.0    0  7.7 17  50   M    M   7        22  60
16  83  73  78   1   0  13 0.01  0.0    0 10.0 18 130   M    M   9        25 110
17  83  72  78   1   0  13 0.24  0.0    0  8.7 18 160   M    M   9 13     26 160
18  84  72  78   1   0  13 0.00  0.0    0  6.6 15  20   M    M   8        20  10
19  86  68  77  -1   0  12 1.78  0.0    0  9.4 40 250   M    M   8 138    49 260
20  89  70  80   2   0  15 0.08  0.0    0  6.7 17 160   M    M   7        22 170
21  90  73  82   4   0  17 0.00  0.0    0  6.3 14 350   M    M   6 1      17 300
22  85  73  79   1   0  14 0.00  0.0    0  7.0 21  60   M    M   7        27  50
================================================================================
SM 1836 1515         0 251  4.10     0.0 173.8          M      125
================================================================================
AV 83.5 68.9                               7.9 FASTST   M    M   6    MAX(MPH)
                                 MISC ---->  # 40 250               # 49  260
================================================================================
NOTES:
# LAST OF SEVERAL OCCURRENCES

COLUMN 17 PEAK WIND IN M.P.H.

PRELIMINARY LOCAL CLIMATOLOGICAL DATA (WS FORM: F-6) , PAGE 2

                                          STATION:  NEW ORLEANS
                                          MONTH:    MAY
                                          YEAR:     2016
                                          LATITUDE:   29 58 N
                                          LONGITUDE:  90 15 W

[TEMPERATURE DATA]      [PRECIPITATION DATA]       SYMBOLS USED IN COLUMN 16

AVERAGE MONTHLY: 76.2   TOTAL FOR MONTH:   4.10    1 = FOG OR MIST
DPTR FM NORMAL:   0.4   DPTR FM NORMAL:    1.01    2 = FOG REDUCING VISIBILITY
HIGHEST:    90 ON 21    GRTST 24HR  3.69 ON 30- 1      TO 1/4 MILE OR LESS
LOWEST:     59 ON  8, 7                            3 = THUNDER
                        SNOW, ICE PELLETS, HAIL    4 = ICE PELLETS
                        TOTAL MONTH:   0.0 INCH    5 = HAIL
                        GRTST 24HR     0.0         6 = FREEZING RAIN OR DRIZZLE
                        GRTST DEPTH:   0           7 = DUSTSTORM OR SANDSTORM:
                                                       VSBY 1/2 MILE OR LESS
                                                   8 = SMOKE OR HAZE
[NO. OF DAYS WITH]      [WEATHER - DAYS WITH]      9 = BLOWING SNOW
                                                   X = TORNADO
MAX 32 OR BELOW:   0    0.01 INCH OR MORE:   6
MAX 90 OR ABOVE:   1    0.10 INCH OR MORE:   3
MIN 32 OR BELOW:   0    0.50 INCH OR MORE:   2
MIN  0 OR BELOW:   0    1.00 INCH OR MORE:   2

[HDD (BASE 65) ]
TOTAL THIS MO.     0    CLEAR  (SCALE 0-3)   5
DPTR FM NORMAL     0    PTCLDY (SCALE 4-7)  14
TOTAL FM JUL 1   755    CLOUDY (SCALE 8-10)  3
DPTR FM NORMAL  -524

[CDD (BASE 65) ]
TOTAL THIS MO.   251
DPTR FM NORMAL    16    [PRESSURE DATA]
TOTAL FM JAN 1   635    HIGHEST SLP M ON M
DPTR FM NORMAL   143    LOWEST  SLP 29.75 ON 19

[REMARKS]
