000
CXUS55 KLIX 300830
CF6MSY
PRELIMINARY LOCAL CLIMATOLOGICAL DATA (WS FORM: F-6)

                                          STATION:   NEW ORLEANS
                                          MONTH:     JANUARY
                                          YEAR:      2015
                                          LATITUDE:   29 58 N
                                          LONGITUDE:  90 15 W

  TEMPERATURE IN F:       :PCPN:    SNOW:  WIND      :SUNSHINE: SKY     :PK WND
================================================================================
1   2   3   4   5  6A  6B    7    8   9   10  11  12  13   14  15   16   17  18
                                     12Z  AVG MX 2MIN
DY MAX MIN AVG DEP HDD CDD  WTR  SNW DPTH SPD SPD DIR MIN PSBL S-S WX    SPD DR
================================================================================

 1  59  45  52  -2  13   0 0.01  0.0    0 10.4 18  50   M    M   9 18     24 130
 2  76  57  67  13   0   2 0.03  0.0    0  8.2 15 100   M    M  10 18     23  80
 3  77  65  71  18   0   6 1.09  0.0    0 12.8 29 190   M    M  10 138    39 190
 4  65  48  57   4   8   0 0.14  0.0    0 12.1 20 360   M    M   7 1      26 360
 5  51  39  45  -8  20   0 0.00  0.0    0  9.6 22  10   M    M   7 18     28 360
 6  61  35  48  -5  17   0 0.00  0.0    0  2.6  9  10   M    M   6 1      14  40
 7  57  33  45  -8  20   0 0.00  0.0    0 13.2 30  10   M    M   4        39  10
 8  36  25  31 -22  34   0 0.00  0.0    0 10.0 25  20   M    M   5        31  30
 9  45  36  41 -12  24   0    T  0.0    0 11.5 20  30   M    M   9        24  30
10  49  36  43 -10  22   0 0.00  0.0    0 10.9 20  50   M    M   7        25  50
11  61  46  54   1  11   0 0.00  0.0    0  9.7 16 100   M    M   9 18     22 100
12  72  55  64  11   1   0 0.49  0.0    0  7.9 14 330   M    M   8 18     18 330
13  55  44  50  -3  15   0 0.00  0.0    0 13.0 17 350   M    M  10 18     27  50
14  45  41  43 -10  22   0 0.02  0.0    0 10.4 16  20   M    M  10 18     19  30
15  46  41  44  -9  21   0 0.71  0.0    0 10.6 17  20   M    M   9 1      22  10
16  55  39  47  -6  18   0 0.00  0.0    0  6.7 16  30   M    M   5        20  20
17  64  35  50  -3  15   0 0.00  0.0    0  2.9 12 180   M    M   5 1      16  60
18  66  45  56   3   9   0 0.00  0.0    0  5.7 14  20   M    M   4 18     19 360
19  67  36  52  -1  13   0 0.00  0.0    0  4.8 15 180   M    M   2        18 160
20  69  46  58   5   7   0 0.00  0.0    0  4.1 12 170   M    M   4 18     23  30
21  69  44  57   4   8   0 0.00  0.0    0  5.3 13  30   M    M   3 12     16  30
22  61  47  54   1  11   0 2.17  0.0    0 14.8 26  50   M    M   8 1      34  50
23  50  43  47  -6  18   0 1.01  0.0    0 14.0 23 320   M    M  10 1      31 310
24  58  37  48  -6  17   0 0.00  0.0    0 10.4 21 310   M    M   3 1      30 310
25  68  41  55   1  10   0 0.00  0.0    0 12.3 26 240   M    M   2        35 230
26  62  47  55   1  10   0 0.00  0.0    0 10.4 21 330   M    M   1        26 330
27  74  45  60   6   5   0 0.00  0.0    0  5.5 14 330   M    M   1        18 220
28  68  48  58   4   7   0 0.00  0.0    0  6.8 15 110   M    M   1        22  20
29  77  45  61   7   4   0 0.00  0.0    0  7.0 16 260   M    M   3 1      20 260
================================================================================
SM 1763 1244       380   8  5.67     0.0 263.6          M      172
================================================================================
AV 60.8 42.9                               9.1 FASTST   M    M   6    MAX(MPH)
                                 MISC ---->  # 30  10               # 39  190
================================================================================
NOTES:
# LAST OF SEVERAL OCCURRENCES

COLUMN 17 PEAK WIND IN M.P.H.

PRELIMINARY LOCAL CLIMATOLOGICAL DATA (WS FORM: F-6) , PAGE 2

                                          STATION:  NEW ORLEANS
                                          MONTH:    JANUARY
                                          YEAR:     2015
                                          LATITUDE:   29 58 N
                                          LONGITUDE:  90 15 W

[TEMPERATURE DATA]      [PRECIPITATION DATA]       SYMBOLS USED IN COLUMN 16

AVERAGE MONTHLY: 51.8   TOTAL FOR MONTH:   5.67    1 = FOG OR MIST
DPTR FM NORMAL:  -1.4   DPTR FM NORMAL:    0.86    2 = FOG REDUCING VISIBILITY
HIGHEST:    77 ON 29, 3 GRTST 24HR  3.18 ON 22-23      TO 1/4 MILE OR LESS
LOWEST:     25 ON  8                               3 = THUNDER
                        SNOW, ICE PELLETS, HAIL    4 = ICE PELLETS
                        TOTAL MONTH:   0.0 INCH    5 = HAIL
                        GRTST 24HR     0.0         6 = FREEZING RAIN OR DRIZZLE
                        GRTST DEPTH:   0           7 = DUSTSTORM OR SANDSTORM:
                                                       VSBY 1/2 MILE OR LESS
                                                   8 = SMOKE OR HAZE
[NO. OF DAYS WITH]      [WEATHER - DAYS WITH]      9 = BLOWING SNOW
                                                   X = TORNADO
MAX 32 OR BELOW:   0    0.01 INCH OR MORE:   9
MAX 90 OR ABOVE:   0    0.10 INCH OR MORE:   6
MIN 32 OR BELOW:   1    0.50 INCH OR MORE:   4
MIN  0 OR BELOW:   0    1.00 INCH OR MORE:   3

[HDD (BASE 65) ]
TOTAL THIS MO.   380    CLEAR  (SCALE 0-3)   8
DPTR FM NORMAL    32    PTCLDY (SCALE 4-7)  11
TOTAL FM JUL 1   823    CLOUDY (SCALE 8-10) 10
DPTR FM NORMAL    -6

[CDD (BASE 65) ]
TOTAL THIS MO.     8
DPTR FM NORMAL    -4    [PRESSURE DATA]
TOTAL FM JAN 1     8    HIGHEST SLP M ON M
DPTR FM NORMAL    -4    LOWEST  SLP 29.84 ON  3

[REMARKS]
