000
CXUS53 KILX 272300
CF6MTO
PRELIMINARY LOCAL CLIMATOLOGICAL DATA (WS FORM: F-6)

                                          STATION:   MATTOON IL AIRPORT
                                          MONTH:     FEBRUARY
                                          YEAR:      2017
                                          LATITUDE:   39 28 N
                                          LONGITUDE:  88 17 W

  TEMPERATURE IN F:       :PCPN:    SNOW:  WIND      :SUNSHINE: SKY     :PK WND
================================================================================
1   2   3   4   5  6A  6B    7    8   9   10  11  12  13   14  15   16   17  18
                                     12Z  AVG MX 2MIN
DY MAX MIN AVG DEP HDD CDD  WTR  SNW DPTH SPD SPD DIR MIN PSBL S-S WX    SPD DR
================================================================================

 1  40  27  34   6  31   0 0.00    M    M  7.8 20 320   M    M   7        23 330
 2  32  19  26  -2  39   0 0.00    M    M 11.8 24 350   M    M   0        28 350
 3  31  17  24  -4  41   0 0.00    M    M  9.4 18 350   M    M   4        22 340
 4  36  13  25  -4  40   0 0.00    M    M 10.0 21 170   M    M   3        29 170
 5  49  30  40  11  25   0 0.00    M    M  7.4 15 280   M    M   0        20 300
 6  56  29  43  14  22   0 0.03    M    M  8.8 15 150   M    M   7 123    22 180
 7  64  33  49  20  16   0 0.01    M    M 15.8 29 300   M    M   9 13     36 290
 8  35  20  28  -2  37   0    T    M    M 15.0 24  10   M    M  10 12     30 360
 9  23  12  18 -12  47   0 0.00    M    M 10.5 22 310   M    M   3        26 310
10  53  17  35   5  30   0 0.00    M    M 14.6 24 180   M    M   1        33 180
11  65  47  56  26   9   0    T    M    M  8.1 14 200   M    M   5 12     19 200
12  55  29  42  11  23   0    T    M    M 17.0 35 320   M    M   2 128    41 320
13  46  25  36   5  29   0 0.00    M    M  4.8 10 200   M    M   2        15 220
14  53  36  45  14  20   0 0.00    M    M  9.7 17 280   M    M   2        23 280
15  45  27  36   4  29   0 0.00    M    M 12.0 22 320   M    M   0        26 320
16  54  26  40   8  25   0 0.00    M    M  9.7 20 180   M    M   0        26 190
17  66  43  55  23  10   0 0.00    M    M 11.1 21 200   M    M   0        41 170
18  64  48  56  23   9   0 0.00    M    M  9.0 16 220   M    M   3 1      23 220
19  61  48  55  22  10   0 0.00    M    M  7.5 15 170   M    M   6 128    19 170
20  70  45  58  24   7   0 0.00    M    M 11.4 22 160   M    M   4 12     27 150
21  62  48  55  21  10   0    T    M    M  3.9 10 170   M    M   5 1      14 150
22  69  48  59  25   6   0 0.00    M    M  8.9 17 190   M    M   5 128    23 180
23  68  52  60  25   5   0 0.00    M    M  8.5 16 170   M    M   3 12     22 180
24  68  38  53  18  12   0 0.02    M    M 16.5 26 280   M    M   4 1      36 270
25  38  22  30  -5  35   0    T    M    M 18.3 33 300   M    M   5 1      39 280
26  46  19  33  -3  32   0 0.00    M    M  9.4 21 200   M    M   3        27 200
================================================================================
SM 1349  818       599   0  0.06    M    276.9          M       93
================================================================================
AV 51.9 31.5                              10.6 FASTST   M    M   4    MAX(MPH)
                                 MISC ---->  # 35 320               # 41  320
================================================================================
NOTES:
# LAST OF SEVERAL OCCURRENCES

COLUMN 17 PEAK WIND IN M.P.H.

PRELIMINARY LOCAL CLIMATOLOGICAL DATA (WS FORM: F-6) , PAGE 2

                                          STATION:  MATTOON IL AIRPORT
                                          MONTH:    FEBRUARY
                                          YEAR:     2017
                                          LATITUDE:   39 28 N
                                          LONGITUDE:  88 17 W

[TEMPERATURE DATA]      [PRECIPITATION DATA]       SYMBOLS USED IN COLUMN 16

AVERAGE MONTHLY: 41.7   TOTAL FOR MONTH:   0.06    1 = FOG OR MIST
DPTR FM NORMAL:  10.2   DPTR FM NORMAL:   -1.61    2 = FOG REDUCING VISIBILITY
HIGHEST:    70 ON 20    GRTST 24HR  0.04 ON  6- 7      TO 1/4 MILE OR LESS
LOWEST:     12 ON  9                               3 = THUNDER
                        SNOW, ICE PELLETS, HAIL    4 = ICE PELLETS
                        TOTAL MONTH:    M          5 = HAIL
                        GRTST 24HR    M  ON   M    6 = FREEZING RAIN OR DRIZZLE
                        GRTST DEPTH:  M  ON   M    7 = DUSTSTORM OR SANDSTORM:
                                                       VSBY 1/2 MILE OR LESS
                                                   8 = SMOKE OR HAZE
[NO. OF DAYS WITH]      [WEATHER - DAYS WITH]      9 = BLOWING SNOW
                                                   X = TORNADO
MAX 32 OR BELOW:   3    0.01 INCH OR MORE:   3
MAX 90 OR ABOVE:   0    0.10 INCH OR MORE:   0
MIN 32 OR BELOW:  15    0.50 INCH OR MORE:   0
MIN  0 OR BELOW:   0    1.00 INCH OR MORE:   0

[HDD (BASE 65) ]
TOTAL THIS MO.   599    CLEAR  (SCALE 0-3)  13
DPTR FM NORMAL  -272    PTCLDY (SCALE 4-7)  11
TOTAL FM JUL 1  3358    CLOUDY (SCALE 8-10)  2
DPTR FM NORMAL  -789

[CDD (BASE 65) ]
TOTAL THIS MO.     0
DPTR FM NORMAL     0    [PRESSURE DATA]
TOTAL FM JAN 1     0    HIGHEST SLP M ON M
DPTR FM NORMAL     0    LOWEST  SLP 29.46 ON  7

[REMARKS]
