000
CXUS53 KILX 272300
CF6MTO
PRELIMINARY LOCAL CLIMATOLOGICAL DATA (WS FORM: F-6)

                                          STATION:   MATTOON IL AIRPORT
                                          MONTH:     FEBRUARY
                                          YEAR:      2015
                                          LATITUDE:   39 28 N
                                          LONGITUDE:  88 17 W

  TEMPERATURE IN F:       :PCPN:    SNOW:  WIND      :SUNSHINE: SKY     :PK WND
================================================================================
1   2   3   4   5  6A  6B    7    8   9   10  11  12  13   14  15   16   17  18
                                     12Z  AVG MX 2MIN
DY MAX MIN AVG DEP HDD CDD  WTR  SNW DPTH SPD SPD DIR MIN PSBL S-S WX    SPD DR
================================================================================

 1  36  20  28   0  37   0 0.16    M    M 13.3 32 330   M    M  10 1      38 340
 2  23  11  17 -11  48   0    T    M    M 14.6 32 330   M    M   7 1      41 320
 3  38  20  29   1  36   0 0.00    M    M 11.8 18 190   M    M   2        25 210
 4  38  12  25  -4  40   0    M    M    M 14.7 25 340   M    M   5 128    30 330
 5  22   2  12 -17  53   0 0.00    M    M  5.5 14 330   M    M   0 8      17 360
 6  38  16  27  -2  38   0 0.00    M    M 11.4 16 170   M    M   1        21 150
 7  53  33  43  14  22   0 0.00    M    M 12.5 20 170   M    M   0        27 170
 8  57  33  45  15  20   0 0.00    M    M 13.2 21 360   M    M   4 18     26 360
 9  33  28  31   1  34   0    T    M    M 14.9 22  10   M    M  10 16     27  10
10  39  26  33   3  32   0 0.00    M    M  6.2 16  70   M    M   4        20  20
11  38  24  31   1  34   0 0.00    M    M 14.1 25 310   M    M   8 18     31 300
12  24  11  18 -13  47   0    T    M    M 17.1 33 320   M    M   6 1      43 320
13  30   8  19 -12  46   0 0.00    M    M  7.8 17 190   M    M   5        24 210
14  33   5  19 -12  46   0    T    M    M 21.4 40 330   M    M   4        49 330
15  19   4  12 -20  53   0    T    M    M  8.1 15 350   M    M   6        18 360
16  19   4  12 -20  53   0 0.07    M    M  8.8 15 360   M    M   7 18     17 360
17  28   0  14 -18  51   0 0.04    M    M  8.0 17 290   M    M   7 1      21 240
18  19   0  10 -23  55   0    M    M    M 18.0 32 310   M    M   6 189    37 310
19  12  -6   3 -30  62   0 0.00    M    M  8.8 18 320   M    M   1        22 330
20  20  -7   7 -27  58   0    M    M    M 13.4 22 150   M    M   8 1      32 160
21  29  20  25  -9  40   0 0.30    M    M  5.2 13 350   M    M   7 128    15 350
22  28   9  19 -15  46   0    T    M    M 15.4 21 340   M    M   4 18     25 350
23  10  -9   1 -34  64   0 0.00    M    M  6.9 20 340   M    M   0        23 340
24  31  -9  11 -24  54   0 0.00    M    M 10.5 21 200   M    M   3        28 220
25  33  13  23 -12  42   0 0.00    M    M  5.7 18  70   M    M   2        22  60
26  25  11  18 -18  47   0    T    M    M 13.8 21  10   M    M  10 18     24 350
================================================================================
SM  775  279      1158   0  0.57    M    301.1          M      127
================================================================================
AV 29.8 10.7                              11.6 FASTST   M    M   5    MAX(MPH)
                                 MISC ---->  # 40 330               # 49  330
================================================================================
NOTES:
# LAST OF SEVERAL OCCURRENCES

COLUMN 17 PEAK WIND IN M.P.H.

PRELIMINARY LOCAL CLIMATOLOGICAL DATA (WS FORM: F-6) , PAGE 2

                                          STATION:  MATTOON IL AIRPORT
                                          MONTH:    FEBRUARY
                                          YEAR:     2015
                                          LATITUDE:   39 28 N
                                          LONGITUDE:  88 17 W

[TEMPERATURE DATA]      [PRECIPITATION DATA]       SYMBOLS USED IN COLUMN 16

AVERAGE MONTHLY: 20.3   TOTAL FOR MONTH:   0.57    1 = FOG OR MIST
DPTR FM NORMAL: -11.2   DPTR FM NORMAL:   -1.10    2 = FOG REDUCING VISIBILITY
HIGHEST:    57 ON  8    GRTST 24HR  0.30 ON 21-21      TO 1/4 MILE OR LESS
LOWEST:     -9 ON 24,23                            3 = THUNDER
                        SNOW, ICE PELLETS, HAIL    4 = ICE PELLETS
                        TOTAL MONTH:    M          5 = HAIL
                        GRTST 24HR    M  ON   M    6 = FREEZING RAIN OR DRIZZLE
                        GRTST DEPTH:  M  ON   M    7 = DUSTSTORM OR SANDSTORM:
                                                       VSBY 1/2 MILE OR LESS
                                                   8 = SMOKE OR HAZE
[NO. OF DAYS WITH]      [WEATHER - DAYS WITH]      9 = BLOWING SNOW
                                                   X = TORNADO
MAX 32 OR BELOW:  15    0.01 INCH OR MORE:   4
MAX 90 OR ABOVE:   0    0.10 INCH OR MORE:   2
MIN 32 OR BELOW:  24    0.50 INCH OR MORE:   0
MIN  0 OR BELOW:   6    1.00 INCH OR MORE:   0

[HDD (BASE 65) ]
TOTAL THIS MO.  1158    CLEAR  (SCALE 0-3)   8
DPTR FM NORMAL   287    PTCLDY (SCALE 4-7)  15
TOTAL FM JUL 1  4583    CLOUDY (SCALE 8-10)  3
DPTR FM NORMAL   436

[CDD (BASE 65) ]
TOTAL THIS MO.     0
DPTR FM NORMAL     0    [PRESSURE DATA]
TOTAL FM JAN 1     0    HIGHEST SLP M ON M
DPTR FM NORMAL     0    LOWEST  SLP 29.60 ON  1

[REMARKS]
