000
CXUS55 KBOI 271002
CF6MUO
PRELIMINARY LOCAL CLIMATOLOGICAL DATA (WS FORM: F-6)

                                          STATION:   MOUNTAIN HOME AFB
                                          MONTH:     DECEMBER
                                          YEAR:      2014
                                          LATITUDE:   43  2 N
                                          LONGITUDE: 115 52 W

  TEMPERATURE IN F:       :PCPN:    SNOW:  WIND      :SUNSHINE: SKY     :PK WND
================================================================================
1   2   3   4   5  6A  6B    7    8   9   10  11  12  13   14  15   16   17  18
                                     12Z  AVG MX 2MIN
DY MAX MIN AVG DEP HDD CDD  WTR  SNW DPTH SPD SPD DIR MIN PSBL S-S WX    SPD DR
================================================================================

 1  40  29  35   3  30   0    T    M    M 12.3 22 110   M    M   9        27 110
 2  38  29  34   2  31   0 0.00    M    M  3.4  7 180   M    M  10 1       M  M
 3  49  35  42  10  23   0 0.08    M    M 11.7 21 110   M    M   9 1       M  M
 4  58  37  48  16  17   0    T    M    M  7.3 17 130   M    M   7         M  M
 5  53  33  43  12  22   0 0.00    M    M  8.4 18 120   M    M   2         M  M
 6  55  37  46  15  19   0    T    M    M 11.1 23 100   M    M   6         M  M
 7  54  33  44  13  21   0 0.00    M    M  6.5 18 110   M    M   2 12      M  M
 8   M   M   M   M   M   M    T    M    M  4.9 13 120   M    M   5 128     M  M
 9  50  36  43  13  22   0    T    M    M 11.5 21 100   M    M   5         M  M
10  54  36  45  15  20   0 0.00    M    M 18.2 25 110   M    M   4        35 120
11  58  46  52  22  13   0 0.00    M    M 22.2 30 100   M    M   8        43 100
12   M   M   M   M   M   M 0.06    M    M 19.6 31 110   M    M   8        44 100
13  44  30  37   7  28   0 0.01    M    M 17.1 23 320   M    M   2        33 320
14  40  25  33   4  32   0 0.00    M    M  8.2 15 320   M    M   1         M  M
15  44  25  35   6  30   0 0.00    M    M 18.7 28 100   M    M   4        43  90
16   M   M   M   M   M   M 0.01    M    M 17.6 27 100   M    M   8        36 100
17  45  29  37   8  28   0    T    M    M 13.2 20 120   M    M   3        24 120
18  46  31  39  10  26   0 0.00    M    M 14.0 18 100   M    M   7         M  M
19  40  34  37   8  28   0 0.15    M    M 13.4 18 110   M    M   9 1       M  M
20  43  35  39  10  26   0 0.54    M    M 12.3 16 100   M    M  10         M  M
21   M   M   M   M   M   M 0.54    M    M 14.5 24 330   M    M  10        33 330
22  47  30  39  10  26   0 0.06    M    M 14.8 31 310   M    M   3 1      38 300
23  41  26  34   5  31   0 0.00    M    M  5.7 14 110   M    M   3         M  M
24  38  32  35   6  30   0 0.03    M    M 18.9 32 300   M    M   5 16     39 300
25  35  28  32   3  33   0    T    M    M 29.1 33 310   M    M   2        47 290
26  35  22  29   0  36   0 0.00    M    M 15.7 25 300   M    M   2        33 310
================================================================================
SM 1007  698       572   0  1.48    M    350.3          M      144
================================================================================
AV 45.8 31.7                              13.5 FASTST   M    M   6    MAX(MPH)
                                 MISC ---->    33   M                 47    M
================================================================================
NOTES:
# LAST OF SEVERAL OCCURRENCES

COLUMN 17 PEAK WIND IN M.P.H.

PRELIMINARY LOCAL CLIMATOLOGICAL DATA (WS FORM: F-6) , PAGE 2

                                          STATION:  MOUNTAIN HOME AFB
                                          MONTH:    DECEMBER
                                          YEAR:     2014
                                          LATITUDE:   43  2 N
                                          LONGITUDE: 115 52 W

[TEMPERATURE DATA]      [PRECIPITATION DATA]       SYMBOLS USED IN COLUMN 16

AVERAGE MONTHLY: 38.8   TOTAL FOR MONTH:   1.48    1 = FOG OR MIST
DPTR FM NORMAL:   8.8   DPTR FM NORMAL:    0.12    2 = FOG REDUCING VISIBILITY
HIGHEST:    58 ON 11, 4 GRTST 24HR  0.54 ON 21-21      TO 1/4 MILE OR LESS
LOWEST:     22 ON 26                               3 = THUNDER
                        SNOW, ICE PELLETS, HAIL    4 = ICE PELLETS
                        TOTAL MONTH:    M          5 = HAIL
                        GRTST 24HR    M  ON   M    6 = FREEZING RAIN OR DRIZZLE
                        GRTST DEPTH:  M  ON   M    7 = DUSTSTORM OR SANDSTORM:
                                                       VSBY 1/2 MILE OR LESS
                                                   8 = SMOKE OR HAZE
[NO. OF DAYS WITH]      [WEATHER - DAYS WITH]      9 = BLOWING SNOW
                                                   X = TORNADO
MAX 32 OR BELOW:   0    0.01 INCH OR MORE:   9
MAX 90 OR ABOVE:   0    0.10 INCH OR MORE:   3
MIN 32 OR BELOW:  12    0.50 INCH OR MORE:   2
MIN  0 OR BELOW:   0    1.00 INCH OR MORE:   0

[HDD (BASE 65) ]
TOTAL THIS MO.   572    CLEAR  (SCALE 0-3)   8
DPTR FM NORMAL  -337    PTCLDY (SCALE 4-7)  11
TOTAL FM JUL 1  1625    CLOUDY (SCALE 8-10)  7
DPTR FM NORMAL  -619

[CDD (BASE 65) ]
TOTAL THIS MO.     0
DPTR FM NORMAL     0    [PRESSURE DATA]
TOTAL FM JAN 1   957    HIGHEST SLP M ON M
DPTR FM NORMAL    44    LOWEST  SLP M ON M

[REMARKS]
