000
CXUS55 KBOI 231002
CF6MUO
PRELIMINARY LOCAL CLIMATOLOGICAL DATA (WS FORM: F-6)

                                          STATION:   MOUNTAIN HOME AFB
                                          MONTH:     NOVEMBER
                                          YEAR:      2014
                                          LATITUDE:   43  2 N
                                          LONGITUDE: 115 52 W

  TEMPERATURE IN F:       :PCPN:    SNOW:  WIND      :SUNSHINE: SKY     :PK WND
================================================================================
1   2   3   4   5  6A  6B    7    8   9   10  11  12  13   14  15   16   17  18
                                     12Z  AVG MX 2MIN
DY MAX MIN AVG DEP HDD CDD  WTR  SNW DPTH SPD SPD DIR MIN PSBL S-S WX    SPD DR
================================================================================

 1   M   M   M   M   M   M 0.61    M    M  8.6 22 300   M    M   7 1      31 310
 2  48  32  40  -4  25   0 0.05    M    M 14.2 24 310   M    M   4        37 310
 3  53  30  42  -2  23   0 0.00    M    M  6.0 10 310   M    M   2         M  M
 4  53  35  44   1  21   0 0.00    M    M  9.2 18 100   M    M   7 8       M  M
 5  62  44  53  10  12   0 0.00    M    M  4.4 12 120   M    M   5         M  M
 6  65  42  54  11  11   0 0.00    M    M 14.8 27 120   M    M   1        35 120
 7  59  37  48   6  17   0 0.00    M    M 10.3 18 300   M    M   1         M  M
 8  56  31  44   2  21   0 0.00    M    M  5.3  9 100   M    M   0         M  M
 9  58  32  45   4  20   0 0.01    M    M  7.1 22 320   M    M   4         M  M
10  47  29  38  -3  27   0 0.00    M    M 16.2 27 300   M    M   1        35 300
11  37  21  29 -11  36   0 0.00    M    M 13.8 22 120   M    M   1        33 120
12  32  12  22 -18  43   0 0.00    M    M  9.1 18 120   M    M   3        22 130
13   M   M   M   M   M   M 0.01    M    M 17.2 22 110   M    M   9 16     31 160
14  31  18  25 -14  40   0 0.16    M    M  8.3 16 320   M    M   9 146    24 100
15  21   6  14 -25  51   0 0.00    M    M  9.2 22 300   M    M   0         M  M
16  23   2  13 -25  52   0 0.00    M    M  3.8  9 100   M    M   0         M  M
17  24   6  15 -23  50   0 0.00    M    M  4.3  8  20   M    M   0         M  M
18   M   M   M   M   M   M 0.00    M    M  3.8  8 330   M    M   4 126     M  M
19   M   M   M   M   M   M 0.00    M    M  1.5  4 350   M    M   9 126     M  M
20  30  13  22 -15  43   0    T    M    M  3.6  8 350   M    M   9 146     M  M
21  39  20  30  -6  35   0 0.03    M    M  3.8 14 110   M    M   6 1       M  M
22  47  35  41   5  24   0 0.32    M    M 12.4 20 300   M    M   9 1      25 300
================================================================================
SM  785  445       551   0  1.19    M    186.9          M       91
================================================================================
AV 43.6 24.7                               8.5 FASTST   M    M   4    MAX(MPH)
                                 MISC ---->  # 27 120                 37    M
================================================================================
NOTES:
# LAST OF SEVERAL OCCURRENCES

COLUMN 17 PEAK WIND IN M.P.H.

PRELIMINARY LOCAL CLIMATOLOGICAL DATA (WS FORM: F-6) , PAGE 2

                                          STATION:  MOUNTAIN HOME AFB
                                          MONTH:    NOVEMBER
                                          YEAR:     2014
                                          LATITUDE:   43  2 N
                                          LONGITUDE: 115 52 W

[TEMPERATURE DATA]      [PRECIPITATION DATA]       SYMBOLS USED IN COLUMN 16

AVERAGE MONTHLY: 34.2   TOTAL FOR MONTH:   1.19    1 = FOG OR MIST
DPTR FM NORMAL:  -6.0   DPTR FM NORMAL:    0.30    2 = FOG REDUCING VISIBILITY
HIGHEST:    65 ON  6    GRTST 24HR  0.61 ON  1- 1      TO 1/4 MILE OR LESS
LOWEST:      2 ON 16                               3 = THUNDER
                        SNOW, ICE PELLETS, HAIL    4 = ICE PELLETS
                        TOTAL MONTH:    M          5 = HAIL
                        GRTST 24HR    M  ON   M    6 = FREEZING RAIN OR DRIZZLE
                        GRTST DEPTH:  M  ON   M    7 = DUSTSTORM OR SANDSTORM:
                                                       VSBY 1/2 MILE OR LESS
                                                   8 = SMOKE OR HAZE
[NO. OF DAYS WITH]      [WEATHER - DAYS WITH]      9 = BLOWING SNOW
                                                   X = TORNADO
MAX 32 OR BELOW:   6    0.01 INCH OR MORE:   7
MAX 90 OR ABOVE:   0    0.10 INCH OR MORE:   3
MIN 32 OR BELOW:  13    0.50 INCH OR MORE:   1
MIN  0 OR BELOW:   0    1.00 INCH OR MORE:   0

[HDD (BASE 65) ]
TOTAL THIS MO.   551    CLEAR  (SCALE 0-3)  10
DPTR FM NORMAL    13    PTCLDY (SCALE 4-7)   7
TOTAL FM JUL 1   872    CLOUDY (SCALE 8-10)  5
DPTR FM NORMAL  -217

[CDD (BASE 65) ]
TOTAL THIS MO.     0
DPTR FM NORMAL     0    [PRESSURE DATA]
TOTAL FM JAN 1   957    HIGHEST SLP M ON M
DPTR FM NORMAL    44    LOWEST  SLP M ON M

[REMARKS]
