000
CXUS54 KFWD 290856
CF6MWL
PRELIMINARY LOCAL CLIMATOLOGICAL DATA (WS FORM: F-6)

                                          STATION:   MINERAL WELLS
                                          MONTH:     APRIL
                                          YEAR:      2016
                                          LATITUDE:   32 46 N
                                          LONGITUDE:  98  4 W

  TEMPERATURE IN F:       :PCPN:    SNOW:  WIND      :SUNSHINE: SKY     :PK WND
================================================================================
1   2   3   4   5  6A  6B    7    8   9   10  11  12  13   14  15   16   17  18
                                     12Z  AVG MX 2MIN
DY MAX MIN AVG DEP HDD CDD  WTR  SNW DPTH SPD SPD DIR MIN PSBL S-S WX    SPD DR
================================================================================

 1  62  43  53  -8  12   0 0.00  0.0    0 11.0 25 360   M    M   5        33  10
 2  71  39  55  -7  10   0 0.00  0.0    0  6.9 18 360   M    M   0        21 350
 3  79  39  59  -3   6   0 0.00  0.0    0  8.0 17 190   M    M   0        28 190
 4  87  45  66   4   0   1 0.00  0.0    0  6.9 13 140   M    M   0        22  80
 5  87  52  70   8   0   5 0.00  0.0    0 12.2 25 170   M    M   0        30 190
 6  78  49  64   2   1   0 0.00  0.0    0 12.6 26 350   M    M   0 8      35  10
 7  88  41  65   2   0   0 0.00  0.0    0  5.7 18  40   M    M   0        25 310
 8  74  49  62  -1   3   0 0.00  0.0    0  6.5 13  80   M    M   0        17  70
 9  62  52  57  -6   8   0 0.19  0.0    0  8.4 28 120   M    M   5 13     37 120
10  83  55  69   6   0   4 0.00  0.0    0 15.0 28 170   M    M   5        35 170
11  89  61  75  11   0  10    T  0.0    0  8.8 26 350   M    M   5 13     35 340
12  69  54  62  -2   3   0 0.04  0.0    0  7.8 23  90   M    M   7        28  90
13  64  52  58  -6   7   0 0.12  0.0    0  6.1 17  90   M    M   9 1      22 100
14  70  54  62  -2   3   0 0.00  0.0    0  4.7  9 100   M    M   7 1      12 130
15  77  53  65   0   0   0 0.00  0.0    0 10.5 21 120   M    M   5 12     27 120
16  75  61  68   3   0   3 0.24  0.0    0 15.2 30 110   M    M   8 13     40 110
17  67  59  63  -2   2   0 3.98  0.0    0  8.8 22 140   M    M   6 13     32 130
18  67  60  64  -1   1   0 0.04  0.0    0  7.4 15  50   M    M  10 1      18  50
19  75  60  68   2   0   3 0.66  0.0    0  6.0 30 290   M    M   8 13     40 300
20  67  58  63  -3   2   0 1.04  0.0    0  5.0 32 330   M    M   5 13     41 330
21  77  57  67   1   0   2 0.48  0.0    0  7.9 24 120   M    M   3 13     32 340
22  81  50  66   0   0   1 0.00  0.0    0  5.2 14 340   M    M   0        18 360
23  82  51  67   1   0   2 0.00  0.0    0  5.8 15 140   M    M   0        20 140
24  79  57  68   1   0   3 0.00  0.0    0 13.6 24 160   M    M   2        32 170
25  89  67  78  11   0  13 0.00  0.0    0 12.3 20 190   M    M   4        25 160
26  85  58  72   5   0   7 0.62  0.0    0 11.4 35 270   M    M   6 138    44 270
27  80  52  66  -2   0   1 0.00  0.0    0  6.2 17 310   M    M   2 12     21 300
28  84  53  69   1   0   4 0.00  0.0    0 11.1 23 130   M    M   1        30 130
================================================================================
SM 2148 1481        58  59  7.41     0.0 247.0          M      103
================================================================================
AV 76.7 52.9                               8.8 FASTST   M    M   4    MAX(MPH)
                                 MISC ---->  # 35 270               # 44  270
================================================================================
NOTES:
# LAST OF SEVERAL OCCURRENCES

COLUMN 17 PEAK WIND IN M.P.H.

PRELIMINARY LOCAL CLIMATOLOGICAL DATA (WS FORM: F-6) , PAGE 2

                                          STATION:  MINERAL WELLS
                                          MONTH:    APRIL
                                          YEAR:     2016
                                          LATITUDE:   32 46 N
                                          LONGITUDE:  98  4 W

[TEMPERATURE DATA]      [PRECIPITATION DATA]       SYMBOLS USED IN COLUMN 16

AVERAGE MONTHLY: 64.8   TOTAL FOR MONTH:   7.41    1 = FOG OR MIST
DPTR FM NORMAL:   0.3   DPTR FM NORMAL:    5.22    2 = FOG REDUCING VISIBILITY
HIGHEST:    89 ON 25,11 GRTST 24HR  4.21 ON 16-17      TO 1/4 MILE OR LESS
LOWEST:     39 ON  3, 2                            3 = THUNDER
                        SNOW, ICE PELLETS, HAIL    4 = ICE PELLETS
                        TOTAL MONTH:   0.0 INCH    5 = HAIL
                        GRTST 24HR     0.0         6 = FREEZING RAIN OR DRIZZLE
                        GRTST DEPTH:   0           7 = DUSTSTORM OR SANDSTORM:
                                                       VSBY 1/2 MILE OR LESS
                                                   8 = SMOKE OR HAZE
[NO. OF DAYS WITH]      [WEATHER - DAYS WITH]      9 = BLOWING SNOW
                                                   X = TORNADO
MAX 32 OR BELOW:   0    0.01 INCH OR MORE:  10
MAX 90 OR ABOVE:   0    0.10 INCH OR MORE:   8
MIN 32 OR BELOW:   0    0.50 INCH OR MORE:   4
MIN  0 OR BELOW:   0    1.00 INCH OR MORE:   2

[HDD (BASE 65) ]
TOTAL THIS MO.    58    CLEAR  (SCALE 0-3)  12
DPTR FM NORMAL   -40    PTCLDY (SCALE 4-7)  13
TOTAL FM JUL 1  1908    CLOUDY (SCALE 8-10)  3
DPTR FM NORMAL  -567

[CDD (BASE 65) ]
TOTAL THIS MO.    59
DPTR FM NORMAL   -23    [PRESSURE DATA]
TOTAL FM JAN 1    92    HIGHEST SLP M ON M
DPTR FM NORMAL   -24    LOWEST  SLP 29.50 ON 26

[REMARKS]
