000
CXUS54 KLZK 011130
CF6MWT
PRELIMINARY LOCAL CLIMATOLOGICAL DATA (WS FORM: F-6)

                                          STATION:   Mount Ida
                                          MONTH:     SEPTEMBER
                                          YEAR:      2016
                                          LATITUDE:   34 32 N
                                          LONGITUDE:  93 35 W

  TEMPERATURE IN F:       :PCPN:    SNOW:  WIND      :SUNSHINE: SKY     :PK WND
================================================================================
1   2   3   4   5  6A  6B    7    8   9   10  11  12  13   14  15   16   17  18
                                     12Z  AVG MX 2MIN
DY MAX MIN AVG DEP HDD CDD  WTR  SNW DPTH SPD SPD DIR MIN PSBL S-S WX    SPD DR
================================================================================

 1  85  71  78   1   0  13 0.05  0.0    0  1.0  8  50   M    M   3 18     13  10
 2  84  61  73  -4   0   8 0.00  0.0    0  1.7  8  40   M    M   0        13 360
 3  83  56  70  -7   0   5 0.00  0.0    0  1.1  9 100   M    M   0 1      13 100
 4  88  58  73  -3   0   8 0.00  0.0    0  1.2  8 150   M    M   0 1      12 140
 5  92  66  79   3   0  14 0.00  0.0    0  1.6  8 140   M    M   1 1      13 120
 6  91  75  83   7   0  18    T  0.0    0  1.7  8 280   M    M   2        12 180
 7  92  73  83   8   0  18 0.00  0.0    0  1.8  8 200   M    M   0 1      14 270
 8  92  72  82   7   0  17 0.00  0.0    0  2.9  9 220   M    M   0        16 200
 9  92  77  85  11   0  20 0.00  0.0    0  3.4  9 250   M    M   1        15 230
10  83  59  71  -3   0   6    T  0.0    0  3.2 12 320   M    M   1        18 320
11  84  53  69  -5   0   4 0.00  0.0    0  0.5  6 150   M    M   0        10 170
12  88  58  73   0   0   8 0.00  0.0    0  1.1 12 140   M    M   2        15 140
13  91  65  78   5   0  13 0.00  0.0    M  1.0  8 140   M    M   2 12     10 130
14  92  68  80   8   0  15 0.30  0.0    0  1.6  9 290   M    M   2 1      16 270
15  89  69  79   7   0  14    T  0.0    0  0.2  7 270   M    M   4 12     10 260
16  90  70  80   8   0  15 0.02  0.0    M  1.5 10 150   M    M   2 1      17 130
17  91  69  80   9   0  15 1.15  0.0    0  1.2 12 270   M    M   4 12     23 260
18  87  68  78   7   0  13 0.35  0.0    0  0.6  9 320   M    M   3 1      16 330
19  89  68  79   9   0  14 0.00  0.0    M  0.8  7 140   M    M   6 12     10 140
20  90  68  79   9   0  14 0.00  0.0    M  1.0  7  30   M    M   4 12      9 140
21  90  66  78   8   0  13 0.00  0.0    0  0.4  6  90   M    M   3 12      9  70
22  89  63  76   7   0  11 0.00  0.0    0  0.0  7 150   M    M   0 1       8 130
23  90  63  77   8   0  12 0.00  0.0    0  1.0  9 140   M    M   2 1      13 150
24  90  68  79  11   0  14 0.00  0.0    0  1.4  9 230   M    M   0 1      13 160
25  90  67  79  11   0  14 0.00  0.0    0  0.9  7 270   M    M   0 1      11 270
26  73  60  67   0   0   2 0.00  0.0    0  2.6  8  20   M    M   7        16  20
27  80  53  67   0   0   2 0.00  0.0    0  1.0  7 260   M    M   0 1      11 300
28  90  50  70   3   0   5 0.00  0.0    0  1.5 10 270   M    M   0 1      17 310
29  77  50  64  -2   1   0 0.00  0.0    0  1.6 10  30   M    M   0        15 340
30  81  49  65  -1   0   0 0.00  0.0    0  0.8  9 340   M    M   0        15 340
================================================================================
SM 2623 1913         1 325  1.87     0.0  40.3          M       49
================================================================================
AV 87.4 63.8                               1.3 FASTST   M    M   2    MAX(MPH)
                                 MISC ---->  # 12 320               # 23  260
================================================================================
NOTES:
# LAST OF SEVERAL OCCURRENCES

COLUMN 17 PEAK WIND IN M.P.H.

PRELIMINARY LOCAL CLIMATOLOGICAL DATA (WS FORM: F-6) , PAGE 2

                                          STATION:  Mount Ida
                                          MONTH:    SEPTEMBER
                                          YEAR:     2016
                                          LATITUDE:   34 32 N
                                          LONGITUDE:  93 35 W

[TEMPERATURE DATA]      [PRECIPITATION DATA]       SYMBOLS USED IN COLUMN 16

AVERAGE MONTHLY: 75.6   TOTAL FOR MONTH:   1.87    1 = FOG OR MIST
DPTR FM NORMAL:   3.8   DPTR FM NORMAL:   -2.72    2 = FOG REDUCING VISIBILITY
HIGHEST:    92 ON 14, 9 GRTST 24HR  1.50 ON 17-18      TO 1/4 MILE OR LESS
LOWEST:     49 ON 30                               3 = THUNDER
                        SNOW, ICE PELLETS, HAIL    4 = ICE PELLETS
                        TOTAL MONTH:   0.0 INCH    5 = HAIL
                        GRTST 24HR     0.0         6 = FREEZING RAIN OR DRIZZLE
                        GRTST DEPTH:   0           7 = DUSTSTORM OR SANDSTORM:
                                                       VSBY 1/2 MILE OR LESS
                                                   8 = SMOKE OR HAZE
[NO. OF DAYS WITH]      [WEATHER - DAYS WITH]      9 = BLOWING SNOW
                                                   X = TORNADO
MAX 32 OR BELOW:   0    0.01 INCH OR MORE:   5
MAX 90 OR ABOVE:  15    0.10 INCH OR MORE:   3
MIN 32 OR BELOW:   0    0.50 INCH OR MORE:   1
MIN  0 OR BELOW:   0    1.00 INCH OR MORE:   1

[HDD (BASE 65) ]
TOTAL THIS MO.     1    CLEAR  (SCALE 0-3)  24
DPTR FM NORMAL   -19    PTCLDY (SCALE 4-7)   6
TOTAL FM JUL 1     1    CLOUDY (SCALE 8-10)  0
DPTR FM NORMAL   -19

[CDD (BASE 65) ]
TOTAL THIS MO.   325
DPTR FM NORMAL   103    [PRESSURE DATA]
TOTAL FM JAN 1  2015    HIGHEST SLP M ON M
DPTR FM NORMAL   334    LOWEST  SLP 29.84 ON 16

[REMARKS]
ALL SNOWFALL DATA IS FROM THE MT IDA 4 S COOPERATIVE OBSERVER SITE
#FINAL-09-16#
