000
CXUS54 KLZK 011330
CF6MWT
PRELIMINARY LOCAL CLIMATOLOGICAL DATA (WS FORM: F-6)

                                          STATION:   Mount Ida
                                          MONTH:     SEPTEMBER
                                          YEAR:      2014
                                          LATITUDE:   34 32 N
                                          LONGITUDE:  93 35 W

  TEMPERATURE IN F:       :PCPN:    SNOW:  WIND      :SUNSHINE: SKY     :PK WND
================================================================================
1   2   3   4   5  6A  6B    7    8   9   10  11  12  13   14  15   16   17  18
                                     12Z  AVG MX 2MIN
DY MAX MIN AVG DEP HDD CDD  WTR  SNW DPTH SPD SPD DIR MIN PSBL S-S WX    SPD DR
================================================================================

 1  89  76  83   6   0  18 0.00  0.0    0  4.3 10 140   M    M   4        17 140
 2  88  69  79   2   0  14 0.27  0.0    0  2.1 10 330   M    M   4 1      18 360
 3  90  68  79   2   0  14 0.00  0.0    0  0.8  7 170   M    M   4 1      11 170
 4  93  72  83   7   0  18 0.00  0.0    0  1.4  9 140   M    M   0 1      15 190
 5  95  70  83   7   0  18 0.00  0.0    0  1.1 10 340   M    M   1 1      20 340
 6  90  70  80   4   0  15 0.00  0.0    0  2.1  8  20   M    M   4 1      14  20
 7  84  67  76   1   0  11    T  0.0    0  1.5  7 120   M    M   5 1      12  30
 8  90  66  78   3   0  13 0.00  0.0    0  0.6  7 150   M    M   5 1      10 290
 9  91  69  80   6   0  15 0.00  0.0    0  2.6  9 200   M    M   1 1      16 190
10  92  78  85  11   0  20 0.00  0.0    0  4.1 10 220   M    M   2        27 220
11  81  70  76   2   0  11 2.54  0.0    0  1.1  7 310   M    M   9 1       M  M
12  69  59  64  -9   1   0 0.06  0.0    M  2.4  7  20   M    M  10 1      12  50
13  63  55  59 -14   6   0 0.04  0.0    0  2.0  8  60   M    M   9 1      13  70
14  78  54  66  -6   0   1 0.00  0.0    0  0.3  7  90   M    M   2 12     14  80
15  77  62  70  -2   0   5    T  0.0    0  0.3  6 300   M    M   3 1       9 280
16  89  67  78   6   0  13 0.00  0.0    0  0.6  6  80   M    M   5 12     10  80
17  86  64  75   4   0  10 0.00  0.0    0  1.0  7 130   M    M   5 12     11 250
18  87  71  79   8   0  14 0.00  0.0    0  1.8  8  20   M    M   2 1      14 240
19  86  67  77   7   0  12 0.00  0.0    0  1.3  8 150   M    M   6 128    11  80
20  89  65  77   7   0  12 0.00  0.0    0  0.0  6 300   M    M   5 12      9  10
21  88  64  76   6   0  11    T  0.0    0  1.5 13 310   M    M   1 1      18 300
22  79  54  67  -2   0   2 0.00  0.0    0  0.9  8  80   M    M   0        12  40
23  78  48  63  -6   2   0 0.00  0.0    0  0.9  7  80   M    M   0 1      10 110
24  83  45  64  -4   1   0 0.00  0.0    0  0.9  6 170   M    M   0 1       9 110
25  82  53  68   0   0   3 0.00  0.0    0  0.7  8 130   M    M   3 1      12 140
26  84  58  71   4   0   6 0.00  0.0    0  0.5  7 140   M    M   3 1      10 150
27  84  55  70   3   0   5 0.00  0.0    0  0.7  8 120   M    M   0 1      12 140
28  85  59  72   5   0   7 0.00  0.0    0  1.3  9  80   M    M   2 12     14  70
29  87  56  72   6   0   7 0.00  0.0    0  0.8  9 130   M    M   0 1      14 140
30  83  56  70   4   0   5 0.00  0.0    0  0.8 10 150   M    M   0 1      13 160
================================================================================
SM 2540 1887        10 280  2.91     0.0  40.4          M       95
================================================================================
AV 84.7 62.9                               1.3 FASTST   M    M   3    MAX(MPH)
                                 MISC ---->  # 13 310               # 27  220
================================================================================
NOTES:
# LAST OF SEVERAL OCCURRENCES

COLUMN 17 PEAK WIND IN M.P.H.

PRELIMINARY LOCAL CLIMATOLOGICAL DATA (WS FORM: F-6) , PAGE 2

                                          STATION:  Mount Ida
                                          MONTH:    SEPTEMBER
                                          YEAR:     2014
                                          LATITUDE:   34 32 N
                                          LONGITUDE:  93 35 W

[TEMPERATURE DATA]      [PRECIPITATION DATA]       SYMBOLS USED IN COLUMN 16

AVERAGE MONTHLY: 73.8   TOTAL FOR MONTH:   2.91    1 = FOG OR MIST
DPTR FM NORMAL:   2.0   DPTR FM NORMAL:   -1.68    2 = FOG REDUCING VISIBILITY
HIGHEST:    95 ON  5    GRTST 24HR  2.54 ON 11-11      TO 1/4 MILE OR LESS
LOWEST:     45 ON 24                               3 = THUNDER
                        SNOW, ICE PELLETS, HAIL    4 = ICE PELLETS
                        TOTAL MONTH:   0.0 INCH    5 = HAIL
                        GRTST 24HR     0.0         6 = FREEZING RAIN OR DRIZZLE
                        GRTST DEPTH:   0           7 = DUSTSTORM OR SANDSTORM:
                                                       VSBY 1/2 MILE OR LESS
                                                   8 = SMOKE OR HAZE
[NO. OF DAYS WITH]      [WEATHER - DAYS WITH]      9 = BLOWING SNOW
                                                   X = TORNADO
MAX 32 OR BELOW:   0    0.01 INCH OR MORE:   4
MAX 90 OR ABOVE:   7    0.10 INCH OR MORE:   2
MIN 32 OR BELOW:   0    0.50 INCH OR MORE:   1
MIN  0 OR BELOW:   0    1.00 INCH OR MORE:   1

[HDD (BASE 65) ]
TOTAL THIS MO.    10    CLEAR  (SCALE 0-3)  17
DPTR FM NORMAL   -10    PTCLDY (SCALE 4-7)  10
TOTAL FM JUL 1    13    CLOUDY (SCALE 8-10)  3
DPTR FM NORMAL    -7

[CDD (BASE 65) ]
TOTAL THIS MO.   280
DPTR FM NORMAL    58    [PRESSURE DATA]
TOTAL FM JAN 1  1579    HIGHEST SLP 30.28 ON 13
DPTR FM NORMAL  -102    LOWEST  SLP 29.75 ON 10

[REMARKS]
ALL SNOWFALL DATA IS FROM THE MT IDA 1 SSE COOPERATIVE OBSERVER SITE
#FINAL-09-14#
