363
CXUS56 KSGX 261545
CF6MYF
PRELIMINARY LOCAL CLIMATOLOGICAL DATA (WS FORM: F-6)

                                          STATION:   SAN DIEGO/MONTGOMERY FLD CA
                                          MONTH:     JULY
                                          YEAR:      2016
                                          LATITUDE:   32 49 N
                                          LONGITUDE: 117  9 W

  TEMPERATURE IN F:       :PCPN:    SNOW:  WIND      :SUNSHINE: SKY     :PK WND
================================================================================
1   2   3   4   5  6A  6B    7    8   9   10  11  12  13   14  15   16   17  18
                                     12Z  AVG MX 2MIN
DY MAX MIN AVG DEP HDD CDD  WTR  SNW DPTH SPD SPD DIR MIN PSBL S-S WX    SPD DR
================================================================================

 1  74  64  69   0   0   4 0.00  0.0    0  5.1 14 250   M    M   7 8      19 240
 2  76  64  70   0   0   5 0.00  0.0    0  5.7 12 260   M    M   5        19 260
 3  76  64  70   0   0   5 0.00  0.0    0  6.0 13 260   M    M   5        19 260
 4  77  64  71   1   0   6 0.00  0.0    0  6.7 14 260   M    M   6        20 280
 5  77  66  72   2   0   7 0.00  0.0    0  6.9 15 230   M    M   5        19 230
 6  76  64  70   0   0   5 0.00  0.0    0  6.3 14 240   M    M   5        18 260
 7  78  64  71   1   0   6 0.00  0.0    0  5.0 13 240   M    M   5        16 240
 8  78  67  73   3   0   8 0.00  0.0    0  5.4 13 220   M    M   4        16 240
 9  83  65  74   3   0   9 0.00  0.0    0  4.6 14 250   M    M   3        17 230
10  81  66  74   3   0   9 0.00  0.0    0  5.9 12 220   M    M   3        16 230
11  75  64  70  -1   0   5 0.00  0.0    0  7.4 15 190   M    M   5        21 220
12  77  64  71   0   0   6 0.00  0.0    0  5.5 14 210   M    M   4        18 210
13  80  65  73   2   0   8 0.00  0.0    0  4.7 14 230   M    M   3        17 240
14  81  65  73   2   0   8 0.00  0.0    0  5.4 14 300   M    M   3 8      19 280
15  80  67  74   3   0   9 0.00  0.0    0  5.9 13 270   M    M   4 8      18 280
16  78  67  73   2   0   8 0.00  0.0    0  5.7 15 230   M    M   4        19 220
17  77  66  72   0   0   7 0.00  0.0    0  5.4 14 220   M    M   5        18 230
18  80  66  73   1   0   8 0.00  0.0    0  5.1 13 240   M    M   4        19 260
19  85  66  76   4   0  11 0.00  0.0    0  5.3 13 300   M    M   3        17 270
20  93  67  80   8   0  15 0.00  0.0    0  5.8 15 300   M    M   2 18     19 300
21  94  69  82  10   0  17 0.00  0.0    0  5.5 14 310   M    M   0 1      17 300
22  98  68  83  11   0  18 0.00  0.0    0  4.1 13 310   M    M   0 18     16 310
23  89  68  79   7   0  14 0.00  0.0    0  6.2 17 190   M    M   0 18     22 200
24  85  67  76   4   0  11 0.00  0.0    0  5.1 13 230   M    M   2 18     18 190
25  83  70  77   5   0  12 0.00  0.0    0  4.5 12 240   M    M   1 138    14 250
================================================================================
SM 2031 1647         0 221  0.00     0.0 139.2          M       88
================================================================================
AV 81.2 65.9                               5.6 FASTST   M    M   4    MAX(MPH)
                                 MISC ---->  # 17 190               # 22  200
================================================================================
NOTES:
# LAST OF SEVERAL OCCURRENCES

COLUMN 17 PEAK WIND IN M.P.H.

PRELIMINARY LOCAL CLIMATOLOGICAL DATA (WS FORM: F-6) , PAGE 2

                                          STATION:  SAN DIEGO/MONTGOMERY FLD CA
                                          MONTH:    JULY
                                          YEAR:     2016
                                          LATITUDE:   32 49 N
                                          LONGITUDE: 117  9 W

[TEMPERATURE DATA]      [PRECIPITATION DATA]       SYMBOLS USED IN COLUMN 16

AVERAGE MONTHLY: 73.6   TOTAL FOR MONTH:   0.00    1 = FOG OR MIST
DPTR FM NORMAL:   2.6   DPTR FM NORMAL:   -0.05    2 = FOG REDUCING VISIBILITY
HIGHEST:    98 ON 22    GRTST 24HR    T  ON 13-14      TO 1/4 MILE OR LESS
LOWEST:     64 ON 12,11                            3 = THUNDER
                        SNOW, ICE PELLETS, HAIL    4 = ICE PELLETS
                        TOTAL MONTH:   0.0 INCH    5 = HAIL
                        GRTST 24HR     0.0         6 = FREEZING RAIN OR DRIZZLE
                        GRTST DEPTH:   0           7 = DUSTSTORM OR SANDSTORM:
                                                       VSBY 1/2 MILE OR LESS
                                                   8 = SMOKE OR HAZE
[NO. OF DAYS WITH]      [WEATHER - DAYS WITH]      9 = BLOWING SNOW
                                                   X = TORNADO
MAX 32 OR BELOW:   0    0.01 INCH OR MORE:   0
MAX 90 OR ABOVE:   3    0.10 INCH OR MORE:   0
MIN 32 OR BELOW:   0    0.50 INCH OR MORE:   0
MIN  0 OR BELOW:   0    1.00 INCH OR MORE:   0

[HDD (BASE 65) ]
TOTAL THIS MO.     0    CLEAR  (SCALE 0-3)   8
DPTR FM NORMAL     0    PTCLDY (SCALE 4-7)  17
TOTAL FM JUL 1     0    CLOUDY (SCALE 8-10)  0
DPTR FM NORMAL     0

[CDD (BASE 65) ]
TOTAL THIS MO.   221
DPTR FM NORMAL    70    [PRESSURE DATA]
TOTAL FM JAN 1   498    HIGHEST SLP M ON M
DPTR FM NORMAL   229    LOWEST  SLP 29.78 ON 23

[REMARKS]
