000
CXUS56 KMTR 301000
CF6OAK
PRELIMINARY LOCAL CLIMATOLOGICAL DATA (WS FORM: F-6)

                                          STATION:   OAKLAND AIRPORT
                                          MONTH:     JUNE
                                          YEAR:      2015
                                          LATITUDE:   37 43 N
                                          LONGITUDE: 122 13 W

  TEMPERATURE IN F:       :PCPN:    SNOW:  WIND      :SUNSHINE: SKY     :PK WND
================================================================================
1   2   3   4   5  6A  6B    7    8   9   10  11  12  13   14  15   16   17  18
                                     12Z  AVG MX 2MIN
DY MAX MIN AVG DEP HDD CDD  WTR  SNW DPTH SPD SPD DIR MIN PSBL S-S WX    SPD DR
================================================================================

 1  73  57  65   4   0   0    T  0.0    0  9.6 21 270   M    M   7 18     24 270
 2  65  56  61   0   4   0 0.00  0.0    0 11.2 20 270   M    M   8        25 250
 3  65  55  60  -1   5   0 0.00  0.0    0  9.6 22 250   M    M   8        25 250
 4  70  53  62   1   3   0 0.00  0.0    0  8.6 17 270   M    M   4        26 280
 5  69  53  61   0   4   0 0.00  0.0    0  9.0 22 310   M    M   5 18     28 300
 6  71  56  64   3   1   0 0.00  0.0    0  9.3 22 300   M    M   7        28 300
 7  73  56  65   4   0   0 0.00  0.0    0  8.0 20 290   M    M   5        22 290
 8  88  56  72  11   0   7 0.00  0.0    0  7.8 20 300   M    M   1        23 310
 9  77  55  66   4   0   1 0.00  0.0    M  6.4 30 270   M    M   8        32 270
10  70  58  64   2   1   0 0.18  0.0    0  5.6 15 290   M    M   9 1      17 290
11  73  57  65   3   0   0 0.00  0.0    0  7.8 20 300   M    M   3 1      23 290
12  75  54  65   3   0   0 0.00  0.0    0  9.1 20 300   M    M   1 1      23 290
13  72  57  65   3   0   0 0.00  0.0    0  9.3 21 310   M    M   4 1      25 310
14  67  55  61  -1   4   0 0.00  0.0    0 11.8 21 280   M    M   6 18     24 280
15  62  54  58  -4   7   0 0.00  0.0    0 11.1 21 270   M    M   9 18     24 270
16  68  55  62   0   3   0 0.00  0.0    0 11.7 20 280   M    M   6 18      M  M
17  69  53  61  -1   4   0 0.00  0.0    0  9.2 23 290   M    M   4 18     25 280
18  66  52  59  -3   6   0 0.00  0.0    0  9.7 18 290   M    M   4 1      23 280
19  71  52  62  -1   3   0 0.00  0.0    0  9.0 18 280   M    M   5        21 270
20  69  52  61  -2   4   0 0.00  0.0    0  8.7 20 290   M    M   6 1      22 290
21  67  56  62  -1   3   0 0.00  0.0    0 11.7 22 280   M    M   5 18     25 280
22  64  54  59  -4   6   0 0.00  0.0    0  9.5 21 280   M    M   6 18     24 280
23  70  53  62  -1   3   0 0.00  0.0    0  9.2 21 260   M    M   2 18     24 260
24  73  55  64   1   1   0 0.00  0.0    0  9.4 20 290   M    M   4 8      22 290
25  79  56  68   5   0   3 0.00  0.0    0  7.3 18 300   M    M   0        21 300
26  73  58  66   3   0   1 0.00  0.0    0 10.4 22 310   M    M   3 8      29 310
27  74  58  66   3   0   1 0.00  0.0    0  8.7 17 290   M    M   8        20 280
28  72  60  66   3   0   1    T  0.0    0 12.2 22 280   M    M   9        24 280
29  73  57  65   2   0   0 0.00  0.0    0  9.5 16 270   M    M   6        21 250
================================================================================
SM 2058 1603        62  14  0.18     0.0 270.4          M      153
================================================================================
AV 71.0 55.3                               9.3 FASTST   M    M   5    MAX(MPH)
                                 MISC ---->  # 30 270               # 32  270
================================================================================
NOTES:
# LAST OF SEVERAL OCCURRENCES

COLUMN 17 PEAK WIND IN M.P.H.

PRELIMINARY LOCAL CLIMATOLOGICAL DATA (WS FORM: F-6) , PAGE 2

                                          STATION:  OAKLAND AIRPORT
                                          MONTH:    JUNE
                                          YEAR:     2015
                                          LATITUDE:   37 43 N
                                          LONGITUDE: 122 13 W

[TEMPERATURE DATA]      [PRECIPITATION DATA]       SYMBOLS USED IN COLUMN 16

AVERAGE MONTHLY: 63.1   TOTAL FOR MONTH:   0.18    1 = FOG OR MIST
DPTR FM NORMAL:   1.0   DPTR FM NORMAL:    0.00    2 = FOG REDUCING VISIBILITY
HIGHEST:    88 ON  8    GRTST 24HR  0.18 ON 10-10      TO 1/4 MILE OR LESS
LOWEST:     52 ON 20,19                            3 = THUNDER
                        SNOW, ICE PELLETS, HAIL    4 = ICE PELLETS
                        TOTAL MONTH:   0.0 INCH    5 = HAIL
                        GRTST 24HR     0.0         6 = FREEZING RAIN OR DRIZZLE
                        GRTST DEPTH:   0           7 = DUSTSTORM OR SANDSTORM:
                                                       VSBY 1/2 MILE OR LESS
                                                   8 = SMOKE OR HAZE
[NO. OF DAYS WITH]      [WEATHER - DAYS WITH]      9 = BLOWING SNOW
                                                   X = TORNADO
MAX 32 OR BELOW:   0    0.01 INCH OR MORE:   1
MAX 90 OR ABOVE:   0    0.10 INCH OR MORE:   1
MIN 32 OR BELOW:   0    0.50 INCH OR MORE:   0
MIN  0 OR BELOW:   0    1.00 INCH OR MORE:   0

[HDD (BASE 65) ]
TOTAL THIS MO.    62    CLEAR  (SCALE 0-3)   4
DPTR FM NORMAL   -41    PTCLDY (SCALE 4-7)  22
TOTAL FM JUL 1  1994    CLOUDY (SCALE 8-10)  3
DPTR FM NORMAL  -879

[CDD (BASE 65) ]
TOTAL THIS MO.    14
DPTR FM NORMAL    -4    [PRESSURE DATA]
TOTAL FM JAN 1    18    HIGHEST SLP M ON M
DPTR FM NORMAL   -16    LOWEST  SLP 29.73 ON M

[REMARKS]
