000
CXUS53 KGID 240730
CF6ODX
PRELIMINARY LOCAL CLIMATOLOGICAL DATA (WS FORM: F-6)

                                          STATION:   ORD NE
                                          MONTH:     SEPTEMBER
                                          YEAR:      2017
                                          LATITUDE:   41 37 N
                                          LONGITUDE:  98 57 W

  TEMPERATURE IN F:       :PCPN:    SNOW:  WIND      :SUNSHINE: SKY     :PK WND
================================================================================
1   2   3   4   5  6A  6B    7    8   9   10  11  12  13   14  15   16   17  18
                                     12Z  AVG MX 2MIN
DY MAX MIN AVG DEP HDD CDD  WTR  SNW DPTH SPD SPD DIR MIN PSBL S-S WX    SPD DR
================================================================================

 1  76  64  70   0   0   5 0.04    M    M  8.6 17 180   M    M   4        24 170
 2  83  55  69   0   0   4 0.00    M    M  4.5 15 340   M    M   0 12     19 360
 3  90  53  72   3   0   7 0.00    M    M  6.6 20 190   M    M   2 128    24 200
 4  77  50  64  -5   1   0 0.00    M    M  9.5 20 350   M    M   2 8      25 350
 5  69  43  56 -12   9   0 0.00    M    M  9.9 23 350   M    M   0        31 340
 6  73  38  56 -12   9   0 0.00    M    M  4.6 13 320   M    M   0        17 320
 7  80  41  61  -7   4   0 0.00    M    M  3.8 14 190   M    M   0        18 200
 8  85  50  68   1   0   3 0.00    M    M  4.3 15 150   M    M   0 1      21 160
 9  78  58  68   1   0   3 0.07    M    M   M   M   M   M    M   2 3       M  M
10  83  63  73   7   0   8    T    M    M 14.1 29 180   M    M   0        39 160
11  84  55  70   4   0   5 0.00    M    M  5.6 14 170   M    M   0        17 130
12  87  54  71   6   0   6 0.00    M    M  5.2 17 170   M    M   0 1      22 170
13  88  58  73   8   0   8    T    M    M  5.6 17 180   M    M   1        22 190
14  91  54  73   9   0   8 0.00    M    M  5.0 15 220   M    M   0        20 210
15  90  64  77  13   0  12 0.49    M    M 11.0 28 190   M    M   2 13     37 210
16  66  46  56  -8   9   0 0.02    M    M 11.6 23 350   M    M   6 1      28 360
17  66  40  53 -10  12   0 0.00    M    M  5.2 14 140   M    M   4        18 150
18  74  54  64   1   1   0 0.01    M    M  5.7 15 200   M    M   9 123    18 200
19  86  53  70   8   0   5 0.00    M    M 10.8 33 330   M    M   4 12     43 330
20  77  47  62   0   3   0 0.00    M    M  4.9 12 330   M    M   0        15 330
21  92  46  69   8   0   4 0.00    M    M  9.1 25 170   M    M   0        32 160
22  97  64  81  20   0  16 0.00    M    M 16.8 29 180   M    M   0 3      38 190
23  76  55  66   6   0   1 0.49    M    M  7.8 26 290   M    M   6 13     34 280
================================================================================
SM 1868 1205        48  95  1.12    M    170.2          M       42
================================================================================
AV 81.2 52.4                               7.7 FASTST   M    M   2    MAX(MPH)
                                 MISC ---->  # 33 330               # 43  330
================================================================================
NOTES:
# LAST OF SEVERAL OCCURRENCES

COLUMN 17 PEAK WIND IN M.P.H.

PRELIMINARY LOCAL CLIMATOLOGICAL DATA (WS FORM: F-6) , PAGE 2

                                          STATION:  ORD NE
                                          MONTH:    SEPTEMBER
                                          YEAR:     2017
                                          LATITUDE:   41 37 N
                                          LONGITUDE:  98 57 W

[TEMPERATURE DATA]      [PRECIPITATION DATA]       SYMBOLS USED IN COLUMN 16

AVERAGE MONTHLY: 66.8   TOTAL FOR MONTH:   1.12    1 = FOG OR MIST
DPTR FM NORMAL:   1.5   DPTR FM NORMAL:   -0.87    2 = FOG REDUCING VISIBILITY
HIGHEST:    97 ON 22    GRTST 24HR  0.49 ON 23-23      TO 1/4 MILE OR LESS
LOWEST:     38 ON  6                               3 = THUNDER
                        SNOW, ICE PELLETS, HAIL    4 = ICE PELLETS
                        TOTAL MONTH:    M          5 = HAIL
                        GRTST 24HR    M  ON   M    6 = FREEZING RAIN OR DRIZZLE
                        GRTST DEPTH:  M  ON   M    7 = DUSTSTORM OR SANDSTORM:
                                                       VSBY 1/2 MILE OR LESS
                                                   8 = SMOKE OR HAZE
[NO. OF DAYS WITH]      [WEATHER - DAYS WITH]      9 = BLOWING SNOW
                                                   X = TORNADO
MAX 32 OR BELOW:   0    0.01 INCH OR MORE:   6
MAX 90 OR ABOVE:   5    0.10 INCH OR MORE:   2
MIN 32 OR BELOW:   0    0.50 INCH OR MORE:   0
MIN  0 OR BELOW:   0    1.00 INCH OR MORE:   0

[HDD (BASE 65) ]
TOTAL THIS MO.    48    CLEAR  (SCALE 0-3)  17
DPTR FM NORMAL   -20    PTCLDY (SCALE 4-7)   5
TOTAL FM JUL 1    56    CLOUDY (SCALE 8-10)  1
DPTR FM NORMAL   -26

[CDD (BASE 65) ]
TOTAL THIS MO.    95
DPTR FM NORMAL    20    [PRESSURE DATA]
TOTAL FM JAN 1   839    HIGHEST SLP M ON M
DPTR FM NORMAL     7    LOWEST  SLP 29.43 ON 19

[REMARKS]
