000
CXHW52 PHFO 301250
CF6OGG
PRELIMINARY LOCAL CLIMATOLOGICAL DATA (WS FORM: F-6)

                                          STATION:   KAHULUI HI
                                          MONTH:     SEPTEMBER
                                          YEAR:      2016
                                          LATITUDE:   20 53 N
                                          LONGITUDE: 156 26 W

  TEMPERATURE IN F:       :PCPN:    SNOW:  WIND      :SUNSHINE: SKY     :PK WND
================================================================================
1   2   3   4   5  6A  6B    7    8   9   10  11  12  13   14  15   16   17  18
                                     12Z  AVG MX 2MIN
DY MAX MIN AVG DEP HDD CDD  WTR  SNW DPTH SPD SPD DIR MIN PSBL S-S WX    SPD DR
================================================================================

 1  91  78  85   5   0  20    T  0.0    0 17.8 28  40   M    M   3        36  40
 2  90  74  82   2   0  17 0.02  0.0    0 17.3 32  40   M    M   4 1      36  40
 3  89  75  82   2   0  17 0.05  0.0    0 10.6 25  40   M    M   7 1      30  50
 4  93  73  83   3   0  18    T  0.0    0 10.9 25  60   M    M   3        32  70
 5  90  71  81   1   0  16    T  0.0    0 14.7 28  40   M    M   3        36  50
 6  90  74  82   3   0  17 0.00  0.0    0 15.6 24  60   M    M   5        31  50
 7  91  69  80   1   0  15 0.00  0.0    0 16.2 29  70   M    M   3        37  60
 8  89  73  81   2   0  16 0.01  0.0    0 16.2 32  40   M    M   3        38  40
 9  88  72  80   1   0  15 0.01  0.0    0 14.4 26  40   M    M   5 1      33  40
10  88  73  81   2   0  16 0.01  0.0    0 13.3 28  40   M    M   6        32  40
11  88  68  78  -1   0  13    T  0.0    0 11.1 23  40   M    M   4        27  40
12  89  71  80   1   0  15 0.55  0.0    0  8.0 17  40   M    M   6 1      21  50
13  86  75  81   2   0  16 0.23  0.0    0 10.6 21  50   M    M   7 13     25  50
14  83  70  77  -2   0  12    T  0.0    0  6.4 20  40   M    M   5        23  50
15  90  72  81   2   0  16 0.00  0.0    0 14.8 26  60   M    M   3        35  50
16  90  74  82   3   0  17 0.00  0.0    0 15.2 30  70   M    M   3        40  60
17  91  72  82   3   0  17 0.00  0.0    0 14.5 28  70   M    M   3        38  50
18  90  75  83   4   0  18    T  0.0    0 16.6 29  70   M    M   3        39  70
19  88  73  81   2   0  16    T  0.0    0 14.8 26  40   M    M   4        32  50
20  87  73  80   1   0  15    T  0.0    0 12.3 26  30   M    M   4        31  40
21  85  73  79   0   0  14 0.00  0.0    0 12.4 26  40   M    M   7        31  40
22  90  74  82   3   0  17    T  0.0    0 13.6 26  30   M    M   4        33  40
23  90  72  81   2   0  16 0.33  0.0    0 13.5 25  70   M    M   5 1      34  80
24  91  75  83   4   0  18 0.00  0.0    0 12.0 23  40   M    M   4        28  60
25  88  69  79   0   0  14    T  0.0    0 14.9 26  40   M    M   3        31  40
26  88  75  82   3   0  17    T  0.0    0 15.3 26  30   M    M   5        33  70
27  88  75  82   3   0  17 0.00  0.0    0 17.1 28  40   M    M   3        34  30
28  92  74  83   4   0  18 0.03  0.0    0 16.3 29  70   M    M   4        39  70
29  90  74  82   3   0  17 0.00  0.0    0 17.8 30  40   M    M   4        37  40
================================================================================
SM 2583 2116         0 470  1.24     0.0 404.2          M      123
================================================================================
AV 89.1 73.0                              13.9 FASTST   M    M   4    MAX(MPH)
                                 MISC ---->  # 32  40               # 40   60
================================================================================
NOTES:
# LAST OF SEVERAL OCCURRENCES

COLUMN 17 PEAK WIND IN M.P.H.

PRELIMINARY LOCAL CLIMATOLOGICAL DATA (WS FORM: F-6) , PAGE 2

                                          STATION:  KAHULUI HI
                                          MONTH:    SEPTEMBER
                                          YEAR:     2016
                                          LATITUDE:   20 53 N
                                          LONGITUDE: 156 26 W

[TEMPERATURE DATA]      [PRECIPITATION DATA]       SYMBOLS USED IN COLUMN 16

AVERAGE MONTHLY: 81.0   TOTAL FOR MONTH:   1.24    1 = FOG OR MIST
DPTR FM NORMAL:   1.8   DPTR FM NORMAL:    0.88    2 = FOG REDUCING VISIBILITY
HIGHEST:    93 ON  4    GRTST 24HR  0.70 ON 12-13      TO 1/4 MILE OR LESS
LOWEST:     68 ON 11                               3 = THUNDER
                        SNOW, ICE PELLETS, HAIL    4 = ICE PELLETS
                        TOTAL MONTH:   0.0 INCH    5 = HAIL
                        GRTST 24HR     0.0         6 = FREEZING RAIN OR DRIZZLE
                        GRTST DEPTH:   0           7 = DUSTSTORM OR SANDSTORM:
                                                       VSBY 1/2 MILE OR LESS
                                                   8 = SMOKE OR HAZE
[NO. OF DAYS WITH]      [WEATHER - DAYS WITH]      9 = BLOWING SNOW
                                                   X = TORNADO
MAX 32 OR BELOW:   0    0.01 INCH OR MORE:   9
MAX 90 OR ABOVE:  15    0.10 INCH OR MORE:   3
MIN 32 OR BELOW:   0    0.50 INCH OR MORE:   1
MIN  0 OR BELOW:   0    1.00 INCH OR MORE:   0

[HDD (BASE 65) ]
TOTAL THIS MO.     0    CLEAR  (SCALE 0-3)   7
DPTR FM NORMAL     0    PTCLDY (SCALE 4-7)  22
TOTAL FM JUL 1     0    CLOUDY (SCALE 8-10)  0
DPTR FM NORMAL     0

[CDD (BASE 65) ]
TOTAL THIS MO.   470
DPTR FM NORMAL    62    [PRESSURE DATA]
TOTAL FM JAN 1  3371    HIGHEST SLP M ON M
DPTR FM NORMAL   421    LOWEST  SLP 29.91 ON M

[REMARKS]
