000
CXHW52 PHFO 281250
CF6OGG
PRELIMINARY LOCAL CLIMATOLOGICAL DATA (WS FORM: F-6)

                                          STATION:   KAHULUI HI
                                          MONTH:     NOVEMBER
                                          YEAR:      2014
                                          LATITUDE:   20 53 N
                                          LONGITUDE: 156 26 W

  TEMPERATURE IN F:       :PCPN:    SNOW:  WIND      :SUNSHINE: SKY     :PK WND
================================================================================
1   2   3   4   5  6A  6B    7    8   9   10  11  12  13   14  15   16   17  18
                                     12Z  AVG MX 2MIN
DY MAX MIN AVG DEP HDD CDD  WTR  SNW DPTH SPD SPD DIR MIN PSBL S-S WX    SPD DR
================================================================================

 1  88  75  82   5   0  17 0.00  0.0    0 16.0 29  40   M    M   3        36  60
 2  86  73  80   3   0  15 0.01  0.0    0 17.0 30  70   M    M   6 8      37  70
 3  88  74  81   4   0  16 0.00  0.0    0  9.5 23  70   M    M   4        31  70
 4  91  70  81   4   0  16 0.00  0.0    0  7.6 20  40   M    M   2        23  40
 5  88  71  80   3   0  15 0.00  0.0    0 11.9 23  70   M    M   4        30  70
 6  89  66  78   1   0  13 0.00  0.0    0  5.1 18  70   M    M   3        23  80
 7  89  68  79   2   0  14 0.00  0.0    0  5.7 15  30   M    M   3        18  40
 8  79  68  74  -3   0   9 0.12  0.0    0  9.7 16  10   M    M   8 18     22  10
 9  83  67  75  -2   0  10 0.00  0.0    0  6.0 14  30   M    M   6        18 350
10  84  63  74  -3   0   9 0.00  0.0    0  3.5 12  10   M    M   3 18     16  20
11  85  65  75  -2   0  10 0.00  0.0    0  4.8 14  40   M    M   3        18  30
12  86  63  75  -1   0  10 0.00  0.0    0  4.6 15  30   M    M   3        17  20
13  83  72  78   2   0  13 0.11  0.0    0  6.3 22 200   M    M   8 18     25 200
14  84  73  79   3   0  14 0.03  0.0    0 14.3 22 190   M    M   4        26 180
15  82  70  76   0   0  11 0.25  0.0    0 10.9 23 200   M    M   4 1      28 200
16  79  67  73  -3   0   8 0.29  0.0    0  9.2 21 360   M    M   6 18     24 360
17  84  68  76   0   0  11 0.00  0.0    0 12.1 26  40   M    M   2        33  30
18  84  72  78   2   0  13    T  0.0    0 14.6 29  40   M    M   5        35  40
19  84  73  79   3   0  14 0.01  0.0    0 15.9 29  50   M    M   5        37  40
20  87  67  77   1   0  12    T  0.0    0 12.9 26  70   M    M   3        35  90
21  85  66  76   0   0  11    T  0.0    0 12.0 29  70   M    M   3        38  70
22  88  69  79   3   0  14 0.00  0.0    0  6.6 20  80   M    M   2        24  40
23  87  63  75   0   0  10 0.00  0.0    0  5.6 12 240   M    M   1        15 280
24  85  69  77   2   0  12 0.02  0.0    0 11.7 25 350   M    M   6 1      30 350
25  82  68  75   0   0  10    T  0.0    0  9.1 18  30   M    M   7 1      22  40
26  82  69  76   1   0  11 0.04  0.0    0 10.9 22  40   M    M   6        25  30
27  81  69  75   0   0  10 0.01  0.0    0 14.7 26  40   M    M   6        33  40
================================================================================
SM 2293 1858         0 328  0.89     0.0 268.2          M      116
================================================================================
AV 84.9 68.8                               9.9 FASTST   M    M   4    MAX(MPH)
                                 MISC ---->  # 30  70               # 38   70
================================================================================
NOTES:
# LAST OF SEVERAL OCCURRENCES

COLUMN 17 PEAK WIND IN M.P.H.

PRELIMINARY LOCAL CLIMATOLOGICAL DATA (WS FORM: F-6) , PAGE 2

                                          STATION:  KAHULUI HI
                                          MONTH:    NOVEMBER
                                          YEAR:     2014
                                          LATITUDE:   20 53 N
                                          LONGITUDE: 156 26 W

[TEMPERATURE DATA]      [PRECIPITATION DATA]       SYMBOLS USED IN COLUMN 16

AVERAGE MONTHLY: 76.9   TOTAL FOR MONTH:   0.89    1 = FOG OR MIST
DPTR FM NORMAL:   0.6   DPTR FM NORMAL:   -1.02    2 = FOG REDUCING VISIBILITY
HIGHEST:    91 ON  4    GRTST 24HR  0.29 ON 16-16      TO 1/4 MILE OR LESS
LOWEST:     63 ON 23,12                            3 = THUNDER
                        SNOW, ICE PELLETS, HAIL    4 = ICE PELLETS
                        TOTAL MONTH:   0.0 INCH    5 = HAIL
                        GRTST 24HR     0.0         6 = FREEZING RAIN OR DRIZZLE
                        GRTST DEPTH:   0           7 = DUSTSTORM OR SANDSTORM:
                                                       VSBY 1/2 MILE OR LESS
                                                   8 = SMOKE OR HAZE
[NO. OF DAYS WITH]      [WEATHER - DAYS WITH]      9 = BLOWING SNOW
                                                   X = TORNADO
MAX 32 OR BELOW:   0    0.01 INCH OR MORE:  10
MAX 90 OR ABOVE:   1    0.10 INCH OR MORE:   4
MIN 32 OR BELOW:   0    0.50 INCH OR MORE:   0
MIN  0 OR BELOW:   0    1.00 INCH OR MORE:   0

[HDD (BASE 65) ]
TOTAL THIS MO.     0    CLEAR  (SCALE 0-3)   8
DPTR FM NORMAL     0    PTCLDY (SCALE 4-7)  18
TOTAL FM JUL 1     0    CLOUDY (SCALE 8-10)  1
DPTR FM NORMAL     0

[CDD (BASE 65) ]
TOTAL THIS MO.   328
DPTR FM NORMAL    27    [PRESSURE DATA]
TOTAL FM JAN 1  4164    HIGHEST SLP M ON M
DPTR FM NORMAL   487    LOWEST  SLP 29.83 ON M

[REMARKS]
