722
CXUS55 KSEW 220930
CF6OLM
PRELIMINARY LOCAL CLIMATOLOGICAL DATA (WS FORM: F-6)

                                          STATION:   OLYMPIA WA AIRPORT
                                          MONTH:     MARCH
                                          YEAR:      2017
                                          LATITUDE:   46 58 N
                                          LONGITUDE: 122 54 W

  TEMPERATURE IN F:       :PCPN:    SNOW:  WIND      :SUNSHINE: SKY     :PK WND
================================================================================
1   2   3   4   5  6A  6B    7    8   9   10  11  12  13   14  15   16   17  18
                                     12Z  AVG MX 2MIN
DY MAX MIN AVG DEP HDD CDD  WTR  SNW DPTH SPD SPD DIR MIN PSBL S-S WX    SPD DR
================================================================================

 1  49  36  43   1  22   0 0.20  0.0    0  7.7 15 190   M    M   8 1      21 240
 2  46  34  40  -2  25   0 0.40  0.0    0  7.5 22 190   M    M  10 1      27 180
 3  49  35  42  -1  23   0 0.82  0.0    0 13.7 24 180   M    M   9 1      33 180
 4  44  28  36  -7  29   0 0.28    M    M  4.4 15 210   M    M   9 12     20 210
 5  45  33  39  -4  26   0 0.25    M    M 12.6 32 190   M    M   8 1      42 200
 6  43  33  38  -5  27   0 0.16    M    M  7.8 18 220   M    M   8 1      27 220
 7  43  34  39  -4  26   0 0.86  0.0    0  6.8 15 230   M    M  10 1      23 230
 8  43  37  40  -3  25   0 0.29  0.0    0  4.5 14 250   M    M  10 1      18 270
 9  53  38  46   2  19   0 1.19  0.0    0  5.1 17 210   M    M  10 1      25 220
10  52  37  45   1  20   0 0.04  0.0    0  8.7 22 250   M    M   7 1      28 210
11  51  37  44   0  21   0 0.35  0.0    0  8.9 23 180   M    M   8 1      32 170
12  57  43  50   6  15   0 0.01  0.0    0  4.0 12 190   M    M   7 1      15 180
13  54  46  50   6  15   0 0.48  0.0    0  3.4  9 180   M    M   9 1      13 230
14  57  50  54  10  11   0 0.78  0.0    0  8.1 20 190   M    M  10 1      27 180
15  51  41  46   2  19   0 0.80  0.0    0  5.3 18 250   M    M   9 1      26 260
16  53  33  43  -2  22   0 0.01  0.0    0  5.8 15 170   M    M   3 1      18 180
17  53  32  43  -2  22   0 0.84    M    0  2.7 24 190   M    M   8 12     30 180
18  54  31  43  -2  22   0 0.41    M    0  9.2 23 190   M    M   6 1      29 190
19  52  27  40  -5  25   0 0.00  0.0    0  4.2 15  30   M    M   1 1      19  20
20  52  30  41  -4  24   0 0.10  0.0    0  2.8 12 350   M    M   6        15  30
21  59  43  51   6  14   0 0.20  0.0    0  2.4 14 170   M    M   8 1      22 210
================================================================================
SM 1060  758       452   0  8.47     0.0 135.6          M      164
================================================================================
AV 50.5 36.1                               6.5 FASTST   M    M   8    MAX(MPH)
                                 MISC ---->  # 32 190               # 42  200
================================================================================
NOTES:
# LAST OF SEVERAL OCCURRENCES

COLUMN 17 PEAK WIND IN M.P.H.

PRELIMINARY LOCAL CLIMATOLOGICAL DATA (WS FORM: F-6) , PAGE 2

                                          STATION:  OLYMPIA WA AIRPORT
                                          MONTH:    MARCH
                                          YEAR:     2017
                                          LATITUDE:   46 58 N
                                          LONGITUDE: 122 54 W

[TEMPERATURE DATA]      [PRECIPITATION DATA]       SYMBOLS USED IN COLUMN 16

AVERAGE MONTHLY: 43.3   TOTAL FOR MONTH:   8.47    1 = FOG OR MIST
DPTR FM NORMAL:  -0.5   DPTR FM NORMAL:    4.78    2 = FOG REDUCING VISIBILITY
HIGHEST:    59 ON 21    GRTST 24HR  1.19 ON  9- 9      TO 1/4 MILE OR LESS
LOWEST:     27 ON 19                               3 = THUNDER
                        SNOW, ICE PELLETS, HAIL    4 = ICE PELLETS
                        TOTAL MONTH:   0.0 INCH    5 = HAIL
                        GRTST 24HR     0.0         6 = FREEZING RAIN OR DRIZZLE
                        GRTST DEPTH:   0           7 = DUSTSTORM OR SANDSTORM:
                                                       VSBY 1/2 MILE OR LESS
                                                   8 = SMOKE OR HAZE
[NO. OF DAYS WITH]      [WEATHER - DAYS WITH]      9 = BLOWING SNOW
                                                   X = TORNADO
MAX 32 OR BELOW:   0    0.01 INCH OR MORE:  20
MAX 90 OR ABOVE:   0    0.10 INCH OR MORE:  17
MIN 32 OR BELOW:   5    0.50 INCH OR MORE:   6
MIN  0 OR BELOW:   0    1.00 INCH OR MORE:   1

[HDD (BASE 65) ]
TOTAL THIS MO.   452    CLEAR  (SCALE 0-3)   1
DPTR FM NORMAL     8    PTCLDY (SCALE 4-7)   8
TOTAL FM JUL 1  4180    CLOUDY (SCALE 8-10) 12
DPTR FM NORMAL    14

[CDD (BASE 65) ]
TOTAL THIS MO.     0
DPTR FM NORMAL     0    [PRESSURE DATA]
TOTAL FM JAN 1     0    HIGHEST SLP M ON M
DPTR FM NORMAL     0    LOWEST  SLP 29.45 ON  5

[REMARKS]
