000
CXUS55 KTWC 300855
CF6OLS
PRELIMINARY LOCAL CLIMATOLOGICAL DATA (WS FORM: F-6)

                                          STATION:   NOGALES AZ AIRPORT
                                          MONTH:     AUGUST
                                          YEAR:      2016
                                          LATITUDE:   31 25 N
                                          LONGITUDE: 110 51 W

  TEMPERATURE IN F:       :PCPN:    SNOW:  WIND      :SUNSHINE: SKY     :PK WND
================================================================================
1   2   3   4   5  6A  6B    7    8   9   10  11  12  13   14  15   16   17  18
                                     12Z  AVG MX 2MIN
DY MAX MIN AVG DEP HDD CDD  WTR  SNW DPTH SPD SPD DIR MIN PSBL S-S WX    SPD DR
================================================================================

 1  84  66  75  -3   0  10 0.05    M    M  2.7 14  40   M    M   3 13     16  40
 2  83  69  76  -2   0  11 0.16    M    M  3.1 17 270   M    M   4 13     22 260
 3  86  68  77  -1   0  12 0.23    M    M  3.3 21 180   M    M   3 13     25 170
 4  86  67  77  -1   0  12 0.03    M    M  2.6 14  10   0    0   0        31 320
 5  91  65  78   0   0  13 0.00    M    M  2.8 14 230   M    M   0 3      20 300
 6  95  65  80   3   0  15    T    M    M  3.6 15 190   M    M   1 3      20 170
 7  96  66  81   4   0  16 0.00    M    M  4.1 14 140   M    M   1 3      19 280
 8  96  67  82   5   0  17 0.29    M    M  3.8 30  90   M    M   1 3      46 150
 9  83  65  74  -3   0   9 1.15    M    M  4.6 24 130   M    M   6 13     33 110
10  85  67  76  -1   0  11    T    M    M  2.9 16 200   M    M   2 3      21 210
11  87  67  77   0   0  12 0.00    M    M  3.9 13 190   M    M   3 3      46 330
12  89  69  79   2   0  14 0.00    M    M  4.4 13 320   M    M   4        17 310
13  94  65  80   3   0  15 0.22    M    M  8.7 35 120   M    M   2 38     45 120
14  92  64  78   1   0  13 0.00    M    M  4.4 15 120   M    M   0        23 120
15  94  63  79   2   0  14 0.00    M    M  4.7 17 360   M    M   0        22 360
16  97  63  80   3   0  15 0.00    M    M  4.7 16 120   M    M   2        24 130
17  95  61  78   1   0  13 0.00    M    M  4.6 16 120   M    M   1        21  70
18  93  64  79   2   0  14 0.00    M    M  4.0 12 330   M    M   0        16 320
19  89  65  77   0   0  12 0.20    M    M  4.7 21 150   M    M   4 13     26 150
20  89  59  74  -3   0   9 0.00    M    M  4.3 13 300   M    M   1        18 300
21  89  60  75  -2   0  10 0.04    M    M  3.8 16 250   M    M   2 13     22 240
22  89  57  73  -4   0   8 0.00  0.0    M  3.9 14 240   M    M   M        18 220
23  89  59  74  -3   0   9 0.00  0.0    M  4.6 15 250   M    M   M        20 240
24  91  58  75  -2   0  10 0.00  0.0    M  4.6 13 260   M    M   M        17 300
25  90  60  75  -2   0  10    T  0.0    M  3.9 17 100   M    M   M 3      24 140
26  90  61  76  -1   0  11 0.00  0.0    M  5.3 17 220   M    M   M        23 190
27  90  60  75  -2   0  10 0.00  0.0    M  5.6 18 200   M    M   M        24 180
28  90  54  72  -5   0   7 0.00  0.0    M  3.4 12 270   M    M   M        18 300
29  96  56  76  -1   0  11 0.00    M    M  3.9 10  30   M    M   3        13 220
================================================================================
SM 2618 1830         0 343  2.37     0.0 120.9            0     43
================================================================================
AV 90.3 63.1                               4.2 FASTST    0   0   2    MAX(MPH)
                                 MISC ---->  # 35 120               # 46  150
================================================================================
NOTES:
# LAST OF SEVERAL OCCURRENCES

COLUMN 17 PEAK WIND IN M.P.H.

PRELIMINARY LOCAL CLIMATOLOGICAL DATA (WS FORM: F-6) , PAGE 2

                                          STATION:  NOGALES AZ AIRPORT
                                          MONTH:    AUGUST
                                          YEAR:     2016
                                          LATITUDE:   31 25 N
                                          LONGITUDE: 110 51 W

[TEMPERATURE DATA]      [PRECIPITATION DATA]       SYMBOLS USED IN COLUMN 16

AVERAGE MONTHLY: 76.7   TOTAL FOR MONTH:   2.37    1 = FOG OR MIST
DPTR FM NORMAL:  -0.5   DPTR FM NORMAL:   -1.70    2 = FOG REDUCING VISIBILITY
HIGHEST:    97 ON 16    GRTST 24HR  1.44 ON  8- 9      TO 1/4 MILE OR LESS
LOWEST:     54 ON 28                               3 = THUNDER
                        SNOW, ICE PELLETS, HAIL    4 = ICE PELLETS
                        TOTAL MONTH:   0.0 INCH    5 = HAIL
                        GRTST 24HR     0.0         6 = FREEZING RAIN OR DRIZZLE
                        GRTST DEPTH:  M  ON   M    7 = DUSTSTORM OR SANDSTORM:
                                                       VSBY 1/2 MILE OR LESS
                                                   8 = SMOKE OR HAZE
[NO. OF DAYS WITH]      [WEATHER - DAYS WITH]      9 = BLOWING SNOW
                                                   X = TORNADO
MAX 32 OR BELOW:   0    0.01 INCH OR MORE:   9
MAX 90 OR ABOVE:  16    0.10 INCH OR MORE:   6
MIN 32 OR BELOW:   0    0.50 INCH OR MORE:   1
MIN  0 OR BELOW:   0    1.00 INCH OR MORE:   1

[HDD (BASE 65) ]
TOTAL THIS MO.     0    CLEAR  (SCALE 0-3)  17
DPTR FM NORMAL     0    PTCLDY (SCALE 4-7)   5
TOTAL FM JUL 1     0    CLOUDY (SCALE 8-10)  0
DPTR FM NORMAL     0

[CDD (BASE 65) ]
TOTAL THIS MO.   343
DPTR FM NORMAL    -9    [PRESSURE DATA]
TOTAL FM JAN 1  1503    HIGHEST SLP  0.00 ON  4
DPTR FM NORMAL    74    LOWEST  SLP  0.00 ON  4

[REMARKS]
