000
CXUS55 KTWC 170855
CF6OLS
PRELIMINARY LOCAL CLIMATOLOGICAL DATA (WS FORM: F-6)

                                          STATION:   NOGALES AZ AIRPORT
                                          MONTH:     JANUARY
                                          YEAR:      2018
                                          LATITUDE:   31 25 N
                                          LONGITUDE: 110 51 W

  TEMPERATURE IN F:       :PCPN:    SNOW:  WIND      :SUNSHINE: SKY     :PK WND
================================================================================
1   2   3   4   5  6A  6B    7    8   9   10  11  12  13   14  15   16   17  18
                                     12Z  AVG MX 2MIN
DY MAX MIN AVG DEP HDD CDD  WTR  SNW DPTH SPD SPD DIR MIN PSBL S-S WX    SPD DR
================================================================================

 1  76  37  57   9   8   0 0.00  0.0    M  2.4  8 300   M    M   M        13 330
 2  75  42  59  11   6   0 0.00  0.0    M  3.8 13 260   M    M   M        17 270
 3  73  42  58  10   7   0 0.00  0.0    M  4.1  9  40   M    M   M        12  30
 4  70  44  57   9   8   0 0.00  0.0    M  4.6 17  50   M    M   M        21  50
 5  76  35  56   8   9   0 0.00  0.0    M  2.0  9  80   M    M   M        11  80
 6  79  38  59  10   6   0 0.00  0.0    M  3.3 14 270   M    M   M        19 280
 7  72  46  59  10   6   0 0.00  0.0    M  3.5  9  80   M    M   M        13 320
 8  76  45  61  12   4   0 0.00  0.0    M  4.0 13 180   M    M   M        17 220
 9  72  48  60  11   5   0    T    M    M 10.9 26 200   M    M   M        35 200
10  58  40  49   0  16   0    T  0.0    M  7.7 23 240   M    M   M        29 240
11  68  32  50   1  15   0 0.00  0.0    M  4.8 16  10   M    M   M        23 360
12  73  31  52   3  13   0 0.00  0.0    M  4.0 15 320   M    M   M        20 330
13  76  36  56   7   9   0 0.00  0.0    M  4.7 10  10   M    M   M        12  40
14  77  35  56   7   9   0 0.00  0.0    M  2.8 10  40   M    M   M        12  50
15  76  36  56   7   9   0 0.00  0.0    M  3.3 15 260   M    M   M        22 290
16  74  41  58   8   7   0 0.00  0.0    M  6.1 17  20   M    M   M        22  20
================================================================================
SM 1171  628       137   0    T      0.0  72.0          M        M
================================================================================
AV 73.2 39.3                               4.5 FASTST   M    M -nan   MAX(MPH)
                                 MISC ---->    26   M                 35    M
================================================================================
NOTES:
# LAST OF SEVERAL OCCURRENCES

COLUMN 17 PEAK WIND IN M.P.H.

PRELIMINARY LOCAL CLIMATOLOGICAL DATA (WS FORM: F-6) , PAGE 2

                                          STATION:  NOGALES AZ AIRPORT
                                          MONTH:    JANUARY
                                          YEAR:     2018
                                          LATITUDE:   31 25 N
                                          LONGITUDE: 110 51 W

[TEMPERATURE DATA]      [PRECIPITATION DATA]       SYMBOLS USED IN COLUMN 16

AVERAGE MONTHLY: 56.2   TOTAL FOR MONTH:      T    1 = FOG OR MIST
DPTR FM NORMAL:   7.5   DPTR FM NORMAL:   -0.60    2 = FOG REDUCING VISIBILITY
HIGHEST:    79 ON  6    GRTST 24HR    T  ON 10-10      TO 1/4 MILE OR LESS
LOWEST:     31 ON 12                               3 = THUNDER
                        SNOW, ICE PELLETS, HAIL    4 = ICE PELLETS
                        TOTAL MONTH:   0.0 INCH    5 = HAIL
                        GRTST 24HR     0.0         6 = FREEZING RAIN OR DRIZZLE
                        GRTST DEPTH:  M  ON   M    7 = DUSTSTORM OR SANDSTORM:
                                                       VSBY 1/2 MILE OR LESS
                                                   8 = SMOKE OR HAZE
[NO. OF DAYS WITH]      [WEATHER - DAYS WITH]      9 = BLOWING SNOW
                                                   X = TORNADO
MAX 32 OR BELOW:   0    0.01 INCH OR MORE:   0
MAX 90 OR ABOVE:   0    0.10 INCH OR MORE:   0
MIN 32 OR BELOW:   2    0.50 INCH OR MORE:   0
MIN  0 OR BELOW:   0    1.00 INCH OR MORE:   0

[HDD (BASE 65) ]
TOTAL THIS MO.   137    CLEAR  (SCALE 0-3)   0
DPTR FM NORMAL  -123    PTCLDY (SCALE 4-7)   0
TOTAL FM JUL 1   537    CLOUDY (SCALE 8-10)  0
DPTR FM NORMAL  -557

[CDD (BASE 65) ]
TOTAL THIS MO.     0
DPTR FM NORMAL     0    [PRESSURE DATA]
TOTAL FM JAN 1     0    HIGHEST SLP M ON M
DPTR FM NORMAL     0    LOWEST  SLP 29.73 ON  9

[REMARKS]
