000
CXUS53 KARX 220930
CF6OLZ
PRELIMINARY LOCAL CLIMATOLOGICAL DATA (WS FORM: F-6)

                                          STATION:   OELWEIN IA
                                          MONTH:     JULY
                                          YEAR:      2014
                                          LATITUDE:   42 40 N
                                          LONGITUDE:  91 58 W

  TEMPERATURE IN F:       :PCPN:    SNOW:  WIND      :SUNSHINE: SKY     :PK WND
================================================================================
1   2   3   4   5  6A  6B    7    8   9   10  11  12  13   14  15   16   17  18
                                     12Z  AVG MX 2MIN
DY MAX MIN AVG DEP HDD CDD  WTR  SNW DPTH SPD SPD DIR MIN PSBL S-S WX    SPD DR
================================================================================

 1  75  57  66   M   0   1    M  0.0    0 14.1 27 300   M    M   4 1      33 300
 2  64  54  59   M   6   0 0.00  0.0    0 10.1 15 320   M    M   7        22 320
 3  73  50  62   M   3   0 0.00  0.0    0  4.5 13 330   M    M   4 12     14 330
 4  77  52  65   M   0   0 0.00  0.0    0  5.6 13 180   M    M   0 1      20 190
 5  68  59  64   M   1   0 0.00  0.0    0 11.2 20 170   M    M   7 1      27 170
 6  86  64  75   M   0  10 0.21  0.0    0  9.7 20 240   M    M   7 1      29 240
 7  82  61  72   M   0   7 0.00  0.0    0  7.1 13 260   M    M   1        13 280
 8  77  59  68   M   0   3 0.00  0.0    0 13.7 21 310   M    M   1        31 310
 9  77  54  66   M   0   1 0.00  0.0    0  6.4 10 300   M    M   3        14  99
10  81  59  70   M   0   5 0.00  0.0    0  8.7 13 180   M    M   3        17 180
11  77  63  70   M   0   5 0.02  0.0    0 10.1 17 140   M    M   7        22 140
12  79  64  72   M   0   7 0.64  0.0    0  4.9 15 360   M    M   7 1      17 360
13  81  63  72   M   0   7 0.00  0.0    0  7.3 16 310   M    M   5 12     25 310
14  70  55  63   M   2   0 0.00  0.0    0 12.3 23 310   M    M   4        37 310
15  68  52  60   M   5   0 0.00  0.0    0  9.5 16 330   M    M   6        24 330
16  73  48  61   M   4   0 0.00  0.0    0  4.9  7 350   M    M   2        14 340
17  75  54  65   M   0   0 0.00  0.0    0  3.5  7 190   M    M   3         M  M
18  77  57  67   M   0   2 0.00  0.0    0  7.7 15 170   M    M   5        21 180
19  79  63  71   M   0   6 0.00  0.0    0  9.6 16 190   M    M   6        21 180
20  81  61  71   M   0   6 0.00  0.0    0 10.8 17 160   M    M   3        24 190
21  86  68  77   M   0  12 0.00  0.0    0 13.1 21 160   M    M   4        29 160
================================================================================
SM 1606 1217        21  72  0.87     0.0 184.8          M       89
================================================================================
AV 76.5 58.0                               8.8 FASTST   M    M   4    MAX(MPH)
                                 MISC ---->  # 27 300                 37    M
================================================================================
NOTES:
# LAST OF SEVERAL OCCURRENCES

COLUMN 17 PEAK WIND IN M.P.H.

PRELIMINARY LOCAL CLIMATOLOGICAL DATA (WS FORM: F-6) , PAGE 2

                                          STATION:  OELWEIN IA
                                          MONTH:    JULY
                                          YEAR:     2014
                                          LATITUDE:   42 40 N
                                          LONGITUDE:  91 58 W

[TEMPERATURE DATA]      [PRECIPITATION DATA]       SYMBOLS USED IN COLUMN 16

AVERAGE MONTHLY: 67.2   TOTAL FOR MONTH:   0.87    1 = FOG OR MIST
DPTR FM NORMAL:     M   DPTR FM NORMAL:       M    2 = FOG REDUCING VISIBILITY
HIGHEST:    86 ON 21, 6 GRTST 24HR  0.64 ON 12-12      TO 1/4 MILE OR LESS
LOWEST:     48 ON 16                               3 = THUNDER
                        SNOW, ICE PELLETS, HAIL    4 = ICE PELLETS
                        TOTAL MONTH:   0.0 INCH    5 = HAIL
                        GRTST 24HR     0.0         6 = FREEZING RAIN OR DRIZZLE
                        GRTST DEPTH:   0           7 = DUSTSTORM OR SANDSTORM:
                                                       VSBY 1/2 MILE OR LESS
                                                   8 = SMOKE OR HAZE
[NO. OF DAYS WITH]      [WEATHER - DAYS WITH]      9 = BLOWING SNOW
                                                   X = TORNADO
MAX 32 OR BELOW:   0    0.01 INCH OR MORE:   3
MAX 90 OR ABOVE:   0    0.10 INCH OR MORE:   2
MIN 32 OR BELOW:   0    0.50 INCH OR MORE:   1
MIN  0 OR BELOW:   0    1.00 INCH OR MORE:   0

[HDD (BASE 65) ]
TOTAL THIS MO.    21    CLEAR  (SCALE 0-3)   7
DPTR FM NORMAL     M    PTCLDY (SCALE 4-7)  14
TOTAL FM JUL 1    21    CLOUDY (SCALE 8-10)  0
DPTR FM NORMAL     M

[CDD (BASE 65) ]
TOTAL THIS MO.    72
DPTR FM NORMAL     M    [PRESSURE DATA]
TOTAL FM JAN 1   300    HIGHEST SLP M ON M
DPTR FM NORMAL     M    LOWEST  SLP M ON M

[REMARKS]
