000
CXUS53 KARX 261552
CF6OLZ
PRELIMINARY LOCAL CLIMATOLOGICAL DATA (WS FORM: F-6)

                                          STATION:   OELWEIN IA
                                          MONTH:     MARCH
                                          YEAR:      2015
                                          LATITUDE:   42 40 N
                                          LONGITUDE:  91 58 W

  TEMPERATURE IN F:       :PCPN:    SNOW:  WIND      :SUNSHINE: SKY     :PK WND
================================================================================
1   2   3   4   5  6A  6B    7    8   9   10  11  12  13   14  15   16   17  18
                                     12Z  AVG MX 2MIN
DY MAX MIN AVG DEP HDD CDD  WTR  SNW DPTH SPD SPD DIR MIN PSBL S-S WX    SPD DR
================================================================================

 1  23   3  13   M  52   0    T    T    7  9.5 17 290   M    M   4 1       M  M
 2  23   1  12   M  53   0 0.00  0.0    7  6.4 15 130   M    M   4 18      M  M
 3  32  10  21   M  44   0    T    T    7 16.3 23 310   M    M   8 16     31 320
 4  12  -2   5   M  60   0 0.00  0.0    7 15.0 24 320   M    M   3        33 320
 5   9 -15  -3   M  68   0 0.00  0.0    7  8.0 12 300   M    M   0        15 290
 6  34  -4  15   M  50   0 0.00  0.0    7 12.5 18 180   M    M   3        18 210
 7  41  25  33   M  32   0 0.00  0.0    6 10.7 18 300   M    M   3        25 300
 8  45  30  38   M  27   0 0.11  0.9    6  6.6 12 270   M    M   4 1      14 250
 9  48  28  38   M  27   0 0.00  0.0    3  8.1 14 190   M    M   0         M  M
10  57  32  45   M  20   0 0.00  0.0    2  8.4 12 200   M    M   3 12      M  M
11  55  34  45   M  20   0 0.00  0.0    1  7.0 10 150   M    M   0         M  M
12  59  34  47   M  18   0 0.00  0.0    0 14.0 21 150   M    M   0 1      27 150
13  66  36  51   M  14   0 0.00  0.0    0 10.7 16 320   M    M   1 18     22 320
14  59  32  46   M  19   0 0.00  0.0    0 10.8 18 300   M    M   0        24 330
15  64  30  47   M  18   0 0.00  0.0    0 11.4 25 210   M    M   0        31 210
16  79  37  58   M   7   0 0.00  0.0    0 14.7 27 360   M    M   1        33 360
17  45  32  39   M  26   0 0.00  0.0    0 13.8 23 360   M    M   5        30  20
18  43  32  38   M  27   0 0.00  0.0    0  5.1 10 150   M    M   8         M  M
19  46  34  40   M  25   0 0.00  0.0    0  9.3 17 160   M    M  10         M  M
20  57  30  44   M  21   0 0.00  0.0    0  9.8 14 280   M    M   2 1      22 280
21  50  32  41   M  24   0 0.00  0.0    0 11.3 21 350   M    M   1        25 360
22  45  30  38   M  27   0    T    T    0 16.1 24  90   M    M   7        33  90
23  32  27  30   M  35   0 0.01    M    T 13.9 24  60   M    M  10 1      30  60
24  36  27  32   M  33   0 0.16    M    T 16.0 22  90   M    M   8 1      32  90
25  41  30  36   M  29   0 0.28    M    T 13.1 22 290   M    M  10 12     33 290
================================================================================
SM 1101  585       776   0  0.56     0.9 278.5          M       95
================================================================================
AV 44.0 23.4                              11.1 FASTST   M    M   4    MAX(MPH)
                                 MISC ---->  # 27 360                 33    M
================================================================================
NOTES:
# LAST OF SEVERAL OCCURRENCES

COLUMN 17 PEAK WIND IN M.P.H.

PRELIMINARY LOCAL CLIMATOLOGICAL DATA (WS FORM: F-6) , PAGE 2

                                          STATION:  OELWEIN IA
                                          MONTH:    MARCH
                                          YEAR:     2015
                                          LATITUDE:   42 40 N
                                          LONGITUDE:  91 58 W

[TEMPERATURE DATA]      [PRECIPITATION DATA]       SYMBOLS USED IN COLUMN 16

AVERAGE MONTHLY: 33.7   TOTAL FOR MONTH:   0.56    1 = FOG OR MIST
DPTR FM NORMAL:     M   DPTR FM NORMAL:       M    2 = FOG REDUCING VISIBILITY
HIGHEST:    79 ON 16    GRTST 24HR  0.28 ON 25-25      TO 1/4 MILE OR LESS
LOWEST:    -15 ON  5                               3 = THUNDER
                        SNOW, ICE PELLETS, HAIL    4 = ICE PELLETS
                        TOTAL MONTH:   0.9 INCH    5 = HAIL
                        GRTST 24HR   0.9 ON   M    6 = FREEZING RAIN OR DRIZZLE
                        GRTST DEPTH:   7 ON  6, 5  7 = DUSTSTORM OR SANDSTORM:
                                                       VSBY 1/2 MILE OR LESS
                                                   8 = SMOKE OR HAZE
[NO. OF DAYS WITH]      [WEATHER - DAYS WITH]      9 = BLOWING SNOW
                                                   X = TORNADO
MAX 32 OR BELOW:   6    0.01 INCH OR MORE:   4
MAX 90 OR ABOVE:   0    0.10 INCH OR MORE:   3
MIN 32 OR BELOW:  20    0.50 INCH OR MORE:   0
MIN  0 OR BELOW:   3    1.00 INCH OR MORE:   0

[HDD (BASE 65) ]
TOTAL THIS MO.   776    CLEAR  (SCALE 0-3)  14
DPTR FM NORMAL     M    PTCLDY (SCALE 4-7)   6
TOTAL FM JUL 1  6592    CLOUDY (SCALE 8-10)  5
DPTR FM NORMAL     M

[CDD (BASE 65) ]
TOTAL THIS MO.     0
DPTR FM NORMAL     M    [PRESSURE DATA]
TOTAL FM JAN 1     0    HIGHEST SLP M ON M
DPTR FM NORMAL     M    LOWEST  SLP M ON M

[REMARKS]
