626
CXAK56 PAFG 231401
CF6OME
PRELIMINARY LOCAL CLIMATOLOGICAL DATA (WS FORM: F-6)

                                          STATION:   NOME AK
                                          MONTH:     SEPTEMBER
                                          YEAR:      2017
                                          LATITUDE:   64 30 N
                                          LONGITUDE: 165 26 W

  TEMPERATURE IN F:       :PCPN:    SNOW:  WIND      :SUNSHINE: SKY     :PK WND
================================================================================
1   2   3   4   5  6A  6B    7    8   9   10  11  12  13   14  15   16   17  18
                                     12Z  AVG MX 2MIN
DY MAX MIN AVG DEP HDD CDD  WTR  SNW DPTH SPD SPD DIR MIN PSBL S-S WX    SPD DR
================================================================================

 1  45  36  41  -7  24   0 0.08  0.0    0  7.7 14 160   M    M   8 1      17 170
 2  46  39  43  -5  22   0 0.70  0.0    0 10.2 18 120   M    M   9 1      22 110
 3  53  42  48   1  17   0 0.01  0.0    0  8.3 15  80   M    M   9 1      19  80
 4  59  37  48   1  17   0 0.00  0.0    0  6.7 13 240   M    M   1        13 250
 5  56  34  45  -2  20   0 0.00  0.0    0  5.8 14 130   M    M   0        17 140
 6  60  44  52   5  13   0 0.00  0.0    0  9.8 20  10   M    M   4        23  10
 7  55  44  50   4  15   0 0.00  0.0    0  6.3 17 330   M    M   8        22  10
 8  53  38  46   0  19   0 0.00  0.0    0 11.9 21 350   M    M   7         M  M
 9  47  36  42  -4  23   0 0.00  0.0    0  7.1 16 300   M    M   8        19 300
10  50  40  45   0  20   0 0.00  0.0    0  8.8 22 260   M    M   8        25 260
11  47  37  42  -3  23   0 0.35  0.0    0 11.2 23 190   M    M  10 1      28 190
12  48  46  47   2  18   0 0.65  0.0    0 12.0 28 160   M    M  10 1      35 150
13  48  35  42  -2  23   0 0.53  0.0    0 12.8 28 280   M    M   8 1      32 280
14  45  31  38  -6  27   0 0.00  0.0    0  4.5 12 250   M    M   4        13 240
15  49  31  40  -3  25   0 0.00  0.0    0  9.7 20  90   M    M   7 1      25  80
16  53  46  50   7  15   0 0.06  0.0    0  9.2 16  30   M    M   9 1      22  60
17  49  39  44   1  21   0 0.20  0.0    0 11.2 21 360   M    M  10        25 350
18  44  29  37  -5  28   0    T  0.0    0 10.3 20 320   M    M   8        27 310
19  41  29  35  -7  30   0 0.15    T    0 13.4 28  60   M    M  10 1      36  60
20  45  34  40  -1  25   0 0.00  0.0    0  7.4 16  40   M    M  10        20  40
21  49  30  40  -1  25   0    T  0.0    0  9.2 17 350   M    M   5        22 360
22  47  34  41   1  24   0    T  0.0    0 12.0 28  40   M    M   5        31  40
================================================================================
SM 1089  811       474   0  2.73    T    205.5          M      158
================================================================================
AV 49.5 36.9                               9.3 FASTST   M    M   7    MAX(MPH)
                                 MISC ---->  # 28 160               # 36   60
================================================================================
NOTES:
# LAST OF SEVERAL OCCURRENCES

COLUMN 17 PEAK WIND IN M.P.H.

PRELIMINARY LOCAL CLIMATOLOGICAL DATA (WS FORM: F-6) , PAGE 2

                                          STATION:  NOME AK
                                          MONTH:    SEPTEMBER
                                          YEAR:     2017
                                          LATITUDE:   64 30 N
                                          LONGITUDE: 165 26 W

[TEMPERATURE DATA]      [PRECIPITATION DATA]       SYMBOLS USED IN COLUMN 16

AVERAGE MONTHLY: 43.2   TOTAL FOR MONTH:   2.73    1 = FOG OR MIST
DPTR FM NORMAL:  -1.4   DPTR FM NORMAL:    0.85    2 = FOG REDUCING VISIBILITY
HIGHEST:    60 ON  6    GRTST 24HR  0.70 ON  2- 2      TO 1/4 MILE OR LESS
LOWEST:     29 ON 19,18                            3 = THUNDER
                        SNOW, ICE PELLETS, HAIL    4 = ICE PELLETS
                        TOTAL MONTH:    T          5 = HAIL
                        GRTST 24HR    T  ON 19-19  6 = FREEZING RAIN OR DRIZZLE
                        GRTST DEPTH:   0           7 = DUSTSTORM OR SANDSTORM:
                                                       VSBY 1/2 MILE OR LESS
                                                   8 = SMOKE OR HAZE
[NO. OF DAYS WITH]      [WEATHER - DAYS WITH]      9 = BLOWING SNOW
                                                   X = TORNADO
MAX 32 OR BELOW:   0    0.01 INCH OR MORE:   9
MAX 90 OR ABOVE:   0    0.10 INCH OR MORE:   6
MIN 32 OR BELOW:   5    0.50 INCH OR MORE:   3
MIN  0 OR BELOW:   0    1.00 INCH OR MORE:   0

[HDD (BASE 65) ]
TOTAL THIS MO.   474    CLEAR  (SCALE 0-3)   2
DPTR FM NORMAL    24    PTCLDY (SCALE 4-7)   8
TOTAL FM JUL 1  1320    CLOUDY (SCALE 8-10) 12
DPTR FM NORMAL    10

[CDD (BASE 65) ]
TOTAL THIS MO.     0
DPTR FM NORMAL     0    [PRESSURE DATA]
TOTAL FM JAN 1     4    HIGHEST SLP M ON M
DPTR FM NORMAL     1    LOWEST  SLP 29.22 ON 12

[REMARKS]
