000
CXUS52 KMLB 271223
CF6ORL
PRELIMINARY LOCAL CLIMATOLOGICAL DATA (WS FORM: F-6)

                                          STATION:   ORLANDO EXEC
                                          MONTH:     DECEMBER
                                          YEAR:      2014
                                          LATITUDE:   28 32 N
                                          LONGITUDE:  81 20 W

  TEMPERATURE IN F:       :PCPN:    SNOW:  WIND      :SUNSHINE: SKY     :PK WND
================================================================================
1   2   3   4   5  6A  6B    7    8   9   10  11  12  13   14  15   16   17  18
                                     12Z  AVG MX 2MIN
DY MAX MIN AVG DEP HDD CDD  WTR  SNW DPTH SPD SPD DIR MIN PSBL S-S WX    SPD DR
================================================================================

 1  79  58  69   3   0   4    T  0.0    0  8.1 21  70   M    M   3        25  80
 2  78  61  70   4   0   5    T  0.0    0  6.4 20  80   M    M   5        24  70
 3  80  61  71   5   0   6 0.00  0.0    0  7.4 18  80   M    M   4 1      21  80
 4  81  64  73   8   0   8 0.06  0.0    0  8.1 23  80   M    M   6 1      27  70
 5  78  66  72   7   0   7 0.06  0.0    0  6.3 16 110   M    M   8 18     21 130
 6  82  67  75  10   0  10 0.03  0.0    0  3.4  9  90   M    M   6 1      11 310
 7  72  60  66   1   0   1 0.09  0.0    0  9.4 17  10   M    M   7 1      22  10
 8  66  54  60  -5   5   0 0.07  0.0    0  8.6 18 360   M    M  10 1      24 360
 9  65  50  58  -6   7   0 0.01  0.0    0  9.3 17 310   M    M   4        23 300
10  63  45  54 -10  11   0 0.00  0.0    0  5.6 13 290   M    M   0        16 300
11  63  44  54 -10  11   0 0.00  0.0    0  6.3 20 290   M    M   0        23 290
12  63  45  54 -10  11   0 0.00  0.0    0  3.3  9 310   M    M   0        12 360
13  70  42  56  -8   9   0 0.00  0.0    0  3.1 10  20   M    M   0 1      13 340
14  71  44  58  -5   7   0 0.00  0.0    0  4.0 10 300   M    M   0        13 310
15  72  44  58  -5   7   0 0.00  0.0    0  1.2 10 250   M    M   0 1      13 220
16  74  45  60  -3   5   0 0.00  0.0    0  4.3 14 260   M    M   0 1      16 200
17  74  55  65   2   0   0 0.00  0.0    0  5.1 13 280   M    M   2        16 270
18  71  48  60  -2   5   0 0.00  0.0    0  3.5  9 300   M    M   0        15 320
19  72  52  62   0   3   0 0.00  0.0    0  2.9  8  40   M    M   0        12  20
20  77  55  66   4   0   1 0.00  0.0    0  2.8 12 210   M    M   2 1      14 220
21  79  61  70   8   0   5 0.73  0.0    0  4.6 15 200   M    M   6 1      17 200
22  78  65  72  10   0   7 0.24  0.0    0  6.0 16 170   M    M   4 1      23 190
23  82  66  74  12   0   9 0.01  0.0    0  9.2 16 170   M    M   4 1      21 170
24  84  65  75  14   0  10 0.38  0.0    0 14.3 25 270   M    M   7 13     33 210
25  65  54  60  -1   5   0 0.00  0.0    0  6.4 18 300   M    M   5        23 310
26  72  53  63   2   2   0 0.00  0.0    0  4.7  9  20   M    M   7        11  20
================================================================================
SM 1911 1424        88  73  1.68     0.0 154.3          M       90
================================================================================
AV 73.5 54.8                               5.9 FASTST   M    M   3    MAX(MPH)
                                 MISC ---->  # 25 270               # 33  210
================================================================================
NOTES:
# LAST OF SEVERAL OCCURRENCES

COLUMN 17 PEAK WIND IN M.P.H.

PRELIMINARY LOCAL CLIMATOLOGICAL DATA (WS FORM: F-6) , PAGE 2

                                          STATION:  ORLANDO EXEC
                                          MONTH:    DECEMBER
                                          YEAR:     2014
                                          LATITUDE:   28 32 N
                                          LONGITUDE:  81 20 W

[TEMPERATURE DATA]      [PRECIPITATION DATA]       SYMBOLS USED IN COLUMN 16

AVERAGE MONTHLY: 64.1   TOTAL FOR MONTH:   1.68    1 = FOG OR MIST
DPTR FM NORMAL:   0.7   DPTR FM NORMAL:   -0.61    2 = FOG REDUCING VISIBILITY
HIGHEST:    84 ON 24    GRTST 24HR  0.97 ON 21-22      TO 1/4 MILE OR LESS
LOWEST:     42 ON 13                               3 = THUNDER
                        SNOW, ICE PELLETS, HAIL    4 = ICE PELLETS
                        TOTAL MONTH:   0.0 INCH    5 = HAIL
                        GRTST 24HR     0.0         6 = FREEZING RAIN OR DRIZZLE
                        GRTST DEPTH:   0           7 = DUSTSTORM OR SANDSTORM:
                                                       VSBY 1/2 MILE OR LESS
                                                   8 = SMOKE OR HAZE
[NO. OF DAYS WITH]      [WEATHER - DAYS WITH]      9 = BLOWING SNOW
                                                   X = TORNADO
MAX 32 OR BELOW:   0    0.01 INCH OR MORE:  10
MAX 90 OR ABOVE:   0    0.10 INCH OR MORE:   3
MIN 32 OR BELOW:   0    0.50 INCH OR MORE:   1
MIN  0 OR BELOW:   0    1.00 INCH OR MORE:   0

[HDD (BASE 65) ]
TOTAL THIS MO.    88    CLEAR  (SCALE 0-3)  11
DPTR FM NORMAL   -16    PTCLDY (SCALE 4-7)  14
TOTAL FM JUL 1   167    CLOUDY (SCALE 8-10)  1
DPTR FM NORMAL    24

[CDD (BASE 65) ]
TOTAL THIS MO.    73
DPTR FM NORMAL     8    [PRESSURE DATA]
TOTAL FM JAN 1  3693    HIGHEST SLP M ON M
DPTR FM NORMAL   136    LOWEST  SLP 29.80 ON 24

[REMARKS]
