000
CXUS56 KMFR 231000
CF6OTH
PRELIMINARY LOCAL CLIMATOLOGICAL DATA (WS FORM: F-6)

                                          STATION:   NORTH BEND OR
                                          MONTH:     OCTOBER
                                          YEAR:      2017
                                          LATITUDE:   43 25 N
                                          LONGITUDE: 124 15 W

  TEMPERATURE IN F:       :PCPN:    SNOW:  WIND      :SUNSHINE: SKY     :PK WND
================================================================================
1   2   3   4   5  6A  6B    7    8   9   10  11  12  13   14  15   16   17  18
                                     12Z  AVG MX 2MIN
DY MAX MIN AVG DEP HDD CDD  WTR  SNW DPTH SPD SPD DIR MIN PSBL S-S WX    SPD DR
================================================================================

 1  65  48  57   2   8   0 0.02    M    M  6.9 13 320   M    M   6 1       M  M
 2  63  47  55   0  10   0 0.01    M    M  8.8 18 350   0    0   0         M  M
 3  72  42  57   2   8   0 0.00    M    M  4.5 13 350   0    0   0         M  M
 4  68  41  55   0  10   0 0.00    M    M  4.2  8 280   0    0   0         M  M
 5  69  43  56   1   9   0 0.00    M    M  8.2 18 350   M    M   0        24 350
 6  66  44  55   0  10   0 0.00    M    M  6.4 12 300   M    M   1 1       M  M
 7  63  50  57   2   8   0 0.06    M    M  7.1 12 300   M    M   6 1       M  M
 8  61  45  53  -1  12   0 0.01    M    M 11.0 21 350   M    M   2 1      28 350
 9  71  43  57   3   8   0 0.00    M    M  5.8 17 350   0    0   0         M  M
10  59  45  52  -2  13   0 0.05    M    M  5.3 10 140   M    M   7 12      M  M
11  59  44  52  -2  13   0 0.33    M    M  8.1 12 250   M    M   4 1       M  M
12  59  44  52  -2  13   0 0.23    M    M  8.7 14 220   M    M   9 1       M  M
13  60  44  52  -2  13   0 0.09    M    M  7.0 13 310   M    M   8 1       M  M
14  64  37  51  -3  14   0 0.00    M    M  4.9 13 350   M    M   1 12      M  M
15  63  43  53  -1  12   0 0.00    M    M  7.8 15 350   M    M   0 1       M  M
16  60  41  51  -3  14   0    T    M    M  7.9 18 350   M    M   1 12      M  M
17  65  47  56   3   9   0 0.00    M    M  6.0 10 150   M    M   6 1       M  M
18  63  49  56   3   9   0 0.00    M    M 10.8 18 160   M    M   8 1      32 220
19  60  48  54   1  11   0 1.64    M    M 12.1 28 200   M    M  10 13     43 200
20  56  46  51  -2  14   0 1.07    M    M  6.4  9 150   M    M  10 13      M  M
21   M   M   M   M   M   M 0.50    M    M 17.1 27 200   M    M  10 1      40 190
22  64  52  58   5   7   0 1.62    M    M 10.1 27 250   M    M   8 128    43 220
================================================================================
SM 1330  943       225   0  5.63    M    175.1            0     97
================================================================================
AV 63.3 44.9                               8.0 FASTST    0   0   4    MAX(MPH)
                                 MISC ---->  # 28 200               # 43  200
================================================================================
NOTES:
# LAST OF SEVERAL OCCURRENCES

COLUMN 17 PEAK WIND IN M.P.H.

PRELIMINARY LOCAL CLIMATOLOGICAL DATA (WS FORM: F-6) , PAGE 2

                                          STATION:  NORTH BEND OR
                                          MONTH:    OCTOBER
                                          YEAR:     2017
                                          LATITUDE:   43 25 N
                                          LONGITUDE: 124 15 W

[TEMPERATURE DATA]      [PRECIPITATION DATA]       SYMBOLS USED IN COLUMN 16

AVERAGE MONTHLY: 54.1   TOTAL FOR MONTH:   5.63    1 = FOG OR MIST
DPTR FM NORMAL:   0.1   DPTR FM NORMAL:    2.84    2 = FOG REDUCING VISIBILITY
HIGHEST:    72 ON  3    GRTST 24HR  1.64 ON 19-19      TO 1/4 MILE OR LESS
LOWEST:     37 ON 14                               3 = THUNDER
                        SNOW, ICE PELLETS, HAIL    4 = ICE PELLETS
                        TOTAL MONTH:    M          5 = HAIL
                        GRTST 24HR    M  ON   M    6 = FREEZING RAIN OR DRIZZLE
                        GRTST DEPTH:  M  ON   M    7 = DUSTSTORM OR SANDSTORM:
                                                       VSBY 1/2 MILE OR LESS
                                                   8 = SMOKE OR HAZE
[NO. OF DAYS WITH]      [WEATHER - DAYS WITH]      9 = BLOWING SNOW
                                                   X = TORNADO
MAX 32 OR BELOW:   0    0.01 INCH OR MORE:  12
MAX 90 OR ABOVE:   0    0.10 INCH OR MORE:   6
MIN 32 OR BELOW:   0    0.50 INCH OR MORE:   4
MIN  0 OR BELOW:   0    1.00 INCH OR MORE:   3

[HDD (BASE 65) ]
TOTAL THIS MO.   225    CLEAR  (SCALE 0-3)  10
DPTR FM NORMAL   -17    PTCLDY (SCALE 4-7)   5
TOTAL FM JUL 1   682    CLOUDY (SCALE 8-10)  7
DPTR FM NORMAL  -168

[CDD (BASE 65) ]
TOTAL THIS MO.     0
DPTR FM NORMAL     0    [PRESSURE DATA]
TOTAL FM JAN 1     9    HIGHEST SLP  0.00 ON M
DPTR FM NORMAL     7    LOWEST  SLP  0.00 ON 19

[REMARKS]
