000
CXUS56 KMFR 011000
CF6OTH
PRELIMINARY LOCAL CLIMATOLOGICAL DATA (WS FORM: F-6)

                                          STATION:   NORTH BEND OR
                                          MONTH:     SEPTEMBER
                                          YEAR:      2014
                                          LATITUDE:   43 25 N
                                          LONGITUDE: 124 15 W

  TEMPERATURE IN F:       :PCPN:    SNOW:  WIND      :SUNSHINE: SKY     :PK WND
================================================================================
1   2   3   4   5  6A  6B    7    8   9   10  11  12  13   14  15   16   17  18
                                     12Z  AVG MX 2MIN
DY MAX MIN AVG DEP HDD CDD  WTR  SNW DPTH SPD SPD DIR MIN PSBL S-S WX    SPD DR
================================================================================

 1  73  54  64   5   1   0 0.00    M    M  9.9 23 360   M    M   2        29 360
 2  70  55  63   4   2   0 0.00    M    M 11.4 20 360   M    M   4        28 360
 3  70  52  61   2   4   0 0.00    M    M 11.5 25 360   M    M   0        37 360
 4  72  50  61   2   4   0 0.00    M    M 11.9 25 360   M    M   0        31 350
 5  93  48  71  13   0   6 0.00    M    M  5.9 18 270   M    M   1        17  90
 6  61  52  57  -1   8   0 0.00    M    M  4.1 13 270   M    M   0         M  M
 7  59  54  57  -1   8   0 0.00    M    M  5.1  9  10   0    0   0         M  M
 8  68  55  62   4   3   0 0.00    M    M 10.6 22 350   M    M   8        30 350
 9  70  55  63   5   2   0 0.00    M    M  8.8 22 360   M    M   4        27 360
10  66  52  59   1   6   0 0.00    M    M 11.4 28 360   M    M   M        35 360
11  86  48  67   9   0   2 0.00    M    M  4.5 20 350   M    M   M        25 350
12  72  50  61   3   4   0 0.00    M    M  3.5  9 270   M    M   M         M  M
13  72  46  59   1   6   0 0.00    M    M  4.9 12 270   M    M   M         M  M
14  70  46  58   0   7   0 0.00    M    M  5.3 10 280   M    M   0         M  M
15  61  48  55  -3  10   0 0.00    M    M  3.4 10 250   M    M   0         M  M
16  70  52  61   3   4   0 0.00    M    M  5.3 16 250   M    M   0         M  M
17  64  55  60   3   5   0 0.00    M    M  2.6  8 250   M    M   M         M  M
18  72  55  64   7   1   0 0.00    M    M  3.7 12 360   0    0   0         M  M
19  73  54  64   7   1   0 0.00    M    M  8.1 23 350   M    M   1 12     31 360
20  73  54  64   7   1   0 0.00    M    M  5.0 14 270   0    0   0         M  M
21  66  57  62   5   3   0 0.00    M    M  5.5 15 250   M    M  10        21 240
22  68  61  65   8   0   0 0.00    M    M  4.3 10 280   0    0   0         M  M
23  73  61  67  10   0   2 1.07    M    M  6.1 14 240   M    M  10        22 240
24  70  57  64   8   1   0 0.54    M    M  5.8 12 170   M    M   7        17 190
25  72  54  63   7   2   0 0.00    M    M  8.1 17 220   M    M   5        25 220
26  70  54  62   6   3   0 0.00    M    M  6.3 12 270   M    M   M         M  M
27  66  55  61   5   4   0 0.00    M    M  8.2 17 360   M    M   7        24 350
28  68  54  61   5   4   0 0.00    M    M  5.2 14 350   M    M   M         M  M
29  66  55  61   5   4   0 0.15    M    M  6.1 10 250   M    M   M         M  M
30  66  54  60   4   5   0 0.07    M    M  5.7 14 360   M    M   6        20 360
================================================================================
SM 2100 1597       103  10  1.83    M    198.2            0     65
================================================================================
AV 70.0 53.2                               6.6 FASTST    0   0   3    MAX(MPH)
                                 MISC ---->    28   M                 37    M
================================================================================
NOTES:
# LAST OF SEVERAL OCCURRENCES

COLUMN 17 PEAK WIND IN M.P.H.

PRELIMINARY LOCAL CLIMATOLOGICAL DATA (WS FORM: F-6) , PAGE 2

                                          STATION:  NORTH BEND OR
                                          MONTH:    SEPTEMBER
                                          YEAR:     2014
                                          LATITUDE:   43 25 N
                                          LONGITUDE: 124 15 W

[TEMPERATURE DATA]      [PRECIPITATION DATA]       SYMBOLS USED IN COLUMN 16

AVERAGE MONTHLY: 61.6   TOTAL FOR MONTH:   1.83    1 = FOG OR MIST
DPTR FM NORMAL:   4.2   DPTR FM NORMAL:    0.25    2 = FOG REDUCING VISIBILITY
HIGHEST:    93 ON  5    GRTST 24HR  1.07 ON 23-23      TO 1/4 MILE OR LESS
LOWEST:     46 ON 14,13                            3 = THUNDER
                        SNOW, ICE PELLETS, HAIL    4 = ICE PELLETS
                        TOTAL MONTH:    M          5 = HAIL
                        GRTST 24HR    M  ON   M    6 = FREEZING RAIN OR DRIZZLE
                        GRTST DEPTH:  M  ON   M    7 = DUSTSTORM OR SANDSTORM:
                                                       VSBY 1/2 MILE OR LESS
                                                   8 = SMOKE OR HAZE
[NO. OF DAYS WITH]      [WEATHER - DAYS WITH]      9 = BLOWING SNOW
                                                   X = TORNADO
MAX 32 OR BELOW:   0    0.01 INCH OR MORE:   4
MAX 90 OR ABOVE:   1    0.10 INCH OR MORE:   3
MIN 32 OR BELOW:   0    0.50 INCH OR MORE:   2
MIN  0 OR BELOW:   0    1.00 INCH OR MORE:   1

[HDD (BASE 65) ]
TOTAL THIS MO.   103    CLEAR  (SCALE 0-3)  13
DPTR FM NORMAL  -126    PTCLDY (SCALE 4-7)   7
TOTAL FM JUL 1   368    CLOUDY (SCALE 8-10)  2
DPTR FM NORMAL  -240

[CDD (BASE 65) ]
TOTAL THIS MO.    10
DPTR FM NORMAL     9    [PRESSURE DATA]
TOTAL FM JAN 1    22    HIGHEST SLP M ON M
DPTR FM NORMAL    20    LOWEST  SLP  0.00 ON 17

[REMARKS]
#FINAL-09-14#
