000
CXUS56 KOTX 280900
CF6OTX
PRELIMINARY LOCAL CLIMATOLOGICAL DATA (WS FORM: F-6)

                                          STATION:   SPOKANE  WA WFO
                                          MONTH:     APRIL
                                          YEAR:      2017
                                          LATITUDE:   47 40 N
                                          LONGITUDE: 117 38 W

  TEMPERATURE IN F:       :PCPN:    SNOW:  WIND      :SUNSHINE: SKY     :PK WND
================================================================================
1   2   3   4   5  6A  6B    7    8   9   10  11  12  13   14  15   16   17  18
                                     12Z  AVG MX 2MIN
DY MAX MIN AVG DEP HDD CDD  WTR  SNW DPTH SPD SPD DIR MIN PSBL S-S WX    SPD DR
================================================================================

 1  55  33  44   1  21   0 0.00  0.0    0   M   M   M   M    M   M         M  M
 2  52  35  44   1  21   0    T    T    0   M   M   M   M    M   M         M  M
 3  50  29  40  -4  25   0 0.00  0.0    0   M   M   M   M    M   M         M  M
 4  54  26  40  -4  25   0 0.00  0.0    0   M   M   M   M    M   M         M  M
 5  60  39  50   6  15   0 0.08  0.0    0   M   M   M   M    M   M         M  M
 6  57  43  50   6  15   0 0.05  0.0    0   M   M   M   M    M   M         M  M
 7  58  39  49   5  16   0 0.20  0.0    0   M   M   M   M    M   M         M  M
 8  44  32  38  -6  27   0 0.05  0.0    0   M   M   M   M    M   M         M  M
 9  48  30  39  -6  26   0 0.04  0.0    0   M   M   M   M    M   M         M  M
10  49  30  40  -5  25   0 0.22  0.3    0   M   M   M   M    M   M 4       M  M
11  55  27  41  -4  24   0 0.00  0.0    0   M   M   M   M    M   M         M  M
12  53  43  48   3  17   0 0.44  0.0    0   M   M   M   M    M   M 1       M  M
13  53  33  43  -2  22   0 0.04  0.0    0   M   M   M   M    M   M 1       M  M
14  49  33  41  -5  24   0 0.00  0.0    0   M   M   M   M    M   M         M  M
15  50  30  40  -6  25   0 0.00  0.0    0   M   M   M   M    M   M         M  M
16  58  28  43  -3  22   0    T  0.0    0   M   M   M   M    M   M         M  M
17  55  40  48   2  17   0 0.49  0.0    0   M   M   M   M    M   M         M  M
18  57  36  47   1  18   0 0.09  0.0    0   M   M   M   M    M   M 3       M  M
19  60  33  47   1  18   0    T  0.0    0   M   M   M   M    M   M         M  M
20  56  38  47   0  18   0 0.04  0.0    0   M   M   M   M    M   M         M  M
21  56  33  45  -2  20   0 0.00  0.0    0   M   M   M   M    M   M         M  M
22  63  36  50   3  15   0    T  0.0    0   M   M   M   M    M   M         M  M
23  56  42  49   2  16   0 0.00  0.0    0 12.0 24   M   M    M   M        30  M
24  51  39  45  -3  20   0 0.12  0.0    0  9.0 17   M   M    M   M        21  M
25  55  39  47  -1  18   0 0.00  0.0    0 12.0 24   M   M    M   M        30  M
26  55  37  46  -2  19   0 0.03  0.0    0   M   M   M   M    M   M         M  M
27  51  35  43  -5  22   0    T  0.0    0   M   M   M   M    M   M         M  M
================================================================================
SM 1460  938       551   0  1.89     0.3  33.0          M        M
================================================================================
AV 54.1 34.7                              11.0 FASTST   M    M -nan   MAX(MPH)
                                 MISC ---->    24   M                 30    M
================================================================================
NOTES:
# LAST OF SEVERAL OCCURRENCES

COLUMN 17 PEAK WIND IN M.P.H.

PRELIMINARY LOCAL CLIMATOLOGICAL DATA (WS FORM: F-6) , PAGE 2

                                          STATION:  SPOKANE  WA WFO
                                          MONTH:    APRIL
                                          YEAR:     2017
                                          LATITUDE:   47 40 N
                                          LONGITUDE: 117 38 W

[TEMPERATURE DATA]      [PRECIPITATION DATA]       SYMBOLS USED IN COLUMN 16

AVERAGE MONTHLY: 44.4   TOTAL FOR MONTH:   1.89    1 = FOG OR MIST
DPTR FM NORMAL:  -1.2   DPTR FM NORMAL:    0.76    2 = FOG REDUCING VISIBILITY
HIGHEST:    63 ON 22    GRTST 24HR  0.49 ON 17-17      TO 1/4 MILE OR LESS
LOWEST:     26 ON  4                               3 = THUNDER
                        SNOW, ICE PELLETS, HAIL    4 = ICE PELLETS
                        TOTAL MONTH:   0.3 INCH    5 = HAIL
                        GRTST 24HR   0.3 ON   M    6 = FREEZING RAIN OR DRIZZLE
                        GRTST DEPTH:   0           7 = DUSTSTORM OR SANDSTORM:
                                                       VSBY 1/2 MILE OR LESS
                                                   8 = SMOKE OR HAZE
[NO. OF DAYS WITH]      [WEATHER - DAYS WITH]      9 = BLOWING SNOW
                                                   X = TORNADO
MAX 32 OR BELOW:   0    0.01 INCH OR MORE:  13
MAX 90 OR ABOVE:   0    0.10 INCH OR MORE:   5
MIN 32 OR BELOW:   8    0.50 INCH OR MORE:   0
MIN  0 OR BELOW:   0    1.00 INCH OR MORE:   0

[HDD (BASE 65) ]
TOTAL THIS MO.   551    CLEAR  (SCALE 0-3)   0
DPTR FM NORMAL    28    PTCLDY (SCALE 4-7)   0
TOTAL FM JUL 1  6704    CLOUDY (SCALE 8-10)  0
DPTR FM NORMAL   173

[CDD (BASE 65) ]
TOTAL THIS MO.     0
DPTR FM NORMAL     0    [PRESSURE DATA]
TOTAL FM JAN 1     0    HIGHEST SLP M ON M
DPTR FM NORMAL     0    LOWEST  SLP M ON M

[REMARKS]
