000
CXUS53 KARX 180930
CF6OVS
PRELIMINARY LOCAL CLIMATOLOGICAL DATA (WS FORM: F-6)

                                          STATION:   BOSCOBEL_(ASOS) WI
                                          MONTH:     APRIL
                                          YEAR:      2014
                                          LATITUDE:   43  9 N
                                          LONGITUDE:  90 41 W

  TEMPERATURE IN F:       :PCPN:    SNOW:  WIND      :SUNSHINE: SKY     :PK WND
================================================================================
1   2   3   4   5  6A  6B    7    8   9   10  11  12  13   14  15   16   17  18
                                     12Z  AVG MX 2MIN
DY MAX MIN AVG DEP HDD CDD  WTR  SNW DPTH SPD SPD DIR MIN PSBL S-S WX    SPD DR
================================================================================

 1  44  25  35  -7  30   0    T  0.0    0 13.5 21 260   M    M   5 6      36 240
 2  56  20  38  -4  27   0    T  0.0    0  6.6 18  80   M    M   3 1      27  90
 3  45  35  40  -2  25   0 0.17  0.0    0  9.6 20  80   M    M   9 13     30  80
 4  40  33  37  -6  28   0 0.04    M    0  8.9 24 310   M    M  10 1      35 310
 5  55  25  40  -3  25   0 0.00  0.0    0  4.7 14 210   M    M   0 18     20 230
 6  64  26  45   1  20   0    T  0.0    0  4.7 16 200   M    M   5 18     21 190
 7  61  39  50   6  15   0 0.02  0.0    0  3.7 14 320   M    M   7 18     17 320
 8  62  32  47   2  18   0 0.00  0.0    0  5.4 18 330   M    M   1 1      27 320
 9  68  26  47   2  18   0 0.00  0.0    0  7.9 23 210   M    M   1 1      31 210
10  66  41  54   8  11   0    T  0.0    0  8.0 21 310   M    M   1        31 280
11  72  31  52   6  13   0    T  0.0    0  5.5 21 310   M    M   3 18     33 240
12  66  44  55   8  10   0 1.14  0.0    0  6.1 26 360   M    M   4 13     34 360
13  54  39  47   0  18   0 2.43  0.0    0  8.3 25  10   M    M   9 13     36  20
14  39  28  34 -14  31   0 0.25    M    M  9.3 20 340   M    M   9 1      27 330
15  40  21  31 -17  34   0    T  0.0    M  3.0  9 350   M    M   6         M  M
16  57  28  43  -5  22   0    T  0.0    0  7.6 23 180   M    M   6 8      32 200
17  53  30  42  -7  23   0 0.00  0.0    0  7.6 21 230   M    M   6 1      29 230
================================================================================
SM  942  523       368   0  4.05     0.0 120.4          M       85
================================================================================
AV 55.4 30.8                               7.1 FASTST   M    M   5    MAX(MPH)
                                 MISC ---->  # 26 360               # 36   20
================================================================================
NOTES:
# LAST OF SEVERAL OCCURRENCES

COLUMN 17 PEAK WIND IN M.P.H.

PRELIMINARY LOCAL CLIMATOLOGICAL DATA (WS FORM: F-6) , PAGE 2

                                          STATION:  BOSCOBEL_(ASOS) WI
                                          MONTH:    APRIL
                                          YEAR:     2014
                                          LATITUDE:   43  9 N
                                          LONGITUDE:  90 41 W

[TEMPERATURE DATA]      [PRECIPITATION DATA]       SYMBOLS USED IN COLUMN 16

AVERAGE MONTHLY: 43.1   TOTAL FOR MONTH:   4.05    1 = FOG OR MIST
DPTR FM NORMAL:  -2.1   DPTR FM NORMAL:    2.47    2 = FOG REDUCING VISIBILITY
HIGHEST:    72 ON 11    GRTST 24HR  3.17 ON 12-13      TO 1/4 MILE OR LESS
LOWEST:     20 ON  2                               3 = THUNDER
                        SNOW, ICE PELLETS, HAIL    4 = ICE PELLETS
                        TOTAL MONTH:   0.0 INCH    5 = HAIL
                        GRTST 24HR     0.0         6 = FREEZING RAIN OR DRIZZLE
                        GRTST DEPTH:   0           7 = DUSTSTORM OR SANDSTORM:
                                                       VSBY 1/2 MILE OR LESS
                                                   8 = SMOKE OR HAZE
[NO. OF DAYS WITH]      [WEATHER - DAYS WITH]      9 = BLOWING SNOW
                                                   X = TORNADO
MAX 32 OR BELOW:   0    0.01 INCH OR MORE:   6
MAX 90 OR ABOVE:   0    0.10 INCH OR MORE:   4
MIN 32 OR BELOW:  11    0.50 INCH OR MORE:   2
MIN  0 OR BELOW:   0    1.00 INCH OR MORE:   2

[HDD (BASE 65) ]
TOTAL THIS MO.   368    CLEAR  (SCALE 0-3)   6
DPTR FM NORMAL    32    PTCLDY (SCALE 4-7)   7
TOTAL FM JUL 1  7633    CLOUDY (SCALE 8-10)  4
DPTR FM NORMAL  1002

[CDD (BASE 65) ]
TOTAL THIS MO.     0
DPTR FM NORMAL     0    [PRESSURE DATA]
TOTAL FM JAN 1     0    HIGHEST SLP M ON M
DPTR FM NORMAL    -1    LOWEST  SLP 29.50 ON  4

[REMARKS]
