793
CXUS55 KPAH 160630
CF6OWB
PRELIMINARY LOCAL CLIMATOLOGICAL DATA (WS FORM: F-6)

                                          STATION:   OWENSBORO KY
                                          MONTH:     DECEMBER
                                          YEAR:      2017
                                          LATITUDE:   37 45 N
                                          LONGITUDE:  87 10 W

  TEMPERATURE IN F:       :PCPN:    SNOW:  WIND      :SUNSHINE: SKY     :PK WND
================================================================================
1   2   3   4   5  6A  6B    7    8   9   10  11  12  13   14  15   16   17  18
                                     12Z  AVG MX 2MIN
DY MAX MIN AVG DEP HDD CDD  WTR  SNW DPTH SPD SPD DIR MIN PSBL S-S WX    SPD DR
================================================================================

 1  56  26  41  -2  24   0 0.00  0.0    0  1.8  9 110   M    M   0        10 110
 2  60  39  50   7  15   0 0.00  0.0    0  1.5  5  99   M    M   2         M  M
 3  65  34  50   8  15   0 0.00  0.0    0  3.5  8 140   M    M   0 8      10 150
 4  69  46  58  16   7   0 0.01  0.0    0 15.1 26 180   M    M   3 8      33 170
 5  60  30  45   3  20   0 0.84  0.0    0 10.5 23 190   M    M   4 13     29 180
 6  48  28  38  -3  27   0 0.00  0.0    0  6.1 15 270   M    M   0        18 300
 7  37  23  30 -11  35   0 0.00  0.0    0  6.7 22 320   M    M   5        25 320
 8  35  20  28 -13  37   0 0.00  0.0    0  3.3  8 180   M    M   0        10 180
 9  36  22  29 -11  36   0    T    M    0 10.6 22 320   M    M   7        28 320
10  46  21  34  -6  31   0 0.00  0.0    0  7.8 22 200   M    M   0        25 210
11  58  24  41   1  24   0 0.00  0.0    0 10.0 25 200   M    M   1        31 300
12  46  21  34  -6  31   0    T    M    0 13.8 28 320   M    M   5        35 320
13  50  20  35  -4  30   0 0.00  0.0    0 13.9 30 230   M    M   2        38 210
14  35  30  33  -6  32   0 0.00  0.0    0  8.8 18 320   M    M   8        24 330
15  40  30  35  -4  30   0 0.00  0.0    0  8.0 15 270   M    M   9        17 270
================================================================================
SM  741  414       394   0  0.85     0.0 121.4          M       46
================================================================================
AV 49.4 27.6                               8.1 FASTST   M    M   3    MAX(MPH)
                                 MISC ---->  # 30 230               # 38  210
================================================================================
NOTES:
# LAST OF SEVERAL OCCURRENCES

COLUMN 17 PEAK WIND IN M.P.H.

PRELIMINARY LOCAL CLIMATOLOGICAL DATA (WS FORM: F-6) , PAGE 2

                                          STATION:  OWENSBORO KY
                                          MONTH:    DECEMBER
                                          YEAR:     2017
                                          LATITUDE:   37 45 N
                                          LONGITUDE:  87 10 W

[TEMPERATURE DATA]      [PRECIPITATION DATA]       SYMBOLS USED IN COLUMN 16

AVERAGE MONTHLY: 38.5   TOTAL FOR MONTH:   0.85    1 = FOG OR MIST
DPTR FM NORMAL:  -2.3   DPTR FM NORMAL:   -1.34    2 = FOG REDUCING VISIBILITY
HIGHEST:    69 ON  4    GRTST 24HR  0.84 ON  5- 5      TO 1/4 MILE OR LESS
LOWEST:     20 ON 13, 8                            3 = THUNDER
                        SNOW, ICE PELLETS, HAIL    4 = ICE PELLETS
                        TOTAL MONTH:   0.0 INCH    5 = HAIL
                        GRTST 24HR     0.0         6 = FREEZING RAIN OR DRIZZLE
                        GRTST DEPTH:   0           7 = DUSTSTORM OR SANDSTORM:
                                                       VSBY 1/2 MILE OR LESS
                                                   8 = SMOKE OR HAZE
[NO. OF DAYS WITH]      [WEATHER - DAYS WITH]      9 = BLOWING SNOW
                                                   X = TORNADO
MAX 32 OR BELOW:   0    0.01 INCH OR MORE:   2
MAX 90 OR ABOVE:   0    0.10 INCH OR MORE:   1
MIN 32 OR BELOW:  12    0.50 INCH OR MORE:   1
MIN  0 OR BELOW:   0    1.00 INCH OR MORE:   0

[HDD (BASE 65) ]
TOTAL THIS MO.   394    CLEAR  (SCALE 0-3)   8
DPTR FM NORMAL    30    PTCLDY (SCALE 4-7)   5
TOTAL FM JUL 1  1113    CLOUDY (SCALE 8-10)  2
DPTR FM NORMAL    67

[CDD (BASE 65) ]
TOTAL THIS MO.     0
DPTR FM NORMAL     0    [PRESSURE DATA]
TOTAL FM JAN 1  1613    HIGHEST SLP M ON M
DPTR FM NORMAL  -145    LOWEST  SLP 29.57 ON 13

[REMARKS]
