000
CXUS53 KDDC 271200
CF6P28
PRELIMINARY LOCAL CLIMATOLOGICAL DATA (WS FORM: F-6)

                                          STATION:   MEDICINE LODGE KS
                                          MONTH:     JUNE
                                          YEAR:      2017
                                          LATITUDE:   37 17 N
                                          LONGITUDE:  98 35 W

  TEMPERATURE IN F:       :PCPN:    SNOW:  WIND      :SUNSHINE: SKY     :PK WND
================================================================================
1   2   3   4   5  6A  6B    7    8   9   10  11  12  13   14  15   16   17  18
                                     12Z  AVG MX 2MIN
DY MAX MIN AVG DEP HDD CDD  WTR  SNW DPTH SPD SPD DIR MIN PSBL S-S WX    SPD DR
================================================================================

 1  88  59  74   2   0   9 0.00  0.0    0  8.1 17 170   M    M   0        23 170
 2  81  59  70  -3   0   5 0.00  0.0    0  7.3 14 170   M    M   0        21 150
 3  79  61  70  -3   0   5 0.41  0.0    0  4.2 22 200   M    M   0        27 190
 4  84  64  74   1   0   9 0.01  0.0    0  5.8 17  70   M    M   0        23  70
 5  89  60  75   1   0  10 0.00    M    M  5.1 15  40   M    M   0        19  80
 6  93  60  77   3   0  12 0.32    M    M  7.2 37  20   M    M   0        44  20
 7  84  63  74   0   0   9 0.00  0.0    0  3.5 12 100   M    M   0        14 110
 8  76  58  67  -8   0   2 0.10  0.0    0  4.0 14 190   M    M   0        17 200
 9  87  62  75   0   0  10 0.00  0.0    0 10.3 18 170   M    M   0        25 170
10  92  69  81   6   0  16 0.00  0.0    0 15.7 26 180   M    M   0        40 190
11  92  70  81   5   0  16 0.00  0.0    0 16.7 29 180   M    M   0        37 180
12  95  70  83   7   0  18 0.00  0.0    0 15.2 29 190   M    M   0        41 180
13  93  73  83   7   0  18 0.11  0.0    0 16.2 29 190   M    M   0        38 170
14  93  66  80   4   0  15 0.74  0.0    0  5.3 39 280   M    M   0        61 280
15  97  66  82   5   0  17 0.04  0.0    0  8.1 44 220   M    M   0        59 230
16  96  67  82   5   0  17 0.00  0.0    0  8.9 20 220   M    M   0        24 220
17  99  73  86   9   0  21 0.00  0.0    0  9.3 28  40   M    M   0        37  30
18  85  64  75  -3   0  10 0.01  0.0    0 11.0 26  10   M    M   0        37  40
19  88  56  72  -6   0   7 0.00  0.0    0  4.5 13 170   M    M   0        16 170
20  96  59  78   0   0  13 0.00  0.0    0  6.9 16 180   M    M   0        22 160
21  96  68  82   4   0  17 0.00  0.0    0 11.0 24 180   M    M   0        34 150
22  97  68  83   5   0  18 0.00  0.0    0  9.2 17 170   M    M   0        23 180
23  85  66  76  -3   0  11 0.00  0.0    0 12.0 33  30   M    M   0        45  40
24  84  60  72  -7   0   7 0.02  0.0    0  4.6 14 190   M    M   0        19 190
25  87  62  75  -4   0  10 0.00  0.0    0  7.2 20  60   M    M   0        24  50
26  88  58  73  -7   0   8 0.00  0.0    0  5.8 17  70   M    M   0        23  70
================================================================================
SM 2324 1661         0 310  1.76     0.0 223.1          M        0
================================================================================
AV 89.4 63.9                               8.6 FASTST   M    M   0    MAX(MPH)
                                 MISC ---->  # 44 220               # 61  280
================================================================================
NOTES:
# LAST OF SEVERAL OCCURRENCES

COLUMN 17 PEAK WIND IN M.P.H.

PRELIMINARY LOCAL CLIMATOLOGICAL DATA (WS FORM: F-6) , PAGE 2

                                          STATION:  MEDICINE LODGE KS
                                          MONTH:    JUNE
                                          YEAR:     2017
                                          LATITUDE:   37 17 N
                                          LONGITUDE:  98 35 W

[TEMPERATURE DATA]      [PRECIPITATION DATA]       SYMBOLS USED IN COLUMN 16

AVERAGE MONTHLY: 76.6   TOTAL FOR MONTH:   1.76    1 = FOG OR MIST
DPTR FM NORMAL:   0.5   DPTR FM NORMAL:   -1.95    2 = FOG REDUCING VISIBILITY
HIGHEST:    99 ON 17    GRTST 24HR  0.74 ON 14-14      TO 1/4 MILE OR LESS
LOWEST:     56 ON 19                               3 = THUNDER
                        SNOW, ICE PELLETS, HAIL    4 = ICE PELLETS
                        TOTAL MONTH:   0.0 INCH    5 = HAIL
                        GRTST 24HR     0.0         6 = FREEZING RAIN OR DRIZZLE
                        GRTST DEPTH:   0           7 = DUSTSTORM OR SANDSTORM:
                                                       VSBY 1/2 MILE OR LESS
                                                   8 = SMOKE OR HAZE
[NO. OF DAYS WITH]      [WEATHER - DAYS WITH]      9 = BLOWING SNOW
                                                   X = TORNADO
MAX 32 OR BELOW:   0    0.01 INCH OR MORE:   9
MAX 90 OR ABOVE:  12    0.10 INCH OR MORE:   5
MIN 32 OR BELOW:   0    0.50 INCH OR MORE:   1
MIN  0 OR BELOW:   0    1.00 INCH OR MORE:   0

[HDD (BASE 65) ]
TOTAL THIS MO.     0    CLEAR  (SCALE 0-3)  26
DPTR FM NORMAL     0    PTCLDY (SCALE 4-7)   0
TOTAL FM JUL 1  3711    CLOUDY (SCALE 8-10)  0
DPTR FM NORMAL  -744

[CDD (BASE 65) ]
TOTAL THIS MO.   310
DPTR FM NORMAL    18    [PRESSURE DATA]
TOTAL FM JAN 1   408    HIGHEST SLP M ON M
DPTR FM NORMAL   -40    LOWEST  SLP 29.49 ON 13

[REMARKS]
