000
CXUS54 KLZK 271430
CF6PBF
PRELIMINARY LOCAL CLIMATOLOGICAL DATA (WS FORM: F-6)

                                          STATION:   Pine Bluff
                                          MONTH:     DECEMBER
                                          YEAR:      2014
                                          LATITUDE:   34 10 N
                                          LONGITUDE:  91 56 W

  TEMPERATURE IN F:       :PCPN:    SNOW:  WIND      :SUNSHINE: SKY     :PK WND
================================================================================
1   2   3   4   5  6A  6B    7    8   9   10  11  12  13   14  15   16   17  18
                                     12Z  AVG MX 2MIN
DY MAX MIN AVG DEP HDD CDD  WTR  SNW DPTH SPD SPD DIR MIN PSBL S-S WX    SPD DR
================================================================================

 1  63  34  49   1  16   0 0.04  0.0    0 12.9 25  10   M    M   8 1      30  10
 2  41  33  37 -10  28   0 0.00  0.0    0  4.7 10 340   M    M  10 1      13 360
 3  47  38  43  -4  22   0    T  0.0    0  3.7 10  50   M    M  10 1      13  50
 4  63  45  54   7  11   0 0.00  0.0    0  2.5  9  50   M    M   9 128    11  60
 5  68  54  61  15   4   0 0.49  0.0    0  8.0 16 200   M    M  10 12     20 180
 6  62  45  54   8  11   0 0.01  0.0    0 13.1 21  20   M    M  10 1      27 340
 7  45  40  43  -3  22   0 0.00  0.0    0  9.5 18  20   M    M   8        22  30
 8  60  36  48   2  17   0 0.00  0.0    0  3.4 12 280   M    M   2 18     15 270
 9  56  35  46   1  19   0 0.00  0.0    0  7.1 20  10   M    M   0 1      24 360
10  48  29  39  -6  26   0 0.00  0.0    0  4.4  9  60   M    M   1 1      11  50
11  46  31  39  -6  26   0    T  0.0    0  2.8  9 110   M    M   8        10 110
12  47  39  43  -1  22   0 0.07  0.0    0  4.4 10 100   M    M  10 1      12 100
13  65  46  56  12   9   0    T  0.0    0  3.5  9 180   M    M   6 1      12 190
14  68  42  55  11  10   0 0.00  0.0    0  8.0 14 150   M    M   2 1      20 150
15  71  48  60  16   5   0 0.07  0.0    0 14.0 24 240   M    M   4 1      31 230
16  53  36  45   1  20   0 0.00  0.0    0  9.2 17 290   M    M   0        24 290
17  42  32  37  -7  28   0    T  0.0    0  6.5 15  40   M    M   4        16  60
18  45  38  42  -1  23   0 0.12  0.0    0  6.0 15  10   M    M  10 1      17  10
19  47  41  44   1  21   0 0.00  0.0    0  8.2 13  20   M    M  10 1      16  90
20  51  35  43   0  22   0 0.00  0.0    0  4.8  9  40   M    M   6 1      13  60
21  56  30  43   0  22   0 0.00  0.0    0  5.6 14 120   M    M   2 12     18 110
22  58  41  50   7  15   0 0.01  0.0    0  7.0 18 160   M    M   9 12     22 180
23  54  47  51   8  14   0 0.05  0.0    0  8.6 18 340   M    M  10 1      24 340
24  47  39  43   0  22   0    T  0.0    0 10.1 21 280   M    M   9        26 280
25  58  30  44   2  21   0 0.00  0.0    0 10.0 21 170   M    M   0        24 170
26  56  40  48   6  17   0 0.08  0.0    0  9.4 18 140   M    M   7 1      23 140
================================================================================
SM 1417 1004       473   0  0.94     0.0 187.4          M      165
================================================================================
AV 54.5 38.6                               7.2 FASTST   M    M   6    MAX(MPH)
                                 MISC ---->  # 25  10               # 31  230
================================================================================
NOTES:
# LAST OF SEVERAL OCCURRENCES

COLUMN 17 PEAK WIND IN M.P.H.

PRELIMINARY LOCAL CLIMATOLOGICAL DATA (WS FORM: F-6) , PAGE 2

                                          STATION:  Pine Bluff
                                          MONTH:    DECEMBER
                                          YEAR:     2014
                                          LATITUDE:   34 10 N
                                          LONGITUDE:  91 56 W

[TEMPERATURE DATA]      [PRECIPITATION DATA]       SYMBOLS USED IN COLUMN 16

AVERAGE MONTHLY: 46.6   TOTAL FOR MONTH:   0.94    1 = FOG OR MIST
DPTR FM NORMAL:   2.1   DPTR FM NORMAL:   -3.73    2 = FOG REDUCING VISIBILITY
HIGHEST:    71 ON 15    GRTST 24HR  0.50 ON  5- 6      TO 1/4 MILE OR LESS
LOWEST:     29 ON 10                               3 = THUNDER
                        SNOW, ICE PELLETS, HAIL    4 = ICE PELLETS
                        TOTAL MONTH:   0.0 INCH    5 = HAIL
                        GRTST 24HR     0.0         6 = FREEZING RAIN OR DRIZZLE
                        GRTST DEPTH:   0           7 = DUSTSTORM OR SANDSTORM:
                                                       VSBY 1/2 MILE OR LESS
                                                   8 = SMOKE OR HAZE
[NO. OF DAYS WITH]      [WEATHER - DAYS WITH]      9 = BLOWING SNOW
                                                   X = TORNADO
MAX 32 OR BELOW:   0    0.01 INCH OR MORE:   9
MAX 90 OR ABOVE:   0    0.10 INCH OR MORE:   2
MIN 32 OR BELOW:   5    0.50 INCH OR MORE:   0
MIN  0 OR BELOW:   0    1.00 INCH OR MORE:   0

[HDD (BASE 65) ]
TOTAL THIS MO.   473    CLEAR  (SCALE 0-3)   7
DPTR FM NORMAL   -62    PTCLDY (SCALE 4-7)   6
TOTAL FM JUL 1  1077    CLOUDY (SCALE 8-10) 13
DPTR FM NORMAL    38

[CDD (BASE 65) ]
TOTAL THIS MO.     0
DPTR FM NORMAL     0    [PRESSURE DATA]
TOTAL FM JAN 1  1901    HIGHEST SLP M ON M
DPTR FM NORMAL  -230    LOWEST  SLP 29.50 ON 22

[REMARKS]
ALL SNOWFALL DATA IS FROM THE PINE BLUFF WATER PLANT SITE
