418
CXUS51 KBTV 260714
CF6PBG
PRELIMINARY LOCAL CLIMATOLOGICAL DATA (WS FORM: F-6)

                                          STATION:   PLATTSBURGH NY
                                          MONTH:     MARCH
                                          YEAR:      2017
                                          LATITUDE:   44 39 N
                                          LONGITUDE:  73 28 W

  TEMPERATURE IN F:       :PCPN:    SNOW:  WIND      :SUNSHINE: SKY     :PK WND
================================================================================
1   2   3   4   5  6A  6B    7    8   9   10  11  12  13   14  15   16   17  18
                                     12Z  AVG MX 2MIN
DY MAX MIN AVG DEP HDD CDD  WTR  SNW DPTH SPD SPD DIR MIN PSBL S-S WX    SPD DR
================================================================================

 1  61  44  53  27  12   0 0.11    M    0  9.4 23 150   M    M   8 1      32 270
 2  54  18  36  10  29   0    T    M    0 11.9 24 230   M    M   6        48 220
 3  22   7  15 -11  50   0    T    M    0  7.3 21 320   M    M   5 8      29 320
 4  10   3   7 -20  58   0    T    M    0 10.8 24 340   M    M   3        32 340
 5  24   0  12 -15  53   0 0.00  0.0    0  6.0 16  10   M    M   0        20  10
 6  35   4  20  -7  45   0 0.08    M    0  4.3 15 140   M    M   6 16     19 140
 7  44  32  38  10  27   0 0.05    M    0 11.0 18 160   M    M  10 16     25 160
 8  55  36  46  18  19   0 0.05    M    0  7.0 22 250   M    M   7 1      41 230
 9  39  25  32   4  33   0 0.03    M    M  8.5 20 300   M    M   9 1      34 280
10  28   9  19 -10  46   0    T    M    0 11.9 22 360   M    M   9        30 310
11  10  -3   4 -25  61   0    T    M    0 10.5 22 310   M    M   7 8      36 320
12  19   0  10 -19  55   0 0.00    M    0  7.2 18 330   M    M   2        26 330
13  20   2  11 -19  54   0    T    M    0  5.3 10 360   M    M   2         M  M
14  19  16  18 -12  47   0    T    M    M 18.4 36 350   M    M  10 12     60 200
15  24  17  21  -9  44   0    T    M    M 10.0 21 310   M    M  10 1      29 310
16  29  16  23  -7  42   0 0.00  0.0    0  9.6 20 300   M    M   8        33 310
17  29   6  18 -13  47   0 0.00  0.0    0  5.6 15 100   M    M   1 8      19 130
18  35  -5  15 -16  50   0 0.00  0.0    0  2.5  9  20   M    M   0        12  30
19  37   4  21 -10  44   0 0.00    M    0  3.0 16  30   M    M   0        22  30
20  41   9  25  -7  40   0 0.00  0.0    0  1.7  8  30   M    M   3        10  40
21  38  30  34   2  31   0 0.07    M    0  1.6  9 190   M    M  10 12     12 180
22  34  11  23  -9  42   0    T    M    0 12.9 28 330   M    M   4 1      37 320
23  35  10  23 -10  42   0 0.00    M    0  6.2 23 340   M    M   0        29 350
24  33  26  30  -3  35   0 0.43    M    0  6.1 14 160   M    M  10 18     20 160
25  34  17  26  -7  39   0 0.00  0.0    0  3.8 18 360   M    M   7 1      21  10
================================================================================
SM  809  334      1045   0  0.82     0.0 192.5          M      137
================================================================================
AV 32.4 13.4                               7.7 FASTST   M    M   5    MAX(MPH)
                                 MISC ---->  # 36 350               # 60  200
================================================================================
NOTES:
# LAST OF SEVERAL OCCURRENCES

COLUMN 17 PEAK WIND IN M.P.H.

PRELIMINARY LOCAL CLIMATOLOGICAL DATA (WS FORM: F-6) , PAGE 2

                                          STATION:  PLATTSBURGH NY
                                          MONTH:    MARCH
                                          YEAR:     2017
                                          LATITUDE:   44 39 N
                                          LONGITUDE:  73 28 W

[TEMPERATURE DATA]      [PRECIPITATION DATA]       SYMBOLS USED IN COLUMN 16

AVERAGE MONTHLY: 22.9   TOTAL FOR MONTH:   0.82    1 = FOG OR MIST
DPTR FM NORMAL:  -6.7   DPTR FM NORMAL:       M    2 = FOG REDUCING VISIBILITY
HIGHEST:    61 ON  1    GRTST 24HR  0.43 ON 24-24      TO 1/4 MILE OR LESS
LOWEST:     -5 ON 18                               3 = THUNDER
                        SNOW, ICE PELLETS, HAIL    4 = ICE PELLETS
                        TOTAL MONTH:   0.0 INCH    5 = HAIL
                        GRTST 24HR     0.0         6 = FREEZING RAIN OR DRIZZLE
                        GRTST DEPTH:   0           7 = DUSTSTORM OR SANDSTORM:
                                                       VSBY 1/2 MILE OR LESS
                                                   8 = SMOKE OR HAZE
[NO. OF DAYS WITH]      [WEATHER - DAYS WITH]      9 = BLOWING SNOW
                                                   X = TORNADO
MAX 32 OR BELOW:  11    0.01 INCH OR MORE:   7
MAX 90 OR ABOVE:   0    0.10 INCH OR MORE:   2
MIN 32 OR BELOW:  23    0.50 INCH OR MORE:   0
MIN  0 OR BELOW:   4    1.00 INCH OR MORE:   0

[HDD (BASE 65) ]
TOTAL THIS MO.  1045    CLEAR  (SCALE 0-3)   9
DPTR FM NORMAL   157    PTCLDY (SCALE 4-7)   8
TOTAL FM JUL 1  5757    CLOUDY (SCALE 8-10)  8
DPTR FM NORMAL  -743

[CDD (BASE 65) ]
TOTAL THIS MO.     0
DPTR FM NORMAL     0    [PRESSURE DATA]
TOTAL FM JAN 1     0    HIGHEST SLP M ON M
DPTR FM NORMAL     0    LOWEST  SLP 29.21 ON  1

[REMARKS]
