000
CXUS52 KFFC 271110
CF6PDK
PRELIMINARY LOCAL CLIMATOLOGICAL DATA (WS FORM: F-6)

                                          STATION:   DEKALB PEACHTREE AIRPORT
                                          MONTH:     FEBRUARY
                                          YEAR:      2017
                                          LATITUDE:   33 52 N
                                          LONGITUDE:  84 18 W

  TEMPERATURE IN F:       :PCPN:    SNOW:  WIND      :SUNSHINE: SKY     :PK WND
================================================================================
1   2   3   4   5  6A  6B    7    8   9   10  11  12  13   14  15   16   17  18
                                     12Z  AVG MX 2MIN
DY MAX MIN AVG DEP HDD CDD  WTR  SNW DPTH SPD SPD DIR MIN PSBL S-S WX    SPD DR
================================================================================

 1  69  45  57  13   8   0 0.00  0.0    0  9.9 21 270   M    M   2        27 270
 2  68  45  57  13   8   0 0.02    M    0  6.1 14 320   M    M   5        17 250
 3  55  34  45   1  20   0    T    M    0  9.6 20 320   M    M   6        26 330
 4  48  25  37  -7  28   0 0.00  0.0    0  4.1 14  60   M    M   0        19 120
 5  52  35  44   0  21   0 0.09    M    0  3.8 10 300   M    M   9 1      13 300
 6  64  38  51   6  14   0 0.01    M    0  2.1 10 280   M    M   7 18     14 260
 7  67  46  57  12   8   0 0.64    M    0  5.0 20 210   M    M   7 123    24 230
 8  66  51  59  14   6   0 0.11  0.0    0  5.2 21 310   M    M   8 123    28 320
 9  59  34  47   2  18   0 0.01  0.0    0 17.1 30 310   M    M   3 13     40 310
10  63  28  46   1  19   0 0.00  0.0    0  4.1 13 180   M    M   0        17 180
11  67  40  54   9  11   0 0.00  0.0    0  8.0 18 230   M    M   8        24 230
12  72  57  65  19   0   0    T  0.0    0 11.5 21 320   M    M  10        30 330
13  67  41  54   8  11   0 0.00  0.0    0  8.2 18 320   M    M   0        24 330
14  69  31  50   4  15   0 0.00  0.0    0  2.6 12 220   M    M   3        15 290
15  59  42  51   5  14   0 0.42  0.0    0 10.3 28 330   M    M   5 13     37 340
16  57  35  46   0  19   0 0.00  0.0    0  9.2 18 310   M    M   0        23 320
17  69  35  52   5  13   0 0.00  0.0    0  5.7 15 240   M    M   0        20 280
18  59  44  52   5  13   0 0.14  0.0    0  1.7 13 170   M    M   7 18     16 180
19  69  46  58  11   7   0 0.00  0.0    0  5.6 16 320   M    M   5 12     22 320
20  74  42  58  11   7   0 0.00  0.0    0  2.6  9 170   M    M   0 1      13 190
21  69  54  62  15   3   0 0.11  0.0    0  4.2 13 120   M    M   6 1      20 140
22  66  57  62  14   3   0 0.03  0.0    0  5.5 10  40   M    M   7 1      16  80
23  75  53  64  16   1   0 0.00  0.0    0  3.1 12 120   M    M   1 18     17 110
24  78  51  65  17   0   0 0.00  0.0    0  5.3 15 190   M    M   1 8      20 170
25  67  44  56   8   9   0 0.00  0.0    0 13.6 25 310   M    M   2        36 280
26  61  34  48  -1  17   0 0.00    M    0  4.9 13 290   M    M   0        17 300
================================================================================
SM 1689 1087       293   0  1.58     0.0 169.0          M      102
================================================================================
AV 65.0 41.8                               6.5 FASTST   M    M   4    MAX(MPH)
                                 MISC ---->  # 30 310               # 40  310
================================================================================
NOTES:
# LAST OF SEVERAL OCCURRENCES

COLUMN 17 PEAK WIND IN M.P.H.

PRELIMINARY LOCAL CLIMATOLOGICAL DATA (WS FORM: F-6) , PAGE 2

                                          STATION:  DEKALB PEACHTREE AIRPORT
                                          MONTH:    FEBRUARY
                                          YEAR:     2017
                                          LATITUDE:   33 52 N
                                          LONGITUDE:  84 18 W

[TEMPERATURE DATA]      [PRECIPITATION DATA]       SYMBOLS USED IN COLUMN 16

AVERAGE MONTHLY: 53.4   TOTAL FOR MONTH:   1.58    1 = FOG OR MIST
DPTR FM NORMAL:   7.4   DPTR FM NORMAL:   -3.02    2 = FOG REDUCING VISIBILITY
HIGHEST:    78 ON 24    GRTST 24HR  0.64 ON  7- 7      TO 1/4 MILE OR LESS
LOWEST:     25 ON  4                               3 = THUNDER
                        SNOW, ICE PELLETS, HAIL    4 = ICE PELLETS
                        TOTAL MONTH:   0.0 INCH    5 = HAIL
                        GRTST 24HR     0.0         6 = FREEZING RAIN OR DRIZZLE
                        GRTST DEPTH:   0           7 = DUSTSTORM OR SANDSTORM:
                                                       VSBY 1/2 MILE OR LESS
                                                   8 = SMOKE OR HAZE
[NO. OF DAYS WITH]      [WEATHER - DAYS WITH]      9 = BLOWING SNOW
                                                   X = TORNADO
MAX 32 OR BELOW:   0    0.01 INCH OR MORE:  10
MAX 90 OR ABOVE:   0    0.10 INCH OR MORE:   5
MIN 32 OR BELOW:   3    0.50 INCH OR MORE:   1
MIN  0 OR BELOW:   0    1.00 INCH OR MORE:   0

[HDD (BASE 65) ]
TOTAL THIS MO.   293    CLEAR  (SCALE 0-3)  13
DPTR FM NORMAL  -202    PTCLDY (SCALE 4-7)  11
TOTAL FM JUL 1  1627    CLOUDY (SCALE 8-10)  2
DPTR FM NORMAL  -741

[CDD (BASE 65) ]
TOTAL THIS MO.     0
DPTR FM NORMAL     0    [PRESSURE DATA]
TOTAL FM JAN 1     0    HIGHEST SLP M ON M
DPTR FM NORMAL     0    LOWEST  SLP 29.54 ON 15

[REMARKS]
