143
CXUS54 KEWX 290910
CF6PEZ
PRELIMINARY LOCAL CLIMATOLOGICAL DATA (WS FORM: F-6)

                                          STATION:   PLEASANTON MUNICIPAL AIRPORT
                                          MONTH:     APRIL
                                          YEAR:      2017
                                          LATITUDE:   28 57 N
                                          LONGITUDE:  98 31 W

  TEMPERATURE IN F:       :PCPN:    SNOW:  WIND      :SUNSHINE: SKY     :PK WND
================================================================================
1   2   3   4   5  6A  6B    7    8   9   10  11  12  13   14  15   16   17  18
                                     12Z  AVG MX 2MIN
DY MAX MIN AVG DEP HDD CDD  WTR  SNW DPTH SPD SPD DIR MIN PSBL S-S WX    SPD DR
================================================================================

 1  85  68  77   M   0  12 0.00    M    M 10.7 17 100   M    M   8 18     27 100
 2  80  56  68   M   0   3 0.54    M    M  8.2 18 280   M    M   5 13     25 300
 3  88  49  69   M   0   4 0.00    M    M  4.1 10 240   M    M   0        18 240
 4  91  52  72   M   0   7 0.00    M    M  3.0 12 170   M    M   0 1       M  M
 5  76  49  63   M   2   0 0.00    M    M  8.1 16 350   M    M   0 1      24 350
 6  79  42  61   M   4   0 0.00    M    M  2.3  7 150   M    M   0         M  M
 7  82  45  64   M   1   0 0.00    M    M  6.0 14 150   M    M   0 8      21 150
 8  84  55  70   M   0   5 0.00    M    M  8.1 15 150   M    M   4 18     22 180
 9  87  60  74   M   0   9 0.00    M    M  8.2 15 140   M    M   7 1      24 140
10  85  71  78   M   0  13 0.00    M    M  7.3 12 140   M    M  10        20 140
11  85  63  74   M   0   9 0.27    M    M  7.8 15  30   M    M   9 3      24  30
12  80  62  71   M   0   6 0.00    M    M  7.2 13 100   M    M   7        16 100
13  85  65  75   M   0  10 0.15    M    M  6.6 14 150   M    M   6        20 140
14  85  64  75   M   0  10 0.00    M    M  7.3 12 150   M    M   6 12     20 150
15  86  68  77   M   0  12 0.00    M    M  9.5 15 150   M    M   7        25 160
16  86  68  77   M   0  12 0.00    M    M  7.7 15 140   M    M   6 13     23 140
17  77  64  71   M   0   6 0.08    M    M  4.3 10 140   M    M   6         M  M
18  85  59  72   M   0   7 0.00    M    M  3.7  9  50   M    M   2 1       M  M
19  87  65  76   M   0  11 0.00    M    M  3.9  8 140   M    M   5 1       M  M
20  90  68  79   M   0  14 0.00    M    M  6.8 10 150   M    M   6        16 140
21  90  70  80   M   0  15 0.00    M    M  9.0 15 190   M    M   5        21 190
22  76  63  70   M   0   5 0.00    M    M  8.2 18  50   M    M   9        24  50
23  79  50  65   M   0   0 0.00    M    M  5.7 12  40   M    M   2 8      21  40
24  83  44  64   M   1   0 0.00    M    M  5.0 12 140   M    M   0 8      18 170
25  95  64  80   M   0  15 0.00    M    M  8.7 14 130   M    M   4        22 130
26  96  67  82   M   0  17 0.00    M    M 10.2 20 340   M    M   3        30 340
27  89  53  71   M   0   6 0.00    M    M  7.0 13 150   M    M   0        21 150
28  98  69  84   M   0  19 0.00  0.0    0  7.4 16 130   M    M   4        24 140
================================================================================
SM 2389 1673         8 227  1.04     0.0 192.0          M      121
================================================================================
AV 85.3 59.8                               6.9 FASTST   M    M   4    MAX(MPH)
                                 MISC ---->  # 20 340               # 30  340
================================================================================
NOTES:
# LAST OF SEVERAL OCCURRENCES

COLUMN 17 PEAK WIND IN M.P.H.

PRELIMINARY LOCAL CLIMATOLOGICAL DATA (WS FORM: F-6) , PAGE 2

                                          STATION:  PLEASANTON MUNICIPAL AIRPORT
                                          MONTH:    APRIL
                                          YEAR:     2017
                                          LATITUDE:   28 57 N
                                          LONGITUDE:  98 31 W

[TEMPERATURE DATA]      [PRECIPITATION DATA]       SYMBOLS USED IN COLUMN 16

AVERAGE MONTHLY: 72.5   TOTAL FOR MONTH:   1.04    1 = FOG OR MIST
DPTR FM NORMAL:     M   DPTR FM NORMAL:       M    2 = FOG REDUCING VISIBILITY
HIGHEST:    98 ON 28    GRTST 24HR  0.54 ON  2- 2      TO 1/4 MILE OR LESS
LOWEST:     42 ON  6                               3 = THUNDER
                        SNOW, ICE PELLETS, HAIL    4 = ICE PELLETS
                        TOTAL MONTH:   0.0 INCH    5 = HAIL
                        GRTST 24HR     0.0         6 = FREEZING RAIN OR DRIZZLE
                        GRTST DEPTH:   0           7 = DUSTSTORM OR SANDSTORM:
                                                       VSBY 1/2 MILE OR LESS
                                                   8 = SMOKE OR HAZE
[NO. OF DAYS WITH]      [WEATHER - DAYS WITH]      9 = BLOWING SNOW
                                                   X = TORNADO
MAX 32 OR BELOW:   0    0.01 INCH OR MORE:   4
MAX 90 OR ABOVE:   6    0.10 INCH OR MORE:   3
MIN 32 OR BELOW:   0    0.50 INCH OR MORE:   1
MIN  0 OR BELOW:   0    1.00 INCH OR MORE:   0

[HDD (BASE 65) ]
TOTAL THIS MO.     8    CLEAR  (SCALE 0-3)   9
DPTR FM NORMAL     M    PTCLDY (SCALE 4-7)  16
TOTAL FM JUL 1   682    CLOUDY (SCALE 8-10)  3
DPTR FM NORMAL     M

[CDD (BASE 65) ]
TOTAL THIS MO.   227
DPTR FM NORMAL     M    [PRESSURE DATA]
TOTAL FM JAN 1   549    HIGHEST SLP M ON M
DPTR FM NORMAL     M    LOWEST  SLP M ON M

[REMARKS]
