000
CXUS56 KFGZ 300900
CF6PGA
PRELIMINARY LOCAL CLIMATOLOGICAL DATA (WS FORM: F-6)

                                          STATION:   PAGE AZ AIRPORT
                                          MONTH:     APRIL
                                          YEAR:      2016
                                          LATITUDE:   36 55 N
                                          LONGITUDE: 111 27 W

  TEMPERATURE IN F:       :PCPN:    SNOW:  WIND      :SUNSHINE: SKY     :PK WND
================================================================================
1   2   3   4   5  6A  6B    7    8   9   10  11  12  13   14  15   16   17  18
                                     12Z  AVG MX 2MIN
DY MAX MIN AVG DEP HDD CDD  WTR  SNW DPTH SPD SPD DIR MIN PSBL S-S WX    SPD DR
================================================================================

 1  63  41  52  -2  13   0 0.00    M    M  5.8 13  70   M    M   1        18  80
 2  69  40  55   1  10   0 0.00    M    M  4.2 13  30   M    M   0        15  50
 3  77  46  62   7   3   0 0.00    M    M  3.8  9 200   M    M   0        16 200
 4  78  50  64   9   1   0 0.00    M    M  4.5 14 360   M    M   0        18 240
 5  80  50  65  10   0   0 0.00    M    M  6.6 23 330   M    M   0        35 320
 6  73  43  58   3   7   0 0.00    M    M  3.4 12 360   M    M   0        15  20
 7  76  47  62   7   3   0 0.00    M    M  4.4 13  20   M    M   0        17  30
 8  66  51  59   3   6   0 0.08    M    M  6.0 23 150   M    M   4        36 140
 9  69  49  59   3   6   0 0.00    M    M  4.5 16 310   M    M   6        23 300
10  70  50  60   4   5   0 0.00    M    M  4.6 24 180   M    M   4        32 170
11  70  44  57   1   8   0 0.00    M    M  3.8 13  20   M    M   1        17  60
12  75  47  61   4   4   0 0.00    M    M  5.2 14 250   M    M   0        19 250
13  77  50  64   7   1   0 0.00    M    M  4.8 13 280   M    M   0        19 280
14  77  52  65   8   0   0 0.00    M    M  7.2 21 140   M    M   1        28 160
15  62  42  52  -5  13   0 0.16    M    M  7.9 18 320   M    M   8 1      27 340
16  66  47  57  -1   8   0 0.00    M    M 15.1 29  20   M    M   7        37  10
17  63  46  55  -3  10   0 0.00    M    M 10.0 21  40   M    M   4        27  50
18  65  44  55  -3  10   0 0.00    M    M  4.8 14  70   M    M   2        18  60
19  75  44  60   1   5   0 0.00    M    M  3.5 12  80   M    M   0        14  90
20  83  50  67   8   0   2 0.00    M    M  4.5 15 290   M    M   0        23 250
21  84  54  69  10   0   4 0.00    M    M  3.7 13  50   M    M   0        17  40
22  84  56  70  10   0   5 0.00    M    M  8.6 24 180   M    M   0        34 180
23  70  58  64   4   1   0 0.00    M    M 12.6 23 280   M    M   0        38 290
24  74  49  62   2   3   0 0.00    M    M  4.6 12  10   M    M   0        15  30
25  63  48  56  -5   9   0 0.01    M    M  9.9 29 220   M    M   6 8      42 240
26  65  43  54  -7  11   0 0.06    M    M  7.0 18 300   M    M   7 1      26 300
27  66  50  58  -3   7   0 0.05    M    M  5.4 14 310   M    M   9        20 300
28  57  46  52 -10  13   0 0.29    M    M  5.3 30 180   M    M   7 1      40 180
29  65  46  56  -6   9   0    T    M    M  5.9 20 300   M    M   8        36 290
================================================================================
SM 2062 1383       166  11  0.65    M    177.6          M       75
================================================================================
AV 71.1 47.7                               6.1 FASTST   M    M   3    MAX(MPH)
                                 MISC ---->  # 30 180               # 42  240
================================================================================
NOTES:
# LAST OF SEVERAL OCCURRENCES

COLUMN 17 PEAK WIND IN M.P.H.

PRELIMINARY LOCAL CLIMATOLOGICAL DATA (WS FORM: F-6) , PAGE 2

                                          STATION:  PAGE AZ AIRPORT
                                          MONTH:    APRIL
                                          YEAR:     2016
                                          LATITUDE:   36 55 N
                                          LONGITUDE: 111 27 W

[TEMPERATURE DATA]      [PRECIPITATION DATA]       SYMBOLS USED IN COLUMN 16

AVERAGE MONTHLY: 59.4   TOTAL FOR MONTH:   0.65    1 = FOG OR MIST
DPTR FM NORMAL:   1.7   DPTR FM NORMAL:    0.16    2 = FOG REDUCING VISIBILITY
HIGHEST:    84 ON 22,21 GRTST 24HR  0.29 ON 28-28      TO 1/4 MILE OR LESS
LOWEST:     40 ON  2                               3 = THUNDER
                        SNOW, ICE PELLETS, HAIL    4 = ICE PELLETS
                        TOTAL MONTH:    M          5 = HAIL
                        GRTST 24HR    M  ON   M    6 = FREEZING RAIN OR DRIZZLE
                        GRTST DEPTH:  M  ON   M    7 = DUSTSTORM OR SANDSTORM:
                                                       VSBY 1/2 MILE OR LESS
                                                   8 = SMOKE OR HAZE
[NO. OF DAYS WITH]      [WEATHER - DAYS WITH]      9 = BLOWING SNOW
                                                   X = TORNADO
MAX 32 OR BELOW:   0    0.01 INCH OR MORE:   6
MAX 90 OR ABOVE:   0    0.10 INCH OR MORE:   2
MIN 32 OR BELOW:   0    0.50 INCH OR MORE:   0
MIN  0 OR BELOW:   0    1.00 INCH OR MORE:   0

[HDD (BASE 65) ]
TOTAL THIS MO.   166    CLEAR  (SCALE 0-3)  18
DPTR FM NORMAL   -62    PTCLDY (SCALE 4-7)  10
TOTAL FM JUL 1  3497    CLOUDY (SCALE 8-10)  1
DPTR FM NORMAL  -384

[CDD (BASE 65) ]
TOTAL THIS MO.    11
DPTR FM NORMAL     0    [PRESSURE DATA]
TOTAL FM JAN 1    11    HIGHEST SLP M ON M
DPTR FM NORMAL     0    LOWEST  SLP 29.50 ON M

[REMARKS]
