000
CXUS55 KTBW 291000
CF6PGD
PRELIMINARY LOCAL CLIMATOLOGICAL DATA (WS FORM: F-6)

                                          STATION:   Punta Gorda
                                          MONTH:     APRIL
                                          YEAR:      2016
                                          LATITUDE:   26 55 N
                                          LONGITUDE:  82  0 W

  TEMPERATURE IN F:       :PCPN:    SNOW:  WIND      :SUNSHINE: SKY     :PK WND
================================================================================
1   2   3   4   5  6A  6B    7    8   9   10  11  12  13   14  15   16   17  18
                                     12Z  AVG MX 2MIN
DY MAX MIN AVG DEP HDD CDD  WTR  SNW DPTH SPD SPD DIR MIN PSBL S-S WX    SPD DR
================================================================================

 1  89  67  78   8   0  13 0.00  0.0    0  9.6 24 200   M    M   3 18     29 210
 2  86  70  78   8   0  13 0.18  0.0    0  9.4 22 220   M    M   3 13     28 210
 3  78  60  69  -1   0   4 0.00  0.0    0  9.5 22  30   M    M   4        28  20
 4  82  58  70   0   0   5    T  0.0    0  6.3 14 280   M    M   3        16 240
 5  84  57  71   1   0   6 0.00  0.0    0  7.4 16  50   M    M   0        22  20
 6  83  57  70  -1   0   5 0.22  0.0    0  8.9 22  80   M    M   4 1      26 100
 7  81  60  71   0   0   6 0.00  0.0    0  8.2 18 250   M    M   1        23 260
 8  81  57  69  -2   0   4 0.00  0.0    0  6.3 17 290   M    M   2 12     22 250
 9  79  56  68  -3   0   3 0.00  0.0    0  8.9 20  40   M    M   0        25  30
10  83  49  66  -5   0   1 0.00  0.0    0  8.5 18 110   M    M   1        25  90
11  84  56  70  -1   0   5 0.00  0.0    0  9.7 16 110   M    M   2        22 120
12  85  56  71   0   0   6 0.00  0.0    0  5.5 14 230   M    M   1        16 230
13  85  60  73   2   0   8 0.00  0.0    0  7.4 16 240   M    M   1 1      21 220
14  86  63  75   3   0  10 0.00  0.0    0  8.1 16 220   M    M   2 1      19 240
15  81  64  73   1   0   8 0.00  0.0    0  5.0 14 230   M    M   1 1      16 240
16  85  66  76   4   0  11 0.07  0.0    0 13.1 26  70   M    M   6 1      31  60
17  83  58  71  -1   0   6 0.00  0.0    0 12.9 23  90   M    M   4        29  90
18  85  56  71  -1   0   6 0.00  0.0    0  9.7 20  80   M    M   3        24  90
19  84  55  70  -2   0   5 0.00  0.0    0  8.8 17 100   M    M   2        22  60
20  84  54  69  -3   0   4 0.00  0.0    0  7.1 14  90   M    M   1 1      19  70
21  87  57  72   0   0   7 0.01  0.0    0  8.1 18 140   M    M   3 1      29 110
22  87  67  77   4   0  12 0.00  0.0    0  9.6 23 230   M    M   5        27 220
23  86  66  76   3   0  11 0.00  0.0    0 10.7 21 280   M    M   1        25 270
24  89  60  75   2   0  10    T  0.0    0  4.8 14 260   M    M   3 128    19  20
25  88  64  76   3   0  11 0.00  0.0    0  7.9 17 140   M    M   5 3      20 120
26  87  64  76   3   0  11 0.00  0.0    0  5.8 14 250   M    M   4 1      17 240
27  87  67  77   3   0  12 0.00  0.0    0  6.7 14 250   M    M   3        17 250
28  90  67  79   5   0  14 0.00  0.0    0  7.5 16 260   M    M   4        20 270
================================================================================
SM 2369 1691         0 217  0.48     0.0 231.4          M       72
================================================================================
AV 84.6 60.4                               8.3 FASTST   M    M   3    MAX(MPH)
                                 MISC ---->  # 26  70               # 31   60
================================================================================
NOTES:
# LAST OF SEVERAL OCCURRENCES

COLUMN 17 PEAK WIND IN M.P.H.

PRELIMINARY LOCAL CLIMATOLOGICAL DATA (WS FORM: F-6) , PAGE 2

                                          STATION:  Punta Gorda
                                          MONTH:    APRIL
                                          YEAR:     2016
                                          LATITUDE:   26 55 N
                                          LONGITUDE:  82  0 W

[TEMPERATURE DATA]      [PRECIPITATION DATA]       SYMBOLS USED IN COLUMN 16

AVERAGE MONTHLY: 72.5   TOTAL FOR MONTH:   0.48    1 = FOG OR MIST
DPTR FM NORMAL:   0.8   DPTR FM NORMAL:   -1.80    2 = FOG REDUCING VISIBILITY
HIGHEST:    90 ON 28    GRTST 24HR  0.22 ON  6- 6      TO 1/4 MILE OR LESS
LOWEST:     49 ON 10                               3 = THUNDER
                        SNOW, ICE PELLETS, HAIL    4 = ICE PELLETS
                        TOTAL MONTH:   0.0 INCH    5 = HAIL
                        GRTST 24HR     0.0         6 = FREEZING RAIN OR DRIZZLE
                        GRTST DEPTH:   0           7 = DUSTSTORM OR SANDSTORM:
                                                       VSBY 1/2 MILE OR LESS
                                                   8 = SMOKE OR HAZE
[NO. OF DAYS WITH]      [WEATHER - DAYS WITH]      9 = BLOWING SNOW
                                                   X = TORNADO
MAX 32 OR BELOW:   0    0.01 INCH OR MORE:   4
MAX 90 OR ABOVE:   1    0.10 INCH OR MORE:   2
MIN 32 OR BELOW:   0    0.50 INCH OR MORE:   0
MIN  0 OR BELOW:   0    1.00 INCH OR MORE:   0

[HDD (BASE 65) ]
TOTAL THIS MO.     0    CLEAR  (SCALE 0-3)  17
DPTR FM NORMAL    -3    PTCLDY (SCALE 4-7)  11
TOTAL FM JUL 1   283    CLOUDY (SCALE 8-10)  0
DPTR FM NORMAL  -109

[CDD (BASE 65) ]
TOTAL THIS MO.   217
DPTR FM NORMAL    22    [PRESSURE DATA]
TOTAL FM JAN 1   507    HIGHEST SLP M ON M
DPTR FM NORMAL    35    LOWEST  SLP 29.85 ON 15

[REMARKS]
