000
CXUS51 KPBZ 261001
CF6PHD
PRELIMINARY LOCAL CLIMATOLOGICAL DATA (WS FORM: F-6)

                                          STATION:   NEW PHILADELPHIA OH
                                          MONTH:     DECEMBER
                                          YEAR:      2014
                                          LATITUDE:   40 28 N
                                          LONGITUDE:  81 25 W

  TEMPERATURE IN F:       :PCPN:    SNOW:  WIND      :SUNSHINE: SKY     :PK WND
================================================================================
1   2   3   4   5  6A  6B    7    8   9   10  11  12  13   14  15   16   17  18
                                     12Z  AVG MX 2MIN
DY MAX MIN AVG DEP HDD CDD  WTR  SNW DPTH SPD SPD DIR MIN PSBL S-S WX    SPD DR
================================================================================

 1  64  29  47  10  18   0 0.16    M    M  9.1 17 330   M    M   7 1      23 300
 2  37  26  32  -5  33   0 0.01    M    M  4.2 12 120   M    M   7 1      15 110
 3  41  26  34  -3  31   0    T    M    M  6.0 16 250   M    M   7 1      25 260
 4  36  22  29  -7  36   0 0.00    M    M  1.3  5 170   M    M   3 1       7 170
 5  42  33  38   2  27   0 0.37    M    M  1.5  8  80   M    M  10 18     11 110
 6  43  36  40   4  25   0 1.03    M    M  8.6 18 360   M    M   9 1      26  20
 7  41  27  34  -1  31   0 0.00    M    M  3.8 13  20   M    M   1        18  20
 8  45  30  38   3  27   0    T    M    M  6.5 16 180   M    M   3        21 150
 9  44  36  40   6  25   0    T    M    M  6.4 14 340   M    M  10 1      19 300
10  38  28  33  -1  32   0 0.01    M    M 13.0 21 330   M    M  10 1      28 330
11  36  25  31  -3  34   0 0.00    M    M  8.4 16 320   M    M   5        24 340
12  33  23  28  -5  37   0 0.00    M    M  3.6 12 320   M    M   5 18     14 300
13  41  27  34   1  31   0 0.00    M    M  4.8 10 270   M    M  10 18     15 270
14  48  41  45  12  20   0 0.00    M    M  3.5  9 240   M    M  10 18     13 210
15  54  39  47  15  18   0 0.00    M    M  4.6 13 120   M    M   7 18     16 100
16  51  41  46  14  19   0 0.36    M    M  6.8 17 250   M    M   8 1      26 260
17  42  29  36   4  29   0 0.03    M    M 10.5 17 300   M    M  10 1      23 310
18  30  29  30  -2  35   0 0.00    M    M  5.7 15 290   M    M  10        19 280
19  32  29  31   0  34   0 0.00  0.0    M  3.4  8 250   M    M  10 18     11 250
20  32  30  31   0  34   0 0.00    M    M  0.8  6  20   M    M  10         7  40
21  33  22  28  -3  37   0 0.00    M    M  0.3  7 180   M    M   8 18      9 210
22  48  20  34   3  31   0 0.00    M    M  2.8 12 100   M    M   4 18     15 100
23  57  38  48  17  17   0 0.20    M    M  3.9 12 130   M    M   8 1      14 130
24  61  43  52  22  13   0 0.23    M    M  8.3 23 260   M    M   9 1      37 250
25  43  38  41  11  24   0 0.01    M    M  8.6 18 250   M    M  10        27 250
================================================================================
SM 1072  767       698   0  2.41     0.0 136.4          M      191
================================================================================
AV 42.9 30.7                               5.5 FASTST   M    M   8    MAX(MPH)
                                 MISC ---->  # 23 260               # 37  250
================================================================================
NOTES:
# LAST OF SEVERAL OCCURRENCES

COLUMN 17 PEAK WIND IN M.P.H.

PRELIMINARY LOCAL CLIMATOLOGICAL DATA (WS FORM: F-6) , PAGE 2

                                          STATION:  NEW PHILADELPHIA OH
                                          MONTH:    DECEMBER
                                          YEAR:     2014
                                          LATITUDE:   40 28 N
                                          LONGITUDE:  81 25 W

[TEMPERATURE DATA]      [PRECIPITATION DATA]       SYMBOLS USED IN COLUMN 16

AVERAGE MONTHLY: 36.8   TOTAL FOR MONTH:   2.41    1 = FOG OR MIST
DPTR FM NORMAL:   3.5   DPTR FM NORMAL:    0.21    2 = FOG REDUCING VISIBILITY
HIGHEST:    64 ON  1    GRTST 24HR  1.40 ON  5- 6      TO 1/4 MILE OR LESS
LOWEST:     20 ON 22                               3 = THUNDER
                        SNOW, ICE PELLETS, HAIL    4 = ICE PELLETS
                        TOTAL MONTH:   0.0 INCH    5 = HAIL
                        GRTST 24HR     0.0         6 = FREEZING RAIN OR DRIZZLE
                        GRTST DEPTH:  M  ON   M    7 = DUSTSTORM OR SANDSTORM:
                                                       VSBY 1/2 MILE OR LESS
                                                   8 = SMOKE OR HAZE
[NO. OF DAYS WITH]      [WEATHER - DAYS WITH]      9 = BLOWING SNOW
                                                   X = TORNADO
MAX 32 OR BELOW:   3    0.01 INCH OR MORE:  10
MAX 90 OR ABOVE:   0    0.10 INCH OR MORE:   6
MIN 32 OR BELOW:  16    0.50 INCH OR MORE:   1
MIN  0 OR BELOW:   0    1.00 INCH OR MORE:   1

[HDD (BASE 65) ]
TOTAL THIS MO.   698    CLEAR  (SCALE 0-3)   3
DPTR FM NORMAL   -94    PTCLDY (SCALE 4-7)   8
TOTAL FM JUL 1  1932    CLOUDY (SCALE 8-10) 14
DPTR FM NORMAL   -18

[CDD (BASE 65) ]
TOTAL THIS MO.     0
DPTR FM NORMAL     0    [PRESSURE DATA]
TOTAL FM JAN 1   630    HIGHEST SLP M ON M
DPTR FM NORMAL   -67    LOWEST  SLP 29.30 ON 24

[REMARKS]
