000
CXUS51 KPBZ 310804
CF6PHD
PRELIMINARY LOCAL CLIMATOLOGICAL DATA (WS FORM: F-6)

                                          STATION:   NEW PHILADELPHIA OH
                                          MONTH:     JULY
                                          YEAR:      2015
                                          LATITUDE:   40 28 N
                                          LONGITUDE:  81 25 W

  TEMPERATURE IN F:       :PCPN:    SNOW:  WIND      :SUNSHINE: SKY     :PK WND
================================================================================
1   2   3   4   5  6A  6B    7    8   9   10  11  12  13   14  15   16   17  18
                                     12Z  AVG MX 2MIN
DY MAX MIN AVG DEP HDD CDD  WTR  SNW DPTH SPD SPD DIR MIN PSBL S-S WX    SPD DR
================================================================================

 1  76  58  67  -5   0   2 0.00    M    M  2.7  9 270   M    M   7 1      15 250
 2  77  57  67  -5   0   2 0.00    M    M  0.9  9  20   M    M   2 1      12  30
 3  78  53  66  -6   0   1    T    M    M  2.2 10  50   M    M   2 1      14  80
 4  79  58  69  -3   0   4 0.00    M    M  3.0  9 290   M    M   1 1      14 340
 5  80  54  67  -5   0   2 0.00    M    M  1.8  9 100   M    M   0 18     14 130
 6  84  64  74   2   0   9 0.32    M    M  1.4 14  90   M    M   5 138    18 100
 7  84  64  74   2   0   9 1.00    M    M  4.8 22 230   M    M   4 138    36 230
 8  71  62  67  -5   0   2 0.07    M    M  3.2 13 340   M    M  10 1      16 330
 9  79  66  73   1   0   8 0.08    M    M  7.5 17 290   M    M  10 1      27 240
10  74  64  69  -3   0   4 0.02    M    M  1.6  9  30   M    M   8 1      14 310
11  81  56  69  -3   0   4 0.00    M    M  2.1  8 250   M    M   1 1      13 180
12  72  58  65  -7   0   0 0.13    M    M  2.5 15 120   M    M   7 12     19 120
13  80  63  72  -1   0   7    T    M    M  2.8 12 210   M    M   5 1      15 230
14  78  64  71  -2   0   6 1.03    M    M  4.8 18 240   M    M   7 13     28 240
15  75  54  65  -8   0   0 0.04    M    M  6.4 15 330   M    M   7 1      19 340
16  80  49  65  -8   0   0 0.00    M    M  1.1  7 100   M    M   0 1      11 210
17  82  58  70  -3   0   5 0.10    M    M  3.4 12 210   M    M   3 13     15 200
18  87  71  79   6   0  14 0.00    M    M  3.0 10 220   M    M   3 1      14 270
19  87  70  79   6   0  14 0.09    M    M  3.5 12 240   M    M   3 13     17 240
20  84  65  75   2   0  10 0.22    M    M  3.0 15 300   M    M   3 123    22  30
21  83  57  70  -3   0   5 0.00    M    M  4.6 24 330   M    M   3 12     30 310
22  78  54  66  -7   0   1    T    M    M  2.5 12 300   M    M   2 12     15 330
23  81  55  68  -5   0   3 0.00  0.0    0  2.1 12 340   M    M   1 1      15 340
24  85  52  69  -4   0   4 0.00    M    M  2.2 10 350   M    M   1 1      19  80
25  85  57  71  -2   0   6 0.00    M    M  1.7 10 220   M    M   1 12     14 230
26  84  64  74   1   0   9 0.07    M    M  3.4 16 310   M    M   4 123    24 330
27  87  65  76   3   0  11 0.00    M    M  1.0  8  10   M    M   3 12     11  20
28  90  63  77   4   0  12 0.00    M    M  1.0  8 100   M    M   1 18     14 120
29  89  65  77   5   0  12    T    M    M  1.8  9 210   M    M   1 18     14 200
30  84  61  73   1   0   8    T    M    M  4.6 13 300   M    M   2 8      19 350
================================================================================
SM 2434 1801         0 174  3.17     0.0  86.6          M      107
================================================================================
AV 81.1 60.0                               2.9 FASTST   M    M   4    MAX(MPH)
                                 MISC ---->  # 24 330               # 36  230
================================================================================
NOTES:
# LAST OF SEVERAL OCCURRENCES

COLUMN 17 PEAK WIND IN M.P.H.

PRELIMINARY LOCAL CLIMATOLOGICAL DATA (WS FORM: F-6) , PAGE 2

                                          STATION:  NEW PHILADELPHIA OH
                                          MONTH:    JULY
                                          YEAR:     2015
                                          LATITUDE:   40 28 N
                                          LONGITUDE:  81 25 W

[TEMPERATURE DATA]      [PRECIPITATION DATA]       SYMBOLS USED IN COLUMN 16

AVERAGE MONTHLY: 70.6   TOTAL FOR MONTH:   3.17    1 = FOG OR MIST
DPTR FM NORMAL:  -2.0   DPTR FM NORMAL:   -0.71    2 = FOG REDUCING VISIBILITY
HIGHEST:    90 ON 28    GRTST 24HR  1.05 ON  7- 8      TO 1/4 MILE OR LESS
LOWEST:     49 ON 16                               3 = THUNDER
                        SNOW, ICE PELLETS, HAIL    4 = ICE PELLETS
                        TOTAL MONTH:   0.0 INCH    5 = HAIL
                        GRTST 24HR     0.0         6 = FREEZING RAIN OR DRIZZLE
                        GRTST DEPTH:   0           7 = DUSTSTORM OR SANDSTORM:
                                                       VSBY 1/2 MILE OR LESS
                                                   8 = SMOKE OR HAZE
[NO. OF DAYS WITH]      [WEATHER - DAYS WITH]      9 = BLOWING SNOW
                                                   X = TORNADO
MAX 32 OR BELOW:   0    0.01 INCH OR MORE:  12
MAX 90 OR ABOVE:   1    0.10 INCH OR MORE:   6
MIN 32 OR BELOW:   0    0.50 INCH OR MORE:   2
MIN  0 OR BELOW:   0    1.00 INCH OR MORE:   2

[HDD (BASE 65) ]
TOTAL THIS MO.     0    CLEAR  (SCALE 0-3)  16
DPTR FM NORMAL     0    PTCLDY (SCALE 4-7)  11
TOTAL FM JUL 1     0    CLOUDY (SCALE 8-10)  3
DPTR FM NORMAL     0

[CDD (BASE 65) ]
TOTAL THIS MO.   174
DPTR FM NORMAL   -57    [PRESSURE DATA]
TOTAL FM JAN 1   561    HIGHEST SLP M ON M
DPTR FM NORMAL   144    LOWEST  SLP 29.52 ON 14

[REMARKS]
