000
CXUS55 KPSR 231005
CF6PHX
PRELIMINARY LOCAL CLIMATOLOGICAL DATA (WS FORM: F-6)

                                          STATION:   PHOENIX AZ
                                          MONTH:     FEBRUARY
                                          YEAR:      2017
                                          LATITUDE:   33 25 N
                                          LONGITUDE: 112  1 W

  TEMPERATURE IN F:       :PCPN:    SNOW:  WIND      :SUNSHINE: SKY     :PK WND
================================================================================
1   2   3   4   5  6A  6B    7    8   9   10  11  12  13   14  15   16   17  18
                                     12Z  AVG MX 2MIN
DY MAX MIN AVG DEP HDD CDD  WTR  SNW DPTH SPD SPD DIR MIN PSBL S-S WX    SPD DR
================================================================================

 1  75  46  61   3   4   0 0.00  0.0    0  4.5 10  90   M    M   2        15 110
 2  73  49  61   3   4   0 0.00  0.0    0  4.1 12  90   M    M   6        14  90
 3  72  50  61   3   4   0 0.00  0.0    0  3.5 12 120   M    M   7        14 100
 4  75  47  61   3   4   0 0.00  0.0    0  4.8 10 100   M    M   2        12 110
 5  76  46  61   3   4   0 0.00  0.0    0  3.7 10  90   M    M   6        13 110
 6  67  53  60   2   5   0 0.00  0.0    0  5.1 12  80   M    M   9        13  80
 7  73  51  62   3   3   0 0.00  0.0    0  6.9 15 260   M    M   6        25 320
 8  77  52  65   6   0   0 0.00  0.0    0  4.8 12 300   M    M   5        16 330
 9  82  54  68   9   0   3 0.00  0.0    0  3.4 13 120   M    M   7        15 110
10  83  54  69  10   0   4 0.00  0.0    0  4.7 12 100   M    M   6        13 100
11  79  59  69  10   0   4 0.00  0.0    0  7.1 17 270   M    M   8        24 300
12  74  60  67   8   0   2 0.00  0.0    0  9.2 20 290   M    M   8        24 320
13  74  59  67   8   0   2 0.00  0.0    0  6.2 20  60   M    M   7        25  60
14  74  57  66   6   0   1 0.00  0.0    0  5.2 18  70   M    M   8        23  70
15  75  59  67   7   0   2 0.00  0.0    0 10.3 22  70   M    M   2        25  80
16  75  52  64   4   1   0 0.00  0.0    0  5.4 12 260   M    M   3        17 300
17  75  57  66   6   0   1 0.00  0.0    0 10.3 22 190   M    M   8        28 220
18  67  50  59  -1   6   0 0.63  0.0    0  8.6 22  80   M    M  10 13     30 130
19  60  50  55  -5  10   0 0.21  0.0    0  6.6 14 110   M    M   9 1      19 100
20  69  50  60   0   5   0 0.00  0.0    0  4.4  9 240   M    M   4        11  80
21  76  52  64   3   1   0 0.00  0.0    0  4.0 12 280   M    M   3        20 260
22  77  54  66   5   0   1 0.00  0.0    0  6.4 23 260   M    M   6        28 260
================================================================================
SM 1628 1161        51  20  0.84     0.0 129.2          M      132
================================================================================
AV 74.0 52.8                               5.9 FASTST   M    M   6    MAX(MPH)
                                 MISC ---->  # 23 260               # 30  130
================================================================================
NOTES:
# LAST OF SEVERAL OCCURRENCES

COLUMN 17 PEAK WIND IN M.P.H.

PRELIMINARY LOCAL CLIMATOLOGICAL DATA (WS FORM: F-6) , PAGE 2

                                          STATION:  PHOENIX AZ
                                          MONTH:    FEBRUARY
                                          YEAR:     2017
                                          LATITUDE:   33 25 N
                                          LONGITUDE: 112  1 W

[TEMPERATURE DATA]      [PRECIPITATION DATA]       SYMBOLS USED IN COLUMN 16

AVERAGE MONTHLY: 63.4   TOTAL FOR MONTH:   0.84    1 = FOG OR MIST
DPTR FM NORMAL:   4.2   DPTR FM NORMAL:    0.14    2 = FOG REDUCING VISIBILITY
HIGHEST:    83 ON 10    GRTST 24HR  0.72 ON 18-19      TO 1/4 MILE OR LESS
LOWEST:     46 ON  5, 1                            3 = THUNDER
                        SNOW, ICE PELLETS, HAIL    4 = ICE PELLETS
                        TOTAL MONTH:   0.0 INCH    5 = HAIL
                        GRTST 24HR     0.0         6 = FREEZING RAIN OR DRIZZLE
                        GRTST DEPTH:   0           7 = DUSTSTORM OR SANDSTORM:
                                                       VSBY 1/2 MILE OR LESS
                                                   8 = SMOKE OR HAZE
[NO. OF DAYS WITH]      [WEATHER - DAYS WITH]      9 = BLOWING SNOW
                                                   X = TORNADO
MAX 32 OR BELOW:   0    0.01 INCH OR MORE:   2
MAX 90 OR ABOVE:   0    0.10 INCH OR MORE:   2
MIN 32 OR BELOW:   0    0.50 INCH OR MORE:   1
MIN  0 OR BELOW:   0    1.00 INCH OR MORE:   0

[HDD (BASE 65) ]
TOTAL THIS MO.    51    CLEAR  (SCALE 0-3)   3
DPTR FM NORMAL   -84    PTCLDY (SCALE 4-7)  15
TOTAL FM JUL 1   619    CLOUDY (SCALE 8-10)  4
DPTR FM NORMAL  -186

[CDD (BASE 65) ]
TOTAL THIS MO.    20
DPTR FM NORMAL    15    [PRESSURE DATA]
TOTAL FM JAN 1    20    HIGHEST SLP M ON M
DPTR FM NORMAL    13    LOWEST  SLP 29.51 ON 18

[REMARKS]
