000
CXUS54 KBRO 190900
CF6PIL
PRELIMINARY LOCAL CLIMATOLOGICAL DATA (WS FORM: F-6)

                                          STATION:   BAYVIEW
                                          MONTH:     JANUARY
                                          YEAR:      2018
                                          LATITUDE:   26 10 N
                                          LONGITUDE:  97 20 W

  TEMPERATURE IN F:       :PCPN:    SNOW:  WIND      :SUNSHINE: SKY     :PK WND
================================================================================
1   2   3   4   5  6A  6B    7    8   9   10  11  12  13   14  15   16   17  18
                                     12Z  AVG MX 2MIN
DY MAX MIN AVG DEP HDD CDD  WTR  SNW DPTH SPD SPD DIR MIN PSBL S-S WX    SPD DR
================================================================================

 1  49  36  43 -17  22   0 0.04    M    0 21.0 29 340   M    M  10 18     36 350
 2  41  34  38 -22  27   0    T  0.0    0 21.5 30 340   M    M  10 18     37 340
 3  53  32  43 -17  22   0    T  0.0    0 13.0 26 340   M    M   4 1      33 330
 4  63  31  47 -13  18   0 0.00  0.0    0  6.8 13  20   M    M   0 8      17  10
 5  70  48  59  -1   6   0 0.00  0.0    0  7.7 15  60   M    M   4        21  70
 6  73  53  63   3   2   0 0.00  0.0    0  6.7 15 120   M    M   8        19 110
 7  75  56  66   6   0   1 0.00  0.0    0 13.0 26 170   M    M   5        35 170
 8  76  48  62   2   3   0 0.00  0.0    0 10.7 23 330   M    M   0        29 320
 9  73  44  59  -1   6   0 0.00  0.0    0  6.3 13  70   M    M   0 1      16  40
10  77  49  63   3   2   0 0.00  0.0    0 12.3 25 150   M    M   1 12     33 140
11  84  57  71  11   0   6 0.00  0.0    0 17.5 44 320   M    M   3 1      54 320
12  64  40  52  -9  13   0 0.00  0.0    0 13.9 25 350   M    M   0        31 340
13  62  41  52  -9  13   0 0.00  0.0    0 10.3 21 360   M    M   0        29  30
14  70  39  55  -6  10   0 0.00  0.0    0  7.4 16  90   M    M   3        19 110
15  73  59  66   5   0   1 0.00  0.0    0 11.0 24 150   M    M   8        29 140
16  64  30  47 -14  18   0 0.01    T    0 13.7 32  10   M    M  10 46     40 350
17  39  30  35 -26  30   0    T  0.0    M 18.7 35 350   M    M   M 6      32 330
18  44  37  41 -20  24   0 0.07    M    M 15.9 22 320   M    M   1 18     26 320
================================================================================
SM 1150  764       216   8  0.12    T    227.4          M       67
================================================================================
AV 63.9 42.4                              12.6 FASTST   M    M   4    MAX(MPH)
                                 MISC ---->  # 44 320               # 54  320
================================================================================
NOTES:
# LAST OF SEVERAL OCCURRENCES

COLUMN 17 PEAK WIND IN M.P.H.

PRELIMINARY LOCAL CLIMATOLOGICAL DATA (WS FORM: F-6) , PAGE 2

                                          STATION:  BAYVIEW
                                          MONTH:    JANUARY
                                          YEAR:     2018
                                          LATITUDE:   26 10 N
                                          LONGITUDE:  97 20 W

[TEMPERATURE DATA]      [PRECIPITATION DATA]       SYMBOLS USED IN COLUMN 16

AVERAGE MONTHLY: 53.2   TOTAL FOR MONTH:   0.12    1 = FOG OR MIST
DPTR FM NORMAL:  -7.2   DPTR FM NORMAL:   -0.54    2 = FOG REDUCING VISIBILITY
HIGHEST:    84 ON 11    GRTST 24HR  0.07 ON 18-18      TO 1/4 MILE OR LESS
LOWEST:     30 ON 17,16                            3 = THUNDER
                        SNOW, ICE PELLETS, HAIL    4 = ICE PELLETS
                        TOTAL MONTH:    T          5 = HAIL
                        GRTST 24HR    T  ON 16-16  6 = FREEZING RAIN OR DRIZZLE
                        GRTST DEPTH:   0           7 = DUSTSTORM OR SANDSTORM:
                                                       VSBY 1/2 MILE OR LESS
                                                   8 = SMOKE OR HAZE
[NO. OF DAYS WITH]      [WEATHER - DAYS WITH]      9 = BLOWING SNOW
                                                   X = TORNADO
MAX 32 OR BELOW:   0    0.01 INCH OR MORE:   3
MAX 90 OR ABOVE:   0    0.10 INCH OR MORE:   0
MIN 32 OR BELOW:   4    0.50 INCH OR MORE:   0
MIN  0 OR BELOW:   0    1.00 INCH OR MORE:   0

[HDD (BASE 65) ]
TOTAL THIS MO.   216    CLEAR  (SCALE 0-3)   8
DPTR FM NORMAL   108    PTCLDY (SCALE 4-7)   5
TOTAL FM JUL 1   459    CLOUDY (SCALE 8-10)  4
DPTR FM NORMAL   148

[CDD (BASE 65) ]
TOTAL THIS MO.     8
DPTR FM NORMAL   -28    [PRESSURE DATA]
TOTAL FM JAN 1     8    HIGHEST SLP M ON M
DPTR FM NORMAL   -28    LOWEST  SLP 29.68 ON 11

[REMARKS]
