000
CXUS55 KABR 281400
CF6PIR
PRELIMINARY LOCAL CLIMATOLOGICAL DATA (WS FORM: F-6)

                                          STATION:   PIERRE SD
                                          MONTH:     AUGUST
                                          YEAR:      2015
                                          LATITUDE:   44 22 N
                                          LONGITUDE: 100 17 W

  TEMPERATURE IN F:       :PCPN:    SNOW:  WIND      :SUNSHINE: SKY     :PK WND
================================================================================
1   2   3   4   5  6A  6B    7    8   9   10  11  12  13   14  15   16   17  18
                                     12Z  AVG MX 2MIN
DY MAX MIN AVG DEP HDD CDD  WTR  SNW DPTH SPD SPD DIR MIN PSBL S-S WX    SPD DR
================================================================================

 1  95  63  79   3   0  14 0.00  0.0    0 12.5 31 240   M    M   0        42 250
 2  89  62  76   0   0  11 0.00  0.0    0 10.9 20  20   M    M   0        24  30
 3  86  55  71  -5   0   6 0.00  0.0    0  4.2 10 120   M    M   0        14 110
 4  86  64  75  -1   0  10 0.00  0.0    0 10.9 21 110   M    M   1        26 120
 5  92  64  78   2   0  13 0.00  0.0    0 11.7 20 170   M    M   1 3      26 150
 6  86  64  75  -1   0  10 0.17  0.0    0  9.5 25 260   M    M   4 13     31 260
 7  95  59  77   1   0  12    T  0.0    0  8.2 25 170   M    M   1        30 160
 8  91  66  79   3   0  14 0.03  0.0    0  7.7 17 130   M    M   1        21 140
 9  85  62  74  -1   0   9 0.03  0.0    0  9.3 26 360   M    M   3        33 360
10  87  58  73  -2   0   8 0.00  0.0    0  4.9 14  20   M    M   2        17  30
11  92  57  75   0   0  10 0.00  0.0    0  8.7 20 150   M    M   1        25 140
12 101  69  85  10   0  20 0.00  0.0    0 11.3 22 170   M    M   0        27 160
13  91  69  80   5   0  15 0.02  0.0    0  8.5 22 120   M    M   1 3      26 120
14  98  64  81   7   0  16 0.00  0.0    0  7.4 17 140   M    M   1 12     24 130
15 104  71  88  14   0  23 0.00  0.0    0 15.6 29 170   M    M   0        36 180
16  83  58  71  -3   0   6 0.00  0.0    0 15.1 31  20   M    M   2        39  20
17  71  54  63 -11   2   0 0.09  0.0    0  6.0 13 100   M    M   6 3      16 100
18  60  51  56 -18   9   0 1.88  0.0    0 11.4 21  50   M    M   9 13     26  50
19  76  51  64  -9   1   0 0.00  0.0    0  9.5 20 320   M    M   2        23 320
20  85  49  67  -6   0   2 0.00  0.0    0  4.9 16 140   M    M   1        20 130
21  93  55  74   1   0   9 0.00  0.0    0 11.4 25 130   M    M   0        35 150
22  73  56  65  -8   0   0 0.00  0.0    0 25.6 45 310   M    M   3 8      53 310
23  73  49  61 -11   4   0 0.00  0.0    0 17.3 31 300   M    M   0        40 310
24  78  44  61 -11   4   0 0.00  0.0    0  4.2  9  90   M    M   0        14 190
25  79  45  62 -10   3   0 0.00  0.0    0 10.1 21 120   M    M   0        24 120
26  84  59  72   0   0   7    T  0.0    0 11.5 18  80   M    M   0 3      23 130
27  76  65  71   0   0   6 0.27  0.0    0  7.9 25 250   M    M   7 13     32 250
================================================================================
SM 2309 1583        23 221  2.49     0.0 276.2          M       46
================================================================================
AV 85.5 58.6                              10.2 FASTST   M    M   2    MAX(MPH)
                                 MISC ---->  # 45 310               # 53  310
================================================================================
NOTES:
# LAST OF SEVERAL OCCURRENCES

COLUMN 17 PEAK WIND IN M.P.H.

PRELIMINARY LOCAL CLIMATOLOGICAL DATA (WS FORM: F-6) , PAGE 2

                                          STATION:  PIERRE SD
                                          MONTH:    AUGUST
                                          YEAR:     2015
                                          LATITUDE:   44 22 N
                                          LONGITUDE: 100 17 W

[TEMPERATURE DATA]      [PRECIPITATION DATA]       SYMBOLS USED IN COLUMN 16

AVERAGE MONTHLY: 72.1   TOTAL FOR MONTH:   2.49    1 = FOG OR MIST
DPTR FM NORMAL:  -2.1   DPTR FM NORMAL:    0.89    2 = FOG REDUCING VISIBILITY
HIGHEST:   104 ON 15    GRTST 24HR  1.88 ON 18-18      TO 1/4 MILE OR LESS
LOWEST:     44 ON 24                               3 = THUNDER
                        SNOW, ICE PELLETS, HAIL    4 = ICE PELLETS
                        TOTAL MONTH:   0.0 INCH    5 = HAIL
                        GRTST 24HR     0.0         6 = FREEZING RAIN OR DRIZZLE
                        GRTST DEPTH:   0           7 = DUSTSTORM OR SANDSTORM:
                                                       VSBY 1/2 MILE OR LESS
                                                   8 = SMOKE OR HAZE
[NO. OF DAYS WITH]      [WEATHER - DAYS WITH]      9 = BLOWING SNOW
                                                   X = TORNADO
MAX 32 OR BELOW:   0    0.01 INCH OR MORE:   7
MAX 90 OR ABOVE:  10    0.10 INCH OR MORE:   3
MIN 32 OR BELOW:   0    0.50 INCH OR MORE:   1
MIN  0 OR BELOW:   0    1.00 INCH OR MORE:   1

[HDD (BASE 65) ]
TOTAL THIS MO.    23    CLEAR  (SCALE 0-3)  21
DPTR FM NORMAL    16    PTCLDY (SCALE 4-7)   5
TOTAL FM JUL 1    25    CLOUDY (SCALE 8-10)  1
DPTR FM NORMAL    12

[CDD (BASE 65) ]
TOTAL THIS MO.   221
DPTR FM NORMAL   -36    [PRESSURE DATA]
TOTAL FM JAN 1   664    HIGHEST SLP M ON M
DPTR FM NORMAL   -86    LOWEST  SLP 29.47 ON 22

[REMARKS]
