000
CXUS51 KPBZ 301004
CF6PIT
PRELIMINARY LOCAL CLIMATOLOGICAL DATA (WS FORM: F-6)

                                          STATION:   PITTSBURGH PA
                                          MONTH:     JANUARY
                                          YEAR:      2015
                                          LATITUDE:   40 30 N
                                          LONGITUDE:  80 13 W

  TEMPERATURE IN F:       :PCPN:    SNOW:  WIND      :SUNSHINE: SKY     :PK WND
================================================================================
1   2   3   4   5  6A  6B    7    8   9   10  11  12  13   14  15   16   17  18
                                     12Z  AVG MX 2MIN
DY MAX MIN AVG DEP HDD CDD  WTR  SNW DPTH SPD SPD DIR MIN PSBL S-S WX    SPD DR
================================================================================

 1  35  20  28  -1  37   0 0.00  0.0    0 12.7 25 230   M    M   3        35 240
 2  37  24  31   2  34   0 0.00  0.0    0  6.2 14 290   M    M   7        19 270
 3  58  24  41  12  24   0 0.56  0.0    0  7.2 15 210   M    M  10 16     22 210
 4  61  32  47  18  18   0 0.06    T    0 16.3 29 280   M    M  10 1      39 280
 5  32  14  23  -5  42   0 0.01  0.4    0 14.8 30 300   M    M   8 19     36 290
 6  20  13  17 -11  48   0 0.16  1.8    1  6.7 18 250   M    M   9 1      27 250
 7  15   2   9 -19  56   0 0.01  0.2    1 15.3 23 330   M    M   0        37 310
 8  21  -1  10 -18  55   0    T  0.3    1 10.6 22 230   M    M   6 8      35 230
 9  21   5  13 -15  52   0 0.08  1.1    2 15.4 28 280   M    M   7 189    36 290
10  16   0   8 -20  57   0    T    T    2  7.0 17 270   M    M   2        22 280
11  38   9  24  -4  41   0 0.02  0.2    1  6.1 14 210   M    M  10 146    18 200
12  36  26  31   3  34   0 0.16  0.2    T  8.6 22 350   M    M   9 146    27 360
13  26  14  20  -8  45   0    T    T    0  8.6 22 360   M    M   4        25 360
14  24  11  18 -10  47   0    T    T    0  2.9  9 280   M    M   9        11 280
15  31  16  24  -4  41   0    T  0.0    0  6.7 16 230   M    M   7 18     21 220
16  34  22  28   0  37   0    T    T    0 12.0 22 300   M    M   9 8      27 280
17  50  17  34   6  31   0 0.00  0.0    0  6.9 17 210   M    M   4        25 220
18  46  34  40  12  25   0 0.02    T    0  9.6 24 230   M    M   9 1      33 210
19  38  28  33   5  32   0    T    T    0  6.6 16 280   M    M   9        19 270
20  34  28  31   3  34   0 0.09  1.0    T  1.3  7 330   M    M  10 18     10 360
21  36  31  34   6  31   0 0.16  1.8    1  4.9 14 250   M    M  10 1      20 250
22  34  29  32   4  33   0    T    T    2  8.4 15 300   M    M   9 18     19 290
23  34  27  31   3  34   0 0.01  0.1    0  2.0  8 200   M    M  10 18     12 240
24  32  25  29   1  36   0 0.04  0.4    0  7.8 17 270   M    M  10 168    20 220
25  35  29  32   4  33   0 0.26  3.2    1  6.4 13  60   M    M  10 1      19 240
26  29  20  25  -3  40   0 0.27  4.3    4  9.3 16 330   M    M  10 1      19 330
27  22  16  19 -10  46   0 0.04  1.1    6 10.7 17 310   M    M  10 1      22 340
28  24  10  17 -12  48   0    T    T    6  5.1 10 300   M    M   7 1      14 270
29  39  16  28  -1  37   0 0.22  0.7    4  8.1 25 280   M    M  10 146    35 280
================================================================================
SM  958  541      1128   0  2.17    16.8 244.2          M      228
================================================================================
AV 33.0 18.7                               8.4 FASTST   M    M   8    MAX(MPH)
                                 MISC ---->  # 30 300               # 39  280
================================================================================
NOTES:
# LAST OF SEVERAL OCCURRENCES

COLUMN 17 PEAK WIND IN M.P.H.

PRELIMINARY LOCAL CLIMATOLOGICAL DATA (WS FORM: F-6) , PAGE 2

                                          STATION:  PITTSBURGH PA
                                          MONTH:    JANUARY
                                          YEAR:     2015
                                          LATITUDE:   40 30 N
                                          LONGITUDE:  80 13 W

[TEMPERATURE DATA]      [PRECIPITATION DATA]       SYMBOLS USED IN COLUMN 16

AVERAGE MONTHLY: 25.8   TOTAL FOR MONTH:   2.17    1 = FOG OR MIST
DPTR FM NORMAL:  -2.4   DPTR FM NORMAL:   -0.36    2 = FOG REDUCING VISIBILITY
HIGHEST:    61 ON  4    GRTST 24HR  0.59 ON  3- 4      TO 1/4 MILE OR LESS
LOWEST:     -1 ON  8                               3 = THUNDER
                        SNOW, ICE PELLETS, HAIL    4 = ICE PELLETS
                        TOTAL MONTH:  16.8 INCHES  5 = HAIL
                        GRTST 24HR   4.3 ON   M    6 = FREEZING RAIN OR DRIZZLE
                        GRTST DEPTH:   6 ON 27,28  7 = DUSTSTORM OR SANDSTORM:
                                                       VSBY 1/2 MILE OR LESS
                                                   8 = SMOKE OR HAZE
[NO. OF DAYS WITH]      [WEATHER - DAYS WITH]      9 = BLOWING SNOW
                                                   X = TORNADO
MAX 32 OR BELOW:  13    0.01 INCH OR MORE:  17
MAX 90 OR ABOVE:   0    0.10 INCH OR MORE:   7
MIN 32 OR BELOW:  28    0.50 INCH OR MORE:   1
MIN  0 OR BELOW:   2    1.00 INCH OR MORE:   0

[HDD (BASE 65) ]
TOTAL THIS MO.  1128    CLEAR  (SCALE 0-3)   2
DPTR FM NORMAL    63    PTCLDY (SCALE 4-7)   8
TOTAL FM JUL 1  3275    CLOUDY (SCALE 8-10) 19
DPTR FM NORMAL    35

[CDD (BASE 65) ]
TOTAL THIS MO.     0
DPTR FM NORMAL     0    [PRESSURE DATA]
TOTAL FM JAN 1     0    HIGHEST SLP  0.00 ON  7
DPTR FM NORMAL     0    LOWEST  SLP  0.00 ON  7

[REMARKS]
