000
CXUS51 KPBZ 250804
CF6PIT
PRELIMINARY LOCAL CLIMATOLOGICAL DATA (WS FORM: F-6)

                                          STATION:   PITTSBURGH PA
                                          MONTH:     JUNE
                                          YEAR:      2017
                                          LATITUDE:   40 30 N
                                          LONGITUDE:  80 13 W

  TEMPERATURE IN F:       :PCPN:    SNOW:  WIND      :SUNSHINE: SKY     :PK WND
================================================================================
1   2   3   4   5  6A  6B    7    8   9   10  11  12  13   14  15   16   17  18
                                     12Z  AVG MX 2MIN
DY MAX MIN AVG DEP HDD CDD  WTR  SNW DPTH SPD SPD DIR MIN PSBL S-S WX    SPD DR
================================================================================

 1  74  51  63  -2   2   0 0.00  0.0    0  6.3 17 300   M    M   3 1      21 330
 2  78  50  64  -1   1   0 0.00  0.0    0  6.4 23 330   M    M   2 8      30 320
 3  80  56  68   3   0   3 0.00  0.0    0  6.2 21 310   M    M   4        24 340
 4  82  60  71   5   0   6 0.16  0.0    0  6.7 21 230   M    M   9 13     29 230
 5  76  57  67   1   0   2 0.27  0.0    0  8.2 23 350   M    M   9 13     29 350
 6  65  53  59  -7   6   0    T  0.0    0 10.1 21 290   M    M   8        25 310
 7  66  53  60  -7   5   0    T  0.0    0  8.4 14  40   M    M   9 1      21 360
 8  70  52  61  -6   4   0 0.00  0.0    0  4.0 12  70   M    M   6        16  80
 9  78  49  64  -3   1   0 0.00  0.0    0  5.4 15 290   M    M   5        19 300
10  84  64  74   6   0   9    T  0.0    0  9.3 18 230   M    M   6 3      26 220
11  85  65  75   7   0  10 0.00  0.0    0  7.4 18 280   M    M   1        23 280
12  88  65  77   9   0  12 0.00  0.0    0  5.6 15 240   M    M   5        22 250
13  91  71  81  13   0  16    T  0.0    0  5.8 29 300   M    M   6 3      35 270
14  87  67  77   8   0  12 0.06  0.0    0  4.2 21  60   M    M   6 13     27  50
15  85  69  77   8   0  12 0.40  0.0    0  5.0 24 300   M    M   8 13     28 290
16  83  66  75   6   0  10 0.02  0.0    0  4.7 16 150   M    M   7 13     21 130
17  87  62  75   6   0  10 0.00  0.0    0  4.2 14 210   M    M   5 12     18 230
18  88  71  80  10   0  15 0.66    M    0 10.4 21 210   M    M   7 13     31 200
19  79  63  71   1   0   6 0.68  0.0    0  7.2 25 310   M    M   8 1      33 320
20  77  58  68  -2   0   3 0.00  0.0    0  8.4 17 270   M    M   4        24 240
21  80  62  71   1   0   6 0.07  0.0    0  6.7 17 320   M    M   7        22 290
22  86  62  74   3   0   9 0.00  0.0    0  6.7 18 210   M    M   8 3      24 200
23  76  68  72   1   0   7 0.81  0.0    0  7.8 18 230   M    M  10 1      24 230
24  79  65  72   1   0   7 0.07  0.0    0  9.2 21 280   M    M   5 1      28 280
================================================================================
SM 1924 1459        19 155  3.20     0.0 164.3          M      148
================================================================================
AV 80.2 60.8                               6.8 FASTST   M    M   6    MAX(MPH)
                                 MISC ---->  # 29 300               # 35  270
================================================================================
NOTES:
# LAST OF SEVERAL OCCURRENCES

COLUMN 17 PEAK WIND IN M.P.H.

PRELIMINARY LOCAL CLIMATOLOGICAL DATA (WS FORM: F-6) , PAGE 2

                                          STATION:  PITTSBURGH PA
                                          MONTH:    JUNE
                                          YEAR:     2017
                                          LATITUDE:   40 30 N
                                          LONGITUDE:  80 13 W

[TEMPERATURE DATA]      [PRECIPITATION DATA]       SYMBOLS USED IN COLUMN 16

AVERAGE MONTHLY: 70.5   TOTAL FOR MONTH:   3.20    1 = FOG OR MIST
DPTR FM NORMAL:   2.4   DPTR FM NORMAL:   -0.24    2 = FOG REDUCING VISIBILITY
HIGHEST:    91 ON 13    GRTST 24HR  0.81 ON 23-23      TO 1/4 MILE OR LESS
LOWEST:     49 ON  9                               3 = THUNDER
                        SNOW, ICE PELLETS, HAIL    4 = ICE PELLETS
                        TOTAL MONTH:   0.0 INCH    5 = HAIL
                        GRTST 24HR     0.0         6 = FREEZING RAIN OR DRIZZLE
                        GRTST DEPTH:   0           7 = DUSTSTORM OR SANDSTORM:
                                                       VSBY 1/2 MILE OR LESS
                                                   8 = SMOKE OR HAZE
[NO. OF DAYS WITH]      [WEATHER - DAYS WITH]      9 = BLOWING SNOW
                                                   X = TORNADO
MAX 32 OR BELOW:   0    0.01 INCH OR MORE:  10
MAX 90 OR ABOVE:   1    0.10 INCH OR MORE:   6
MIN 32 OR BELOW:   0    0.50 INCH OR MORE:   3
MIN  0 OR BELOW:   0    1.00 INCH OR MORE:   0

[HDD (BASE 65) ]
TOTAL THIS MO.    19    CLEAR  (SCALE 0-3)   3
DPTR FM NORMAL   -19    PTCLDY (SCALE 4-7)  15
TOTAL FM JUL 1  4641    CLOUDY (SCALE 8-10)  6
DPTR FM NORMAL -1069

[CDD (BASE 65) ]
TOTAL THIS MO.   155
DPTR FM NORMAL    47    [PRESSURE DATA]
TOTAL FM JAN 1   229    HIGHEST SLP M ON M
DPTR FM NORMAL    69    LOWEST  SLP 29.64 ON 23

[REMARKS]
