000
CXUS51 KRLX 301130
CF6PKB
PRELIMINARY LOCAL CLIMATOLOGICAL DATA (WS FORM: F-6)

                                          STATION:   PARKERSBURG WV
                                          MONTH:     JUNE
                                          YEAR:      2015
                                          LATITUDE:   39 20 N
                                          LONGITUDE:  81 26 W

  TEMPERATURE IN F:       :PCPN:    SNOW:  WIND      :SUNSHINE: SKY     :PK WND
================================================================================
1   2   3   4   5  6A  6B    7    8   9   10  11  12  13   14  15   16   17  18
                                     12Z  AVG MX 2MIN
DY MAX MIN AVG DEP HDD CDD  WTR  SNW DPTH SPD SPD DIR MIN PSBL S-S WX    SPD DR
================================================================================

 1  65  51  58  -9   7   0 0.07    M    M  6.1 14 310   M    M  10 1      18 310
 2  62  53  58  -9   7   0 0.00    M    M  3.4  8  80   M    M  10 18     13 360
 3  76  59  68   1   0   3 0.00    M    M  3.7  8 150   M    M   9        12 110
 4  81  58  70   2   0   5 0.00    M    M  1.8  9 150   M    M   2        12 150
 5  85  60  73   5   0   8 0.00    M    M  1.7 14 270   M    M   4 1      18 260
 6  79  59  69   1   0   4 0.00    M    M  5.4 13  40   M    M   5 18     15 320
 7  86  56  71   2   0   6    T    M    M  6.2 16 210   M    M   2 12     23 200
 8  82  65  74   5   0   9 0.45    M    M 10.7 24 310   M    M   4 13     35 320
 9  77  60  69   0   0   4 0.00    M    M  5.6 15 300   M    M   2        21 290
10  87  55  71   1   0   6 0.00    M    M  5.1 14 210   M    M   1 1      21 190
11  90  62  76   6   0  11 0.00    M    M  3.7 12 190   M    M   0 18     15 220
12  91  65  78   8   0  13 0.03    M    M  5.9 21 310   M    M   2 13     30 330
13  86  68  77   7   0  12 0.32    M    M  2.9 20 280   M    M   4 13     26 300
14  88  66  77   6   0  12 0.30    M    M  3.6 23 250   M    M   2 138    33 230
15  84  71  78   7   0  13 0.20    M    M  5.8  9 230   M    M   2 13     17 260
16  85  71  78   7   0  13 0.06    M    M  6.8 13 260   M    M   8 3      21 270
17  72  65  69  -2   0   4 0.39    M    M  4.4 12  90   M    M  10 13     18  90
18  87  68  78   6   0  13 0.67    M    M  6.4 36 300   M    M   3 138    49 290
19  83  68  76   4   0  11    T    M    M  4.1 13 320   M    M   5 1      18 250
20  84  69  77   5   0  12 1.68    M    M  5.2 35 210   M    M   7 138    48 210
21  86  70  78   6   0  13 0.00    M    M  6.6 14 280   M    M   5 1      20 270
22  86  65  76   3   0  11 0.00    M    M  5.2 13 210   M    M   2        17 190
23  87  65  76   3   0  11 0.00    M    M  8.0 20 260   M    M   3        28 240
24  83  59  71  -2   0   6 0.00    M    M  2.2  9 270   M    M   2 1      12 320
25  76  62  69  -4   0   4 0.09    M    M  2.2 13 300   M    M   5 1      17 300
26  82  65  74   1   0   9 0.38    M    M  2.8 12  80   M    M   6 1      15  90
27  78  61  70  -3   0   5 0.65    M    M  8.9 22 200   M    M   9 13     29 250
28  74  56  65  -9   0   0    T    M    M  8.1 20 270   M    M   8 1      24 280
29  74  53  64 -10   1   0 0.26    M    M  2.8  8 110   M    M   5 13      M  M
================================================================================
SM 2356 1805        15 218  5.55    M    145.3          M      137
================================================================================
AV 81.2 62.2                               5.0 FASTST   M    M   5    MAX(MPH)
                                 MISC ---->  # 36 300               # 49  290
================================================================================
NOTES:
# LAST OF SEVERAL OCCURRENCES

COLUMN 17 PEAK WIND IN M.P.H.

PRELIMINARY LOCAL CLIMATOLOGICAL DATA (WS FORM: F-6) , PAGE 2

                                          STATION:  PARKERSBURG WV
                                          MONTH:    JUNE
                                          YEAR:     2015
                                          LATITUDE:   39 20 N
                                          LONGITUDE:  81 26 W

[TEMPERATURE DATA]      [PRECIPITATION DATA]       SYMBOLS USED IN COLUMN 16

AVERAGE MONTHLY: 71.7   TOTAL FOR MONTH:   5.55    1 = FOG OR MIST
DPTR FM NORMAL:   1.1   DPTR FM NORMAL:    1.66    2 = FOG REDUCING VISIBILITY
HIGHEST:    91 ON 12    GRTST 24HR  1.68 ON 20-20      TO 1/4 MILE OR LESS
LOWEST:     51 ON  1                               3 = THUNDER
                        SNOW, ICE PELLETS, HAIL    4 = ICE PELLETS
                        TOTAL MONTH:    M          5 = HAIL
                        GRTST 24HR    M  ON   M    6 = FREEZING RAIN OR DRIZZLE
                        GRTST DEPTH:  M  ON   M    7 = DUSTSTORM OR SANDSTORM:
                                                       VSBY 1/2 MILE OR LESS
                                                   8 = SMOKE OR HAZE
[NO. OF DAYS WITH]      [WEATHER - DAYS WITH]      9 = BLOWING SNOW
                                                   X = TORNADO
MAX 32 OR BELOW:   0    0.01 INCH OR MORE:  14
MAX 90 OR ABOVE:   2    0.10 INCH OR MORE:  10
MIN 32 OR BELOW:   0    0.50 INCH OR MORE:   3
MIN  0 OR BELOW:   0    1.00 INCH OR MORE:   1

[HDD (BASE 65) ]
TOTAL THIS MO.    15    CLEAR  (SCALE 0-3)  11
DPTR FM NORMAL    -3    PTCLDY (SCALE 4-7)  13
TOTAL FM JUL 1  5357    CLOUDY (SCALE 8-10)  5
DPTR FM NORMAL   386

[CDD (BASE 65) ]
TOTAL THIS MO.   218
DPTR FM NORMAL    34    [PRESSURE DATA]
TOTAL FM JAN 1   379    HIGHEST SLP M ON M
DPTR FM NORMAL   111    LOWEST  SLP 29.68 ON 20

[REMARKS]
