000
CXUS51 KRLX 281400
CF6PKB
PRELIMINARY LOCAL CLIMATOLOGICAL DATA (WS FORM: F-6)

                                          STATION:   PARKERSBURG WV
                                          MONTH:     MARCH
                                          YEAR:      2015
                                          LATITUDE:   39 20 N
                                          LONGITUDE:  81 26 W

  TEMPERATURE IN F:       :PCPN:    SNOW:  WIND      :SUNSHINE: SKY     :PK WND
================================================================================
1   2   3   4   5  6A  6B    7    8   9   10  11  12  13   14  15   16   17  18
                                     12Z  AVG MX 2MIN
DY MAX MIN AVG DEP HDD CDD  WTR  SNW DPTH SPD SPD DIR MIN PSBL S-S WX    SPD DR
================================================================================

 1  39  29  34  -4  31   0 0.32    M    M  5.4 12 300   M    M  10 18     16 270
 2  35  23  29 -10  36   0 0.01    M    M  6.8 17 300   M    M   4 18     26 290
 3  54  22  38  -1  27   0 0.67    M    M  6.6 15 280   M    M   8 12     24 260
 4  48  30  39   0  26   0 1.62    M    M  4.6 17 320   M    M  10 12     21 330
 5  30   9  20 -20  45   0 0.42    M    M  5.7 14  30   M    M   9 1      22 330
 6  22  -3  10 -30  55   0    T    M    M  2.2  9 240   M    M   4 128    13 220
 7  48  14  31  -9  34   0 0.00    M    M  8.9 16 210   M    M   1        24 200
 8  50  33  42   1  23   0 0.00    M    M  5.2 13 260   M    M   1 8      17 230
 9  56  29  43   2  22   0 0.00    M    M  2.5 13 240   M    M   0 8      20 260
10  51  34  43   2  22   0 0.94    M    M  1.1  7 310   M    M   8 12     10 300
11  62  41  52  10  13   0 0.00    M    M  4.6 13 330   M    M   5 128    16  20
12  58  27  43   1  22   0 0.00    M    M  5.1 14  40   M    M   2 128    19  40
13  61  37  49   7  16   0 0.37    M    M  6.3 18 170   M    M   6 1      24 190
14  59  46  53  10  12   0 0.84    M    M  8.3 17 300   M    M   8 1      23 300
15  60  35  48   5  17   0 0.00    M    M  7.0 17 300   M    M   1        23 300
16  72  35  54  11  11   0 0.00    M    M  7.6 17 240   M    M   0        26 250
17  62  29  46   2  19   0 0.00    M    M  8.9 22 330   M    M   3 8      32 340
18  49  23  36  -8  29   0 0.00    M    M  3.0 14 300   M    M   0        20 280
19  54  32  43  -1  22   0 0.05    M    M  3.7 13 160   M    M   4        16 150
20  46  39  43  -2  22   0 0.25    M    M  3.7  8 300   M    M  10 18     10 290
21  64  42  53   8  12   0 0.00    M    M  7.7 20 290   M    M   6        30 300
22  52  34  43  -3  22   0 0.00    M    M  6.8 17  30   M    M   1 18     21  40
23  46  28  37  -9  28   0 0.02    M    M  9.2 16  60   M    M   7 18     20  60
24  52  32  42  -4  23   0 0.00    M    M  5.7 10  30   M    M   5         M  M
25  74  42  58  11   7   0 0.01    M    M  8.9 24 240   M    M   6        36 260
26  58  39  49   2  16   0 0.06    M    M  5.0 18 300   M    M   9 1      24 300
27  40  25  33 -14  32   0    T    M    M  8.0 17 320   M    M   7 1      26 320
================================================================================
SM 1402  806       644   0  5.58    M    158.5          M      135
================================================================================
AV 51.9 29.9                               5.9 FASTST   M    M   5    MAX(MPH)
                                 MISC ---->  # 24 240               # 36  260
================================================================================
NOTES:
# LAST OF SEVERAL OCCURRENCES

COLUMN 17 PEAK WIND IN M.P.H.

PRELIMINARY LOCAL CLIMATOLOGICAL DATA (WS FORM: F-6) , PAGE 2

                                          STATION:  PARKERSBURG WV
                                          MONTH:    MARCH
                                          YEAR:     2015
                                          LATITUDE:   39 20 N
                                          LONGITUDE:  81 26 W

[TEMPERATURE DATA]      [PRECIPITATION DATA]       SYMBOLS USED IN COLUMN 16

AVERAGE MONTHLY: 40.9   TOTAL FOR MONTH:   5.58    1 = FOG OR MIST
DPTR FM NORMAL:  -1.9   DPTR FM NORMAL:    2.35    2 = FOG REDUCING VISIBILITY
HIGHEST:    74 ON 25    GRTST 24HR  1.62 ON  4- 4      TO 1/4 MILE OR LESS
LOWEST:     -3 ON  6                               3 = THUNDER
                        SNOW, ICE PELLETS, HAIL    4 = ICE PELLETS
                        TOTAL MONTH:    M          5 = HAIL
                        GRTST 24HR    M  ON   M    6 = FREEZING RAIN OR DRIZZLE
                        GRTST DEPTH:  M  ON   M    7 = DUSTSTORM OR SANDSTORM:
                                                       VSBY 1/2 MILE OR LESS
                                                   8 = SMOKE OR HAZE
[NO. OF DAYS WITH]      [WEATHER - DAYS WITH]      9 = BLOWING SNOW
                                                   X = TORNADO
MAX 32 OR BELOW:   2    0.01 INCH OR MORE:  13
MAX 90 OR ABOVE:   0    0.10 INCH OR MORE:   8
MIN 32 OR BELOW:  15    0.50 INCH OR MORE:   4
MIN  0 OR BELOW:   1    1.00 INCH OR MORE:   1

[HDD (BASE 65) ]
TOTAL THIS MO.   644    CLEAR  (SCALE 0-3)   9
DPTR FM NORMAL    42    PTCLDY (SCALE 4-7)  13
TOTAL FM JUL 1  4862    CLOUDY (SCALE 8-10)  5
DPTR FM NORMAL   470

[CDD (BASE 65) ]
TOTAL THIS MO.     0
DPTR FM NORMAL     0    [PRESSURE DATA]
TOTAL FM JAN 1     0    HIGHEST SLP M ON M
DPTR FM NORMAL     0    LOWEST  SLP 29.67 ON 26

[REMARKS]
