061
CXUS51 KRLX 231241
CF6PKB
PRELIMINARY LOCAL CLIMATOLOGICAL DATA (WS FORM: F-6)

                                          STATION:   PARKERSBURG WV
                                          MONTH:     NOVEMBER
                                          YEAR:      2017
                                          LATITUDE:   39 20 N
                                          LONGITUDE:  81 26 W

  TEMPERATURE IN F:       :PCPN:    SNOW:  WIND      :SUNSHINE: SKY     :PK WND
================================================================================
1   2   3   4   5  6A  6B    7    8   9   10  11  12  13   14  15   16   17  18
                                     12Z  AVG MX 2MIN
DY MAX MIN AVG DEP HDD CDD  WTR  SNW DPTH SPD SPD DIR MIN PSBL S-S WX    SPD DR
================================================================================

 1  59  32  46  -4  19   0 0.14    M    M  3.5 10 170   M    M   9 1      14 160
 2  74  55  65  15   0   0 0.04    M    M  7.3 18 200   M    M   8 18     27 220
 3  66  45  56   6   9   0 0.26    M    M  7.8 15  40   M    M   7 13     20  70
 4  68  42  55   5  10   0 0.00    M    M  3.3 10  50   M    M   7 18     13  60
 5  76  58  67  18   0   2 0.48    M    M  9.7 15 190   M    M   5 13     23 230
 6  60  47  54   5  11   0 2.04    M    M  6.1 16 330   M    M  10 138    26 320
 7  47  38  43  -5  22   0 0.27    M    M  9.9 18  60   M    M   9 1      25  80
 8  50  33  42  -6  23   0 0.00    M    M  4.4 14  60   M    M   5 1      19  70
 9  55  32  44  -4  21   0 0.00    M    M  4.4 13 260   M    M   5 1      18 200
10  45  25  35 -13  30   0 0.00    M    M  7.9 16  60   M    M   4        22  30
11  41  21  31 -16  34   0 0.00    M    M  3.7 14  70   M    M   0 18     19  70
12  54  29  42  -5  23   0 0.05    M    M  0.8  8 160   M    M   4 18      9 140
13  47  40  44  -2  21   0 0.03    M    M  5.2 14 310   M    M  10 1      21 310
14  50  30  40  -6  25   0 0.00    M    M  2.8 10  40   M    M   6        14  60
15  52  27  40  -6  25   0 0.10    M    M  4.6 15 200   M    M   5 12     21 190
16  49  38  44  -1  21   0    T    M    M  8.7 20 270   M    M   9        29 260
17  49  32  41  -4  24   0 0.00    M    M  1.9 10 110   M    M   5        14 160
18  68  34  51   7  14   0 0.54    M    M 12.0 30 290   M    M   8 1      46 200
19  47  31  39  -5  26   0 0.05    M    M 13.2 31 280   M    M  10 1      42 270
20  46  27  37  -7  28   0 0.00    M    M  5.9 16 190   M    M   2        22 180
21  60  28  44   1  21   0 0.00    M    M  8.5 22 230   M    M   1 8      36 210
22  49  27  38  -5  27   0 0.06    M    M  5.1 16 310   M    M   8 1      23 320
================================================================================
SM 1212  771       434   2  4.06    M    136.7          M      137
================================================================================
AV 55.1 35.1                               6.2 FASTST   M    M   6    MAX(MPH)
                                 MISC ---->  # 31 280               # 46  200
================================================================================
NOTES:
# LAST OF SEVERAL OCCURRENCES

COLUMN 17 PEAK WIND IN M.P.H.

PRELIMINARY LOCAL CLIMATOLOGICAL DATA (WS FORM: F-6) , PAGE 2

                                          STATION:  PARKERSBURG WV
                                          MONTH:    NOVEMBER
                                          YEAR:     2017
                                          LATITUDE:   39 20 N
                                          LONGITUDE:  81 26 W

[TEMPERATURE DATA]      [PRECIPITATION DATA]       SYMBOLS USED IN COLUMN 16

AVERAGE MONTHLY: 45.1   TOTAL FOR MONTH:   4.06    1 = FOG OR MIST
DPTR FM NORMAL:  -1.7   DPTR FM NORMAL:    1.61    2 = FOG REDUCING VISIBILITY
HIGHEST:    76 ON  5    GRTST 24HR  2.04 ON  6- 6      TO 1/4 MILE OR LESS
LOWEST:     21 ON 11                               3 = THUNDER
                        SNOW, ICE PELLETS, HAIL    4 = ICE PELLETS
                        TOTAL MONTH:    M          5 = HAIL
                        GRTST 24HR    M  ON   M    6 = FREEZING RAIN OR DRIZZLE
                        GRTST DEPTH:  M  ON   M    7 = DUSTSTORM OR SANDSTORM:
                                                       VSBY 1/2 MILE OR LESS
                                                   8 = SMOKE OR HAZE
[NO. OF DAYS WITH]      [WEATHER - DAYS WITH]      9 = BLOWING SNOW
                                                   X = TORNADO
MAX 32 OR BELOW:   0    0.01 INCH OR MORE:  12
MAX 90 OR ABOVE:   0    0.10 INCH OR MORE:   7
MIN 32 OR BELOW:  12    0.50 INCH OR MORE:   2
MIN  0 OR BELOW:   0    1.00 INCH OR MORE:   1

[HDD (BASE 65) ]
TOTAL THIS MO.   434    CLEAR  (SCALE 0-3)   3
DPTR FM NORMAL    32    PTCLDY (SCALE 4-7)  11
TOTAL FM JUL 1   733    CLOUDY (SCALE 8-10)  8
DPTR FM NORMAL   -63

[CDD (BASE 65) ]
TOTAL THIS MO.     2
DPTR FM NORMAL     2    [PRESSURE DATA]
TOTAL FM JAN 1   975    HIGHEST SLP M ON M
DPTR FM NORMAL    22    LOWEST  SLP 29.30 ON 18

[REMARKS]
