000
CXUS54 KOUN 170800
CF6PNC
PRELIMINARY LOCAL CLIMATOLOGICAL DATA (WS FORM: F-6)

                                          STATION:   PONCA CITY
                                          MONTH:     APRIL
                                          YEAR:      2014
                                          LATITUDE:   36 44 N
                                          LONGITUDE:  97  6 W

  TEMPERATURE IN F:       :PCPN:    SNOW:  WIND      :SUNSHINE: SKY     :PK WND
================================================================================
1   2   3   4   5  6A  6B    7    8   9   10  11  12  13   14  15   16   17  18
                                     12Z  AVG MX 2MIN
DY MAX MIN AVG DEP HDD CDD  WTR  SNW DPTH SPD SPD DIR MIN PSBL S-S WX    SPD DR
================================================================================

 1  59  39  49  -5  16   0 0.00  0.0    0 10.0 21  20   M    M   8 8      24  30
 2  87  50  69  15   0   4 0.00  0.0    0 10.6 23 160   M    M   5        31 160
 3  72  40  56   2   9   0 0.00  0.0    0 13.4 24 320   M    M   3        33 310
 4  60  32  46  -9  19   0 0.00  0.0    0  8.5 21 350   M    M   1        28 360
 5  68  33  51  -4  14   0 0.01  0.0    0  9.2 17 140   M    M   1 8      22 140
 6  62  44  53  -2  12   0 0.04  0.0    0  5.3 17 140   M    M   6        20 140
 7  67  45  56   0   9   0 0.02  0.0    0  7.5 24 350   M    M   6 18     32 340
 8  68  38  53  -3  12   0 0.00  0.0    0 12.8 31 360   M    M   2        43 360
 9  84  31  58   2   7   0 0.00  0.0    0  8.7 22 170   M    M   0        32 210
10  83  55  69  12   0   4 0.00  0.0    0  9.9 23 360   M    M   0        30  30
11  83  52  68  11   0   3 0.00  0.0    0 11.4 21 160   M    M   0        25 170
12  89  62  76  19   0  11 0.00  0.0    0 15.5 25 160   M    M   0        33 160
13  85  40  63   5   2   0 0.13    M    0 19.0 31 350   M    M   5        40 320
14  51  29  40 -18  25   0    T    T    0 16.5 31 350   M    M   6        40 350
15  65  25  45 -13  20   0 0.00  0.0    0  6.9 18 170   M    M   0        28 170
16  72  49  61   3   4   0 0.00  0.0    0 13.8 29 170   M    M   0        40 160
================================================================================
SM 1155  664       149  22  0.20    T    179.0          M       43
================================================================================
AV 72.2 41.5                              11.2 FASTST   M    M   3    MAX(MPH)
                                 MISC ---->  # 31 360               # 43  360
================================================================================
NOTES:
# LAST OF SEVERAL OCCURRENCES

COLUMN 17 PEAK WIND IN M.P.H.

PRELIMINARY LOCAL CLIMATOLOGICAL DATA (WS FORM: F-6) , PAGE 2

                                          STATION:  PONCA CITY
                                          MONTH:    APRIL
                                          YEAR:     2014
                                          LATITUDE:   36 44 N
                                          LONGITUDE:  97  6 W

[TEMPERATURE DATA]      [PRECIPITATION DATA]       SYMBOLS USED IN COLUMN 16

AVERAGE MONTHLY: 56.8   TOTAL FOR MONTH:   0.20    1 = FOG OR MIST
DPTR FM NORMAL:   0.7   DPTR FM NORMAL:   -1.45    2 = FOG REDUCING VISIBILITY
HIGHEST:    89 ON 12    GRTST 24HR  0.13 ON 13-13      TO 1/4 MILE OR LESS
LOWEST:     25 ON 15                               3 = THUNDER
                        SNOW, ICE PELLETS, HAIL    4 = ICE PELLETS
                        TOTAL MONTH:    T          5 = HAIL
                        GRTST 24HR    T  ON 14-14  6 = FREEZING RAIN OR DRIZZLE
                        GRTST DEPTH:   0           7 = DUSTSTORM OR SANDSTORM:
                                                       VSBY 1/2 MILE OR LESS
                                                   8 = SMOKE OR HAZE
[NO. OF DAYS WITH]      [WEATHER - DAYS WITH]      9 = BLOWING SNOW
                                                   X = TORNADO
MAX 32 OR BELOW:   0    0.01 INCH OR MORE:   4
MAX 90 OR ABOVE:   0    0.10 INCH OR MORE:   1
MIN 32 OR BELOW:   4    0.50 INCH OR MORE:   0
MIN  0 OR BELOW:   0    1.00 INCH OR MORE:   0

[HDD (BASE 65) ]
TOTAL THIS MO.   149    CLEAR  (SCALE 0-3)   9
DPTR FM NORMAL    -8    PTCLDY (SCALE 4-7)   7
TOTAL FM JUL 1  4373    CLOUDY (SCALE 8-10)  0
DPTR FM NORMAL   422

[CDD (BASE 65) ]
TOTAL THIS MO.    22
DPTR FM NORMAL     6    [PRESSURE DATA]
TOTAL FM JAN 1    23    HIGHEST SLP M ON M
DPTR FM NORMAL     0    LOWEST  SLP 29.34 ON 13

[REMARKS]
