000
CXUS55 KPAH 210634
CF6POF
PRELIMINARY LOCAL CLIMATOLOGICAL DATA (WS FORM: F-6)

                                          STATION:   POPLAR BLUFF MO
                                          MONTH:     OCTOBER
                                          YEAR:      2014
                                          LATITUDE:   36 46 N
                                          LONGITUDE:  90 19 W

  TEMPERATURE IN F:       :PCPN:    SNOW:  WIND      :SUNSHINE: SKY     :PK WND
================================================================================
1   2   3   4   5  6A  6B    7    8   9   10  11  12  13   14  15   16   17  18
                                     12Z  AVG MX 2MIN
DY MAX MIN AVG DEP HDD CDD  WTR  SNW DPTH SPD SPD DIR MIN PSBL S-S WX    SPD DR
================================================================================

 1  88  56  72   8   0   7 0.08  0.0    0  3.5 16 170   M    M   4 138    21 170
 2  84  64  74  10   0   9 0.76  0.0    0  7.2 23 300   M    M   6 138    31 300
 3  74  45  60  -3   5   0    T  0.0    0 10.2 25 310   M    M   5        35 300
 4  62  40  51 -12  14   0 0.00  0.0    0  8.4 24 300   M    M   0        31 270
 5  78  41  60  -2   5   0 0.00  0.0    0  5.7 18 220   M    M   1        25 210
 6  77  55  66   4   0   1 0.05  0.0    0  8.2 18 240   M    M   3 3      28 220
 7  84  59  72  10   0   7 0.33  0.0    0  7.1 20 210   M    M   4 13     25 210
 8  84  52  68   6   0   3    T  0.0    0  2.8  9 230   M    M   0 12     17 220
 9  83  63  73  12   0   8 0.42  0.0    0  4.0 30 320   M    M   5 13     38 310
10  64  53  59  -2   6   0 1.23  0.0    0  9.7 20 330   M    M   8 13     23 100
11  56  51  54  -6  11   0 0.06  0.0    0  7.5 16  30   M    M  10 18     22 350
12  66  55  61   1   4   0 0.14  0.0    0  3.5  9 260   M    M  10 12     11 270
13  72  61  67   7   0   2 1.23  0.0    0 11.8 24 160   M    M   8 13     32 150
14  62  55  59  -1   6   0 0.13  0.0    0 10.7 22 250   M    M  10 18     31 230
15  67  48  58  -1   7   0 0.00  0.0    0  5.7 16 330   M    M   9        21 310
16  73  44  59   0   6   0 0.00  0.0    0  3.9 13 190   M    M   0 8      16 180
17  79  51  65   7   0   0 0.00  0.0    0  7.2 17 270   M    M   0 8      23 250
18  68  46  57  -1   8   0 0.00  0.0    0  6.6 17 340   M    M   1 18     23 320
19  65  40  53  -5  12   0 0.00  0.0    0  1.3  7 210   M    M   0 18     10 140
20  69  48  59   1   6   0    M    M    0   M   M   M   M    M   5 1       M  M
================================================================================
SM 1455 1027        90  37  4.43     0.0 125.0          M       89
================================================================================
AV 72.8 51.3                               6.6 FASTST   M    M   4    MAX(MPH)
                                 MISC ---->  # 30 320               # 38  310
================================================================================
NOTES:
# LAST OF SEVERAL OCCURRENCES

COLUMN 17 PEAK WIND IN M.P.H.

PRELIMINARY LOCAL CLIMATOLOGICAL DATA (WS FORM: F-6) , PAGE 2

                                          STATION:  POPLAR BLUFF MO
                                          MONTH:    OCTOBER
                                          YEAR:     2014
                                          LATITUDE:   36 46 N
                                          LONGITUDE:  90 19 W

[TEMPERATURE DATA]      [PRECIPITATION DATA]       SYMBOLS USED IN COLUMN 16

AVERAGE MONTHLY: 62.0   TOTAL FOR MONTH:   4.43    1 = FOG OR MIST
DPTR FM NORMAL:   1.3   DPTR FM NORMAL:    1.70    2 = FOG REDUCING VISIBILITY
HIGHEST:    88 ON  1    GRTST 24HR  1.65 ON  9-10      TO 1/4 MILE OR LESS
LOWEST:     40 ON 19, 4                            3 = THUNDER
                        SNOW, ICE PELLETS, HAIL    4 = ICE PELLETS
                        TOTAL MONTH:   0.0 INCH    5 = HAIL
                        GRTST 24HR     0.0         6 = FREEZING RAIN OR DRIZZLE
                        GRTST DEPTH:   0           7 = DUSTSTORM OR SANDSTORM:
                                                       VSBY 1/2 MILE OR LESS
                                                   8 = SMOKE OR HAZE
[NO. OF DAYS WITH]      [WEATHER - DAYS WITH]      9 = BLOWING SNOW
                                                   X = TORNADO
MAX 32 OR BELOW:   0    0.01 INCH OR MORE:  10
MAX 90 OR ABOVE:   0    0.10 INCH OR MORE:   7
MIN 32 OR BELOW:   0    0.50 INCH OR MORE:   3
MIN  0 OR BELOW:   0    1.00 INCH OR MORE:   2

[HDD (BASE 65) ]
TOTAL THIS MO.    90    CLEAR  (SCALE 0-3)   8
DPTR FM NORMAL   -25    PTCLDY (SCALE 4-7)   7
TOTAL FM JUL 1   115    CLOUDY (SCALE 8-10)  5
DPTR FM NORMAL   -29

[CDD (BASE 65) ]
TOTAL THIS MO.    37
DPTR FM NORMAL     7    [PRESSURE DATA]
TOTAL FM JAN 1  1533    HIGHEST SLP M ON M
DPTR FM NORMAL   -24    LOWEST  SLP 29.53 ON 14

[REMARKS]
