000
CXUS55 KALY 280710
CF6POU
PRELIMINARY LOCAL CLIMATOLOGICAL DATA (WS FORM: F-6)

                                          STATION:   POUGHKEEPSIE NY
                                          MONTH:     AUGUST
                                          YEAR:      2015
                                          LATITUDE:   41 37 N
                                          LONGITUDE:  73 53 W

  TEMPERATURE IN F:       :PCPN:    SNOW:  WIND      :SUNSHINE: SKY     :PK WND
================================================================================
1   2   3   4   5  6A  6B    7    8   9   10  11  12  13   14  15   16   17  18
                                     12Z  AVG MX 2MIN
DY MAX MIN AVG DEP HDD CDD  WTR  SNW DPTH SPD SPD DIR MIN PSBL S-S WX    SPD DR
================================================================================

 1  90  62  76   3   0  11 0.00    M    M  5.1 18 240   M    M   1        25 270
 2  89  58  74   1   0   9 0.00    M    M  3.8 18 240   M    M   1        25 230
 3  93  62  78   5   0  13 0.00    M    M  4.7 17 240   M    M   0        24 220
 4  90  65  78   5   0  13 0.04    M    M  6.0 18 250   M    M   3        25 260
 5  86  58  72   0   0   7 0.00    M    M  5.2 16 280   M    M   1        25 270
 6  82  53  68  -4   0   3 0.00    M    M  2.5 12 250   M    M   1        20 280
 7  85  55  70  -2   0   5 0.00    M    M  3.0 14  10   M    M   3        17  20
 8  86  56  71  -1   0   6 0.00    M    M  3.0 12  20   M    M   3        15  10
 9  87  59  73   1   0   8 0.00    M    M  3.6 13  50   M    M   1        22  30
10  81  62  72   0   0   7 0.00    M    M  4.2 13 160   M    M   8        18 150
11  80  66  73   1   0   8 1.08    M    M  3.5 13 280   M    M   7 13     17 240
12  85  61  73   1   0   8 0.00    M    M  3.5 21 300   M    M   2 1      29 310
13  82  57  70  -2   0   5 0.00    M    M  2.2 10 260   M    M   1        15 300
14  88  55  72   0   0   7 0.00    M    M  3.1 13 240   M    M   1        18 240
15  92  64  78   6   0  13 0.00    M    M  4.1 21  30   M    M   2 3      24  30
16  91  65  78   7   0  13 0.00    M    M  1.7  8 300   M    M   2 18     11 230
17  95  66  81  10   0  16 0.00    M    M  1.7  7 260   M    M   1         M  M
18  93  69  81  10   0  16 0.00    M    M  3.3 17 230   M    M   2 13     25 210
19  91  68  80   9   0  15 0.00    M    M  5.0 17 130   M    M   4        24 140
20  90  68  79   8   0  14    T    M    M  8.1 17 180   M    M   4        26 130
21  85  63  74   3   0   9 0.76    M    M  4.6 25  10   M    M   5 13     33  10
22  81  57  69  -1   0   4 0.00    M    M  3.3 14  30   M    M   0        17  10
23  85  58  72   2   0   7 0.00  0.0    0  2.1  9  30   M    M   3        14  30
24  87  66  77   7   0  12 0.01  0.0    0  2.9 13 260   M    M   3        16 250
25  88  63  76   6   0  11 0.23  0.0    0  3.8 15 280   M    M   5 138    19 280
26  82  56  69  -1   0   4 0.00  0.0    0  2.9 15 240   M    M   3        19 260
27  79  57  68  -1   0   3 0.00    M    M  3.0 12 290   M    M   5        15 330
================================================================================
SM 2343 1649         0 247  2.12     0.0  99.9          M       72
================================================================================
AV 86.8 61.1                               3.7 FASTST   M    M   3    MAX(MPH)
                                 MISC ---->  # 25  10               # 33   10
================================================================================
NOTES:
# LAST OF SEVERAL OCCURRENCES

COLUMN 17 PEAK WIND IN M.P.H.

PRELIMINARY LOCAL CLIMATOLOGICAL DATA (WS FORM: F-6) , PAGE 2

                                          STATION:  POUGHKEEPSIE NY
                                          MONTH:    AUGUST
                                          YEAR:     2015
                                          LATITUDE:   41 37 N
                                          LONGITUDE:  73 53 W

[TEMPERATURE DATA]      [PRECIPITATION DATA]       SYMBOLS USED IN COLUMN 16

AVERAGE MONTHLY: 73.9   TOTAL FOR MONTH:   2.12    1 = FOG OR MIST
DPTR FM NORMAL:   2.5   DPTR FM NORMAL:   -1.63    2 = FOG REDUCING VISIBILITY
HIGHEST:    95 ON 17    GRTST 24HR  1.08 ON 11-11      TO 1/4 MILE OR LESS
LOWEST:     53 ON  6                               3 = THUNDER
                        SNOW, ICE PELLETS, HAIL    4 = ICE PELLETS
                        TOTAL MONTH:   0.0 INCH    5 = HAIL
                        GRTST 24HR     0.0         6 = FREEZING RAIN OR DRIZZLE
                        GRTST DEPTH:   0           7 = DUSTSTORM OR SANDSTORM:
                                                       VSBY 1/2 MILE OR LESS
                                                   8 = SMOKE OR HAZE
[NO. OF DAYS WITH]      [WEATHER - DAYS WITH]      9 = BLOWING SNOW
                                                   X = TORNADO
MAX 32 OR BELOW:   0    0.01 INCH OR MORE:   5
MAX 90 OR ABOVE:   9    0.10 INCH OR MORE:   3
MIN 32 OR BELOW:   0    0.50 INCH OR MORE:   2
MIN  0 OR BELOW:   0    1.00 INCH OR MORE:   1

[HDD (BASE 65) ]
TOTAL THIS MO.     0    CLEAR  (SCALE 0-3)  19
DPTR FM NORMAL    -5    PTCLDY (SCALE 4-7)   8
TOTAL FM JUL 1     0    CLOUDY (SCALE 8-10)  0
DPTR FM NORMAL   -10

[CDD (BASE 65) ]
TOTAL THIS MO.   247
DPTR FM NORMAL    64    [PRESSURE DATA]
TOTAL FM JAN 1   778    HIGHEST SLP M ON M
DPTR FM NORMAL   192    LOWEST  SLP 29.69 ON  3

[REMARKS]
