000
CXUS55 KLOX 291655
CF6PRB
PRELIMINARY LOCAL CLIMATOLOGICAL DATA (WS FORM: F-6)

                                          STATION:   PASO ROBLES AIRPORT CA
                                          MONTH:     JANUARY
                                          YEAR:      2015
                                          LATITUDE:   35 40 N
                                          LONGITUDE: 120 38 W

  TEMPERATURE IN F:       :PCPN:    SNOW:  WIND      :SUNSHINE: SKY     :PK WND
================================================================================
1   2   3   4   5  6A  6B    7    8   9   10  11  12  13   14  15   16   17  18
                                     12Z  AVG MX 2MIN
DY MAX MIN AVG DEP HDD CDD  WTR  SNW DPTH SPD SPD DIR MIN PSBL S-S WX    SPD DR
================================================================================

 1  56  24  40  -6  25   0 0.00  0.0    0  2.0  8  90   M    M   0        11 210
 2  55  26  41  -5  24   0 0.00  0.0    0  1.7 12  90   M    M   0        19 120
 3  58  26  42  -4  23   0 0.00  0.0    0  2.2  9 120   M    M   0 1       M  M
 4  61  29  45  -1  20   0 0.00  0.0    0  2.9 15  90   M    M   0 18     18  90
 5  68  32  50   4  15   0 0.00  0.0    0  4.1 18 110   M    M   0 1      22 110
 6  71  33  52   6  13   0 0.00  0.0    0  2.0 10  90   M    M   0 18     23 100
 7  71  32  52   5  13   0 0.00  0.0    0  1.6  9 140   M    M   0 1      11 140
 8  65  37  51   4  14   0 0.00  0.0    0  2.1  9  90   M    M   0 1      10  90
 9  68  44  56   9   9   0 0.00  0.0    0  2.9 15 200   M    M   1 1      20 250
10  68  46  57  10   8   0    T    M    0  1.6  8  90   M    M   5         8 130
11  67  46  57  10   8   0 0.08    M    0  2.0 12  60   M    M   4 18     16  50
12  62  42  52   5  13   0 0.00  0.0    M  2.3  8  90   M    M   5 128    12  90
13  62  36  49   2  16   0 0.00  0.0    0  5.0 17  90   M    M   4 128    23  70
14  62  35  49   2  16   0 0.00  0.0    0  1.0  7 110   M    M   5 128    10  70
15  66  34  50   3  15   0 0.00    M    0  2.6 10 320   M    M   0 1      12 290
16  68  35  52   5  13   0 0.00  0.0    0  2.7 12 100   M    M   0        13  90
17  70  37  54   7  11   0 0.00  0.0    0  4.3 14  80   M    M   0        15  80
18  70  40  55   8  10   0 0.00  0.0    0  2.9 12 110   M    M   0 1      13 100
19  67  42  55   8  10   0 0.00  0.0    0  5.6 15 110   M    M   0        18  90
20  60  46  53   6  12   0 0.00  0.0    0  6.9 17  90   M    M   6        23  90
21  57  34  46  -2  19   0 0.00  0.0    0  7.5 18  90   M    M   0 1      22  90
22  63  32  48   0  17   0 0.00  0.0    0  2.8 14 140   M    M   2 128    16 130
23  67  31  49   1  16   0 0.00  0.0    0  4.1 16 100   M    M   1 128    19 100
24  69  32  51   3  14   0 0.00  0.0    0  3.6 12  60   M    M   0 18     16 330
25  78  31  55   7  10   0 0.00  0.0    0  2.4  9  90   M    M   0        13 140
26  61  37  49   1  16   0 0.01    M    0  2.6 10 190   M    M   4        15 230
27  67  46  57   9   8   0 0.15    M    0  2.4 12  10   M    M   7 1      13 130
28  61  40  51   3  14   0 0.00  0.0    0  3.9 15  90   M    M   2 12     23  70
================================================================================
SM 1818 1005       402   0  0.24     0.0  87.7          M       46
================================================================================
AV 64.9 35.9                               3.1 FASTST   M    M   2    MAX(MPH)
                                 MISC ---->    18   M                 23    M
================================================================================
NOTES:
# LAST OF SEVERAL OCCURRENCES

COLUMN 17 PEAK WIND IN M.P.H.

PRELIMINARY LOCAL CLIMATOLOGICAL DATA (WS FORM: F-6) , PAGE 2

                                          STATION:  PASO ROBLES AIRPORT CA
                                          MONTH:    JANUARY
                                          YEAR:     2015
                                          LATITUDE:   35 40 N
                                          LONGITUDE: 120 38 W

[TEMPERATURE DATA]      [PRECIPITATION DATA]       SYMBOLS USED IN COLUMN 16

AVERAGE MONTHLY: 50.4   TOTAL FOR MONTH:   0.24    1 = FOG OR MIST
DPTR FM NORMAL:   3.3   DPTR FM NORMAL:   -2.23    2 = FOG REDUCING VISIBILITY
HIGHEST:    78 ON 25    GRTST 24HR  0.16 ON 26-27      TO 1/4 MILE OR LESS
LOWEST:     24 ON  1                               3 = THUNDER
                        SNOW, ICE PELLETS, HAIL    4 = ICE PELLETS
                        TOTAL MONTH:   0.0 INCH    5 = HAIL
                        GRTST 24HR     0.0         6 = FREEZING RAIN OR DRIZZLE
                        GRTST DEPTH:   0           7 = DUSTSTORM OR SANDSTORM:
                                                       VSBY 1/2 MILE OR LESS
                                                   8 = SMOKE OR HAZE
[NO. OF DAYS WITH]      [WEATHER - DAYS WITH]      9 = BLOWING SNOW
                                                   X = TORNADO
MAX 32 OR BELOW:   0    0.01 INCH OR MORE:   3
MAX 90 OR ABOVE:   0    0.10 INCH OR MORE:   1
MIN 32 OR BELOW:  10    0.50 INCH OR MORE:   0
MIN  0 OR BELOW:   0    1.00 INCH OR MORE:   0

[HDD (BASE 65) ]
TOTAL THIS MO.   402    CLEAR  (SCALE 0-3)  20
DPTR FM NORMAL   -99    PTCLDY (SCALE 4-7)   8
TOTAL FM JUL 1  1070    CLOUDY (SCALE 8-10)  0
DPTR FM NORMAL  -555

[CDD (BASE 65) ]
TOTAL THIS MO.     0
DPTR FM NORMAL     0    [PRESSURE DATA]
TOTAL FM JAN 1     0    HIGHEST SLP M ON M
DPTR FM NORMAL     0    LOWEST  SLP 29.92 ON M

[REMARKS]
