000
CXUS56 KFGZ 290900
CF6PRC
PRELIMINARY LOCAL CLIMATOLOGICAL DATA (WS FORM: F-6)

                                          STATION:   PRESCOTT AZ AIRPORT
                                          MONTH:     AUGUST
                                          YEAR:      2015
                                          LATITUDE:   34 39 N
                                          LONGITUDE: 112 26 W

  TEMPERATURE IN F:       :PCPN:    SNOW:  WIND      :SUNSHINE: SKY     :PK WND
================================================================================
1   2   3   4   5  6A  6B    7    8   9   10  11  12  13   14  15   16   17  18
                                     12Z  AVG MX 2MIN
DY MAX MIN AVG DEP HDD CDD  WTR  SNW DPTH SPD SPD DIR MIN PSBL S-S WX    SPD DR
================================================================================

 1  85  67  76   1   0  11    T    M    M  6.1 14 300   M    M   7        19 310
 2  89  62  76   1   0  11 0.00    M    M  6.1 22  10   M    M   4 3      26  10
 3  91  63  77   2   0  12 0.00    M    M  7.9 17 250   M    M   3 8      23 240
 4  93  61  77   2   0  12 0.00    M    M  7.1 20 190   M    M   0        26 190
 5  94  63  79   4   0  14 0.00    M    M  8.9 21 230   M    M   0        27 230
 6  91  64  78   4   0  13 0.30    M    M  7.0 28  20   M    M   3 3      34  20
 7  86  63  75   1   0  10    T    M    M  8.9 24 230   M    M   4 3      35 240
 8  86  63  75   1   0  10 0.00    M    M  6.9 20 230   M    M   3        25 240
 9  87  63  75   1   0  10 0.00    M    M  4.6 22  30   M    M   4 3      26  30
10  89  62  76   2   0  11 0.04    M    M  6.9 16 150   M    M   4 8      21 150
11  78  66  72  -2   0   7 0.26    M    M  6.1 29 140   M    M   6 13     48 160
12  83  62  73  -1   0   8 0.49    M    M  5.6 22 140   M    M   5 13     31 130
13  93  63  78   4   0  13 0.00    M    M  4.4 14 290   M    M   2        18 270
14  93  64  79   5   0  14    T  0.0    0  4.9 18 260   M    M   4 3      23 270
15  95  66  81   7   0  16    T    M    M  5.4 16 330   M    M   2        22 330
16  96  65  81   7   0  16 0.00    M    M  5.3 17 250   M    M   1        22 250
17  94  70  82   8   0  17 0.00    M    M  8.9 18 250   M    M   1        25 250
18  92  67  80   7   0  15 0.00  0.0    0  9.4 23 250   M    M   0        29 250
19  94  61  78   5   0  13 0.00    M    M  9.6 21 230   M    M   0        27 250
20  91  65  78   5   0  13 0.00    M    M  8.7 17 230   M    M   0        24 230
21  88  65  77   4   0  12 0.00    M    M  8.3 20 230   M    M   1        26 170
22  89  62  76   3   0  11 0.00    M    M  6.6 16 250   M    M   0        22 290
23  90  64  77   4   0  12 0.02    M    M  5.1 29 240   M    M   2 3      34 240
24  94  59  77   4   0  12    T    M    M  6.2 21 270   M    M   2        29 200
25  82  66  74   1   0   9 0.03    M    M  7.2 24 250   M    M   5        28 250
26  86  63  75   2   0  10    T    M    M  5.7 31 360   M    M   5 3      36  10
27  86  61  74   2   0   9 0.40    M    M  4.8 36 240   M    M   2 38     43 230
28  92  59  76   4   0  11 0.00    M    M  5.1 26  30   M    M   1        32  30
================================================================================
SM 2507 1779         0 332  1.54     0.0 187.7          M       71
================================================================================
AV 89.5 63.5                               6.7 FASTST   M    M   3    MAX(MPH)
                                 MISC ---->  # 36 240               # 48  160
================================================================================
NOTES:
# LAST OF SEVERAL OCCURRENCES

COLUMN 17 PEAK WIND IN M.P.H.

PRELIMINARY LOCAL CLIMATOLOGICAL DATA (WS FORM: F-6) , PAGE 2

                                          STATION:  PRESCOTT AZ AIRPORT
                                          MONTH:    AUGUST
                                          YEAR:     2015
                                          LATITUDE:   34 39 N
                                          LONGITUDE: 112 26 W

[TEMPERATURE DATA]      [PRECIPITATION DATA]       SYMBOLS USED IN COLUMN 16

AVERAGE MONTHLY: 76.5   TOTAL FOR MONTH:   1.54    1 = FOG OR MIST
DPTR FM NORMAL:   2.8   DPTR FM NORMAL:   -0.86    2 = FOG REDUCING VISIBILITY
HIGHEST:    96 ON 16    GRTST 24HR  0.63 ON 11-12      TO 1/4 MILE OR LESS
LOWEST:     59 ON 28,24                            3 = THUNDER
                        SNOW, ICE PELLETS, HAIL    4 = ICE PELLETS
                        TOTAL MONTH:   0.0 INCH    5 = HAIL
                        GRTST 24HR     0.0         6 = FREEZING RAIN OR DRIZZLE
                        GRTST DEPTH:   0           7 = DUSTSTORM OR SANDSTORM:
                                                       VSBY 1/2 MILE OR LESS
                                                   8 = SMOKE OR HAZE
[NO. OF DAYS WITH]      [WEATHER - DAYS WITH]      9 = BLOWING SNOW
                                                   X = TORNADO
MAX 32 OR BELOW:   0    0.01 INCH OR MORE:   7
MAX 90 OR ABOVE:  15    0.10 INCH OR MORE:   4
MIN 32 OR BELOW:   0    0.50 INCH OR MORE:   0
MIN  0 OR BELOW:   0    1.00 INCH OR MORE:   0

[HDD (BASE 65) ]
TOTAL THIS MO.     0    CLEAR  (SCALE 0-3)  17
DPTR FM NORMAL     0    PTCLDY (SCALE 4-7)  11
TOTAL FM JUL 1     0    CLOUDY (SCALE 8-10)  0
DPTR FM NORMAL     0

[CDD (BASE 65) ]
TOTAL THIS MO.   332
DPTR FM NORMAL    86    [PRESSURE DATA]
TOTAL FM JAN 1   933    HIGHEST SLP M ON M
DPTR FM NORMAL   132    LOWEST  SLP 29.80 ON 18

[REMARKS]
