000
CXUS54 KFWD 270730
CF6PRX
PRELIMINARY LOCAL CLIMATOLOGICAL DATA (WS FORM: F-6)

                                          STATION:   PARIS
                                          MONTH:     AUGUST
                                          YEAR:      2015
                                          LATITUDE:   33 37 N
                                          LONGITUDE:  95 27 W

  TEMPERATURE IN F:       :PCPN:    SNOW:  WIND      :SUNSHINE: SKY     :PK WND
================================================================================
1   2   3   4   5  6A  6B    7    8   9   10  11  12  13   14  15   16   17  18
                                     12Z  AVG MX 2MIN
DY MAX MIN AVG DEP HDD CDD  WTR  SNW DPTH SPD SPD DIR MIN PSBL S-S WX    SPD DR
================================================================================

 1  95  70  83  -3   0  18 0.00  0.0    0  6.7 12  80   M    M   0        16 140
 2  99  70  85  -1   0  20 0.00  0.0    0  5.7 10 200   M    M   0         M  M
 3  99  72  86   0   0  21 0.00  0.0    0  6.0 10 110   M    M   1         M  M
 4  97  75  86   0   0  21 0.00  0.0    0  5.6 12 200   M    M   1         M  M
 5 100  79  90   4   0  25 0.00  0.0    0  9.3 15 230   M    M   0        18 210
 6 100  81  91   5   0  26 0.00  0.0    0 11.8 17 210   M    M   0        23 230
 7 102  77  90   4   0  25 0.00  0.0    0  9.3 15 210   M    M   0        18 220
 8 102  75  89   3   0  24 0.00  0.0    0  8.3 15 220   M    M   0        18 220
 9 102  75  89   3   0  24 0.00  0.0    0  6.2 12 230   M    M   0        16 210
10 104  72  88   2   0  23 0.00  0.0    0  4.7 13 330   M    M   0         M  M
11 100  79  90   4   0  25 0.00  0.0    0  8.7 15 340   M    M   1        21 340
12  95  73  84  -2   0  19 0.00  0.0    0 10.1 17  80   M    M   0        21  80
13  93  70  82  -4   0  17 0.00  0.0    0  7.3 10  80   M    M   1        18 120
14  93  70  82  -3   0  17 0.00  0.0    0  8.0 12 120   M    M   1        16  40
15  93  70  82  -3   0  17 0.00  0.0    0  7.4 10 120   M    M   0         M  M
16  97  68  83  -2   0  18 0.00  0.0    0  6.8 13 100   M    M   0         M  M
17  97  72  85   0   0  20 0.00  0.0    0  5.8 12 140   M    M   0         M  M
18  97  73  85   0   0  20 0.00  0.0    0  9.4 16 190   M    M   0        21 200
19  82  66  74 -11   0   9 1.10  0.0    0 12.1 22 350   M    M   6 3      30 350
20  75  63  69 -16   0   4 0.00  0.0    0  8.2 15  80   M    M   8        17 110
21  91  66  79  -6   0  14 0.00  0.0    0  8.2 13 180   M    M   5        17 180
22  95  73  84   0   0  19 0.00  0.0    0  9.2 21  20   M    M   3        28  20
23  90  72  81  -3   0  16 0.03  0.0    0  8.7 17  20   M    M   0 3      22  20
24  93  72  83  -1   0  18 0.00  0.0    0  4.8 10 100   M    M   1         M  M
25  88  70  79  -5   0  14 0.02  0.0    0  9.1 17 110   M    M   3 3      21 150
26  91  63  77  -7   0  12 0.00  0.0    0  3.3  8 180   M    M   0         M  M
================================================================================
SM 2470 1866         0 486  1.15     0.0 200.7          M       31
================================================================================
AV 95.0 71.8                               7.7 FASTST   M    M   1    MAX(MPH)
                                 MISC ---->    22   M                 30    M
================================================================================
NOTES:
# LAST OF SEVERAL OCCURRENCES

COLUMN 17 PEAK WIND IN M.P.H.

PRELIMINARY LOCAL CLIMATOLOGICAL DATA (WS FORM: F-6) , PAGE 2

                                          STATION:  PARIS
                                          MONTH:    AUGUST
                                          YEAR:     2015
                                          LATITUDE:   33 37 N
                                          LONGITUDE:  95 27 W

[TEMPERATURE DATA]      [PRECIPITATION DATA]       SYMBOLS USED IN COLUMN 16

AVERAGE MONTHLY: 83.4   TOTAL FOR MONTH:   1.15    1 = FOG OR MIST
DPTR FM NORMAL:  -1.9   DPTR FM NORMAL:   -0.67    2 = FOG REDUCING VISIBILITY
HIGHEST:   104 ON 10    GRTST 24HR  1.10 ON 19-19      TO 1/4 MILE OR LESS
LOWEST:     63 ON 26,20                            3 = THUNDER
                        SNOW, ICE PELLETS, HAIL    4 = ICE PELLETS
                        TOTAL MONTH:   0.0 INCH    5 = HAIL
                        GRTST 24HR     0.0         6 = FREEZING RAIN OR DRIZZLE
                        GRTST DEPTH:   0           7 = DUSTSTORM OR SANDSTORM:
                                                       VSBY 1/2 MILE OR LESS
                                                   8 = SMOKE OR HAZE
[NO. OF DAYS WITH]      [WEATHER - DAYS WITH]      9 = BLOWING SNOW
                                                   X = TORNADO
MAX 32 OR BELOW:   0    0.01 INCH OR MORE:   3
MAX 90 OR ABOVE:  23    0.10 INCH OR MORE:   1
MIN 32 OR BELOW:   0    0.50 INCH OR MORE:   1
MIN  0 OR BELOW:   0    1.00 INCH OR MORE:   1

[HDD (BASE 65) ]
TOTAL THIS MO.     0    CLEAR  (SCALE 0-3)  22
DPTR FM NORMAL     0    PTCLDY (SCALE 4-7)   4
TOTAL FM JUL 1     0    CLOUDY (SCALE 8-10)  0
DPTR FM NORMAL     0

[CDD (BASE 65) ]
TOTAL THIS MO.   486
DPTR FM NORMAL   -42    [PRESSURE DATA]
TOTAL FM JAN 1  1777    HIGHEST SLP M ON M
DPTR FM NORMAL  -176    LOWEST  SLP M ON M

[REMARKS]
