000
CXUS55 KALY 310800
CF6PSF
PRELIMINARY LOCAL CLIMATOLOGICAL DATA (WS FORM: F-6)

                                          STATION:   PITTSFIELD MA
                                          MONTH:     OCTOBER
                                          YEAR:      2014
                                          LATITUDE:   42 25 N
                                          LONGITUDE:  73 18 W

  TEMPERATURE IN F:       :PCPN:    SNOW:  WIND      :SUNSHINE: SKY     :PK WND
================================================================================
1   2   3   4   5  6A  6B    7    8   9   10  11  12  13   14  15   16   17  18
                                     12Z  AVG MX 2MIN
DY MAX MIN AVG DEP HDD CDD  WTR  SNW DPTH SPD SPD DIR MIN PSBL S-S WX    SPD DR
================================================================================

 1  60  55  58   6   7   0 0.37    M    M  3.5  9  30   M    M  10 1      14 350
 2  69  53  61   9   4   0 0.03    M    M  3.3  9  60   M    M   9 1      12  20
 3  68  42  55   3  10   0 0.00    M    M  4.8 15 140   M    M   1 1      22 140
 4  57  46  52   1  13   0 0.71    M    M  7.9 17 290   M    M  10 1      27 300
 5  56  34  45  -6  20   0 0.00    M    M  5.5 16 290   M    M   1 1      22 280
 6  64  32  48  -3  17   0 0.00    M    M  6.8 21 180   M    M   4 12     30 170
 7  67  54  61  11   4   0 0.04    M    M  9.5 20 170   M    M   6 1      28 140
 8  66  48  57   7   8   0 0.45    M    M 12.1 23 260   M    M   6 1      32 250
 9  62  40  51   1  14   0 0.00    M    M 10.0 22 260   M    M   3        29 270
10  57  39  48  -1  17   0 0.00    M    M  4.6 16 270   M    M   4        20 300
11  57  39  48  -1  17   0 0.05    M    M  3.8 13 290   M    M   4 1      16 290
12  59  31  45  -4  20   0 0.00    M    M  1.9 10 260   M    M   2 12     14 300
13  57  30  44  -4  21   0 0.01    M    M  3.4 14 170   M    M   9 12     18 170
14  72  55  64  16   1   0 0.00    M    M  6.6 18 200   M    M   9 1      26 170
15  74  66  70  22   0   5 0.11    M    M 10.4 17 130   M    M   9 1      28 200
16  69  55  62  15   3   0 0.98    M    M  8.0 18 180   M    M   8 1      29 120
17  66  53  60  13   5   0 0.00    M    M  7.0 17 240   M    M   5 1      23 170
18  59  46  53   6  12   0 0.01    M    M  7.2 21 310   M    M   8 1      31 280
19  46  32  39  -7  26   0 0.00    M    M 11.7 23 280   M    M  10        30 280
20  52  30  41  -5  24   0    T    M    M  5.0 15 230   M    M   6        19 210
21  51  42  47   1  18   0 0.15    M    M  2.5  9  40   M    M  10 1      15  40
22  51  47  49   3  16   0 0.38    M    M 10.5 17  30   M    M  10 1      24  30
23  48  43  46   1  19   0 1.47    M    M  7.8 14 310   M    M  10 1      18  30
24  48  42  45   0  20   0 0.14    M    M  8.8 17 340   M    M   8 1      27 330
25  59  41  50   5  15   0    T    M    M  9.4 20 290   M    M   4 18     24 290
26  48  42  45   1  20   0 0.09    M    M 14.9 28 280   M    M   6 13     40 300
27  54  35  45   1  20   0 0.01    M    M  7.1 23 280   M    M   6        30 280
28  65  33  49   5  16   0 0.00    M    M  2.1  9 340   M    M   1 1      12 180
29  56  37  47   3  18   0 0.21    M    M  4.4 15 310   M    M   5 1      22 310
30  51  32  42  -1  23   0    T    M    0  7.9 20 290   M    M   5 1      25 290
================================================================================
SM 1768 1274       428   5  5.21    M    208.4          M      189
================================================================================
AV 58.9 42.5                               6.9 FASTST   M    M   6    MAX(MPH)
                                 MISC ---->  # 28 280               # 40  300
================================================================================
NOTES:
# LAST OF SEVERAL OCCURRENCES

COLUMN 17 PEAK WIND IN M.P.H.

PRELIMINARY LOCAL CLIMATOLOGICAL DATA (WS FORM: F-6) , PAGE 2

                                          STATION:  PITTSFIELD MA
                                          MONTH:    OCTOBER
                                          YEAR:     2014
                                          LATITUDE:   42 25 N
                                          LONGITUDE:  73 18 W

[TEMPERATURE DATA]      [PRECIPITATION DATA]       SYMBOLS USED IN COLUMN 16

AVERAGE MONTHLY: 50.7   TOTAL FOR MONTH:   5.21    1 = FOG OR MIST
DPTR FM NORMAL:   3.1   DPTR FM NORMAL:    0.60    2 = FOG REDUCING VISIBILITY
HIGHEST:    74 ON 15    GRTST 24HR  1.80 ON 22-23      TO 1/4 MILE OR LESS
LOWEST:     30 ON 20,13                            3 = THUNDER
                        SNOW, ICE PELLETS, HAIL    4 = ICE PELLETS
                        TOTAL MONTH:    M          5 = HAIL
                        GRTST 24HR    M  ON   M    6 = FREEZING RAIN OR DRIZZLE
                        GRTST DEPTH:   0           7 = DUSTSTORM OR SANDSTORM:
                                                       VSBY 1/2 MILE OR LESS
                                                   8 = SMOKE OR HAZE
[NO. OF DAYS WITH]      [WEATHER - DAYS WITH]      9 = BLOWING SNOW
                                                   X = TORNADO
MAX 32 OR BELOW:   0    0.01 INCH OR MORE:  17
MAX 90 OR ABOVE:   0    0.10 INCH OR MORE:  10
MIN 32 OR BELOW:   6    0.50 INCH OR MORE:   3
MIN  0 OR BELOW:   0    1.00 INCH OR MORE:   1

[HDD (BASE 65) ]
TOTAL THIS MO.   428    CLEAR  (SCALE 0-3)   5
DPTR FM NORMAL   -93    PTCLDY (SCALE 4-7)  15
TOTAL FM JUL 1   705    CLOUDY (SCALE 8-10) 10
DPTR FM NORMAL  -108

[CDD (BASE 65) ]
TOTAL THIS MO.     5
DPTR FM NORMAL     5    [PRESSURE DATA]
TOTAL FM JAN 1   238    HIGHEST SLP M ON M
DPTR FM NORMAL   -51    LOWEST  SLP 29.49 ON 26

[REMARKS]
