000
CXUS56 KSGX 171545
CF6PSP
PRELIMINARY LOCAL CLIMATOLOGICAL DATA (WS FORM: F-6)

                                          STATION:   PALM SPRINGS INTL AIRPORT CA
                                          MONTH:     JANUARY
                                          YEAR:      2018
                                          LATITUDE:   33 49 N
                                          LONGITUDE: 116 30 W

  TEMPERATURE IN F:       :PCPN:    SNOW:  WIND      :SUNSHINE: SKY     :PK WND
================================================================================
1   2   3   4   5  6A  6B    7    8   9   10  11  12  13   14  15   16   17  18
                                     12Z  AVG MX 2MIN
DY MAX MIN AVG DEP HDD CDD  WTR  SNW DPTH SPD SPD DIR MIN PSBL S-S WX    SPD DR
================================================================================

 1  76  46  61   5   4   0 0.00  0.0    0  2.4 10 320   M    M   0        12 330
 2  86  53  70  14   0   5 0.00  0.0    0  3.9  9 330   M    M   0        11 330
 3  76  56  66  10   0   1 0.00  0.0    0  2.7  8 330   M    M   0        10 280
 4  80  51  66  10   0   1 0.00  0.0    0  3.4  9 320   M    M   0        11 120
 5  80  52  66  10   0   1 0.00  0.0    0  2.4 12 110   M    M   0        13 100
 6  78  56  67  10   0   2 0.00  0.0    0  3.3  9 120   M    M   2        13  80
 7  79  60  70  13   0   5 0.00  0.0    0  3.9 16 320   M    M   0        18 330
 8  72  61  67  10   0   2 0.05  0.0    0  2.1  8 290   M    M   5        11 280
 9  64  51  58   1   7   0 1.40  0.0    0  3.8 17  50   M    M   8 1      22  90
10  69  49  59   2   6   0 0.00  0.0    0  2.1 15 330   M    M   0        18 330
11  73  48  61   4   4   0 0.00  0.0    0  3.1 10 330   M    M   0        11 340
12  76  50  63   6   2   0 0.00  0.0    0  2.8  9 340   M    M   0        12 330
13  81  54  68  11   0   3 0.00  0.0    0  4.7 12 340   M    M   0        13 340
14  81  54  68  10   0   3 0.00  0.0    0  4.5  9 330   M    M   0        12 320
15  79  50  65   7   0   0 0.00  0.0    0  3.5 10 330   M    M   0        12 330
16  77  55  66   8   0   1 0.00  0.0    0  3.4  9 320   M    M   0        10 340
================================================================================
SM 1227  846        23  24  1.45     0.0  52.0          M       15
================================================================================
AV 76.7 52.9                               3.2 FASTST   M    M   1    MAX(MPH)
                                 MISC ---->  # 17  50               # 22   90
================================================================================
NOTES:
# LAST OF SEVERAL OCCURRENCES

COLUMN 17 PEAK WIND IN M.P.H.

PRELIMINARY LOCAL CLIMATOLOGICAL DATA (WS FORM: F-6) , PAGE 2

                                          STATION:  PALM SPRINGS INTL AIRPORT CA
                                          MONTH:    JANUARY
                                          YEAR:     2018
                                          LATITUDE:   33 49 N
                                          LONGITUDE: 116 30 W

[TEMPERATURE DATA]      [PRECIPITATION DATA]       SYMBOLS USED IN COLUMN 16

AVERAGE MONTHLY: 64.8   TOTAL FOR MONTH:   1.45    1 = FOG OR MIST
DPTR FM NORMAL:   7.9   DPTR FM NORMAL:    0.77    2 = FOG REDUCING VISIBILITY
HIGHEST:    86 ON  2    GRTST 24HR  1.40 ON  9- 9      TO 1/4 MILE OR LESS
LOWEST:     46 ON  1                               3 = THUNDER
                        SNOW, ICE PELLETS, HAIL    4 = ICE PELLETS
                        TOTAL MONTH:   0.0 INCH    5 = HAIL
                        GRTST 24HR     0.0         6 = FREEZING RAIN OR DRIZZLE
                        GRTST DEPTH:   0           7 = DUSTSTORM OR SANDSTORM:
                                                       VSBY 1/2 MILE OR LESS
                                                   8 = SMOKE OR HAZE
[NO. OF DAYS WITH]      [WEATHER - DAYS WITH]      9 = BLOWING SNOW
                                                   X = TORNADO
MAX 32 OR BELOW:   0    0.01 INCH OR MORE:   2
MAX 90 OR ABOVE:   0    0.10 INCH OR MORE:   1
MIN 32 OR BELOW:   0    0.50 INCH OR MORE:   1
MIN  0 OR BELOW:   0    1.00 INCH OR MORE:   1

[HDD (BASE 65) ]
TOTAL THIS MO.    23    CLEAR  (SCALE 0-3)  14
DPTR FM NORMAL  -111    PTCLDY (SCALE 4-7)   2
TOTAL FM JUL 1   117    CLOUDY (SCALE 8-10)  0
DPTR FM NORMAL  -403

[CDD (BASE 65) ]
TOTAL THIS MO.    24
DPTR FM NORMAL    24    [PRESSURE DATA]
TOTAL FM JAN 1    24    HIGHEST SLP M ON M
DPTR FM NORMAL    24    LOWEST  SLP 29.64 ON  9

[REMARKS]
