000
CXUS56 KSGX 301445
CF6PSP
PRELIMINARY LOCAL CLIMATOLOGICAL DATA (WS FORM: F-6)

                                          STATION:   PALM SPRINGS INTL AIRPORT CA
                                          MONTH:     OCTOBER
                                          YEAR:      2014
                                          LATITUDE:   33 49 N
                                          LONGITUDE: 116 30 W

  TEMPERATURE IN F:       :PCPN:    SNOW:  WIND      :SUNSHINE: SKY     :PK WND
================================================================================
1   2   3   4   5  6A  6B    7    8   9   10  11  12  13   14  15   16   17  18
                                     12Z  AVG MX 2MIN
DY MAX MIN AVG DEP HDD CDD  WTR  SNW DPTH SPD SPD DIR MIN PSBL S-S WX    SPD DR
================================================================================

 1  98  68  83   2   0  18 0.00  0.0    0  4.7 15 340   M    M   0        20 330
 2  97  73  85   4   0  20 0.00  0.0    0  4.7 14 330   M    M   0        17 320
 3 101  70  86   6   0  21 0.00  0.0    0  5.0  9 320   M    M   1        12 340
 4 105  76  91  11   0  26 0.00  0.0    0  5.4 13 330   M    M   0        16 140
 5 101  75  88   9   0  23 0.00  0.0    0  7.3 14 330   M    M   0        17 330
 6  96  70  83   4   0  18 0.00  0.0    0  5.8 13 110   M    M   2        17 100
 7  92  74  83   4   0  18 0.00  0.0    0  6.8 16 100   M    M   4 8      20 110
 8  92  68  80   2   0  15 0.00  0.0    0  5.5 13 110   M    M   0        17  70
 9  93  70  82   4   0  17 0.00  0.0    0  4.3 13 140   M    M   0        14 320
10  93  69  81   3   0  16 0.00  0.0    0  3.3 10 340   M    M   1        14  80
11  96  71  84   7   0  19 0.00  0.0    0  5.0 12 150   M    M   0        14 110
12 103  69  86   9   0  21 0.00  0.0    0  4.8 14 320   M    M   0        18 310
13  96  71  84   7   0  19 0.00  0.0    0  4.8 13 340   M    M   0        15 310
14  94  67  81   5   0  16 0.00  0.0    0  5.0 13 320   M    M   1        19 120
15  90  65  78   2   0  13 0.00  0.0    0  6.8 21 320   M    M   2        27 320
16  90  64  77   1   0  12 0.00  0.0    0  5.9 15 320   M    M   1        18 320
17  89  68  79   4   0  14 0.00  0.0    0  7.5 20 320   M    M   2        25 320
18  92  65  79   4   0  14 0.00  0.0    0  6.4 15 320   M    M   1        18 320
19  97  66  82   7   0  17 0.00  0.0    0  3.6 17 330   M    M   0        23 320
20  92  66  79   5   0  14 0.00  0.0    0  3.4 13 320   M    M   1        15 320
21  95  67  81   7   0  16 0.00  0.0    0  4.3 16 330   M    M   0        19 330
22  95  65  80   6   0  15 0.00  0.0    0  4.9 10 320   M    M   1        13 120
23  95  69  82   9   0  17 0.00  0.0    0  6.2 13 320   M    M   1        16 330
24  95  69  82   9   0  17 0.00  0.0    0  4.9 12 110   M    M   0        15  40
25  96  68  82   9   0  17 0.00  0.0    0  6.7 22 320   M    M   1        27 310
26  88  66  77   5   0  12 0.00  0.0    0  5.8 21 320   M    M   2        26 320
27  89  59  74   2   0   9 0.00  0.0    0  3.7 12 290   M    M   0        16 300
28  89  61  75   3   0  10 0.00  0.0    0  6.5 12 110   M    M   0        16 110
29  93  59  76   5   0  11 0.00  0.0    0  5.8 12 330   M    M   0        13 120
================================================================================
SM 2742 1968         0 475  0.00     0.0 154.8          M       21
================================================================================
AV 94.6 67.9                               5.3 FASTST   M    M   1    MAX(MPH)
                                 MISC ---->  # 22 320               # 27  320
================================================================================
NOTES:
# LAST OF SEVERAL OCCURRENCES

COLUMN 17 PEAK WIND IN M.P.H.

PRELIMINARY LOCAL CLIMATOLOGICAL DATA (WS FORM: F-6) , PAGE 2

                                          STATION:  PALM SPRINGS INTL AIRPORT CA
                                          MONTH:    OCTOBER
                                          YEAR:     2014
                                          LATITUDE:   33 49 N
                                          LONGITUDE: 116 30 W

[TEMPERATURE DATA]      [PRECIPITATION DATA]       SYMBOLS USED IN COLUMN 16

AVERAGE MONTHLY: 81.2   TOTAL FOR MONTH:   0.00    1 = FOG OR MIST
DPTR FM NORMAL:   5.2   DPTR FM NORMAL:   -0.40    2 = FOG REDUCING VISIBILITY
HIGHEST:   105 ON  4    GRTST 24HR  0.00 ON 29-29      TO 1/4 MILE OR LESS
LOWEST:     59 ON 29,27                            3 = THUNDER
                        SNOW, ICE PELLETS, HAIL    4 = ICE PELLETS
                        TOTAL MONTH:   0.0 INCH    5 = HAIL
                        GRTST 24HR     0.0         6 = FREEZING RAIN OR DRIZZLE
                        GRTST DEPTH:   0           7 = DUSTSTORM OR SANDSTORM:
                                                       VSBY 1/2 MILE OR LESS
                                                   8 = SMOKE OR HAZE
[NO. OF DAYS WITH]      [WEATHER - DAYS WITH]      9 = BLOWING SNOW
                                                   X = TORNADO
MAX 32 OR BELOW:   0    0.01 INCH OR MORE:   0
MAX 90 OR ABOVE:  25    0.10 INCH OR MORE:   0
MIN 32 OR BELOW:   0    0.50 INCH OR MORE:   0
MIN  0 OR BELOW:   0    1.00 INCH OR MORE:   0

[HDD (BASE 65) ]
TOTAL THIS MO.     0    CLEAR  (SCALE 0-3)  28
DPTR FM NORMAL     0    PTCLDY (SCALE 4-7)   1
TOTAL FM JUL 1     0    CLOUDY (SCALE 8-10)  0
DPTR FM NORMAL     0

[CDD (BASE 65) ]
TOTAL THIS MO.   475
DPTR FM NORMAL   152    [PRESSURE DATA]
TOTAL FM JAN 1  4833    HIGHEST SLP M ON M
DPTR FM NORMAL   784    LOWEST  SLP 29.74 ON  1

[REMARKS]
