000
CXUS56 KOTX 010900
CF6PUW
PRELIMINARY LOCAL CLIMATOLOGICAL DATA (WS FORM: F-6)

                                          STATION:   PULLMAN-MOSCOW  AIRPORT
                                          MONTH:     FEBRUARY
                                          YEAR:      2017
                                          LATITUDE:   46 44 N
                                          LONGITUDE: 117  7 W

  TEMPERATURE IN F:       :PCPN:    SNOW:  WIND      :SUNSHINE: SKY     :PK WND
================================================================================
1   2   3   4   5  6A  6B    7    8   9   10  11  12  13   14  15   16   17  18
                                     12Z  AVG MX 2MIN
DY MAX MIN AVG DEP HDD CDD  WTR  SNW DPTH SPD SPD DIR MIN PSBL S-S WX    SPD DR
================================================================================

 1  25   4  15 -18  50   0    T    M    0  2.0 12  40   M    M   4 12     13  40
 2  25  -3  11 -22  54   0 0.00    M    M  4.6 21 110   M    M   0        23 100
 3  36  20  28  -5  37   0 0.04    M    M 13.4 23 110   M    M  10 16     28  90
 4  42  28  35   2  30   0 0.17    M    M  5.6 15 210   M    M  10 16     18 210
 5  45  36  41   8  24   0 0.09    M    M  6.7 18 190   M    M   9 1      26 190
 6  45  28  37   3  28   0    T    M    M 16.4 29 240   M    M   5        37 240
 7  35  22  29  -5  36   0    T    M    M  6.7 16 260   M    M   5 1      20 260
 8  38  23  31  -3  34   0 0.23    M    M 12.4 21  90   M    M   9 1      24 100
 9  48  37  43   9  22   0 0.21    M    M 11.4 21 240   M    M   9 1      28 230
10  48  33  41   7  24   0    T    M    M 12.4 29 250   M    M   5        36 240
11  40  28  34   0  31   0 0.00    M    M  8.9 23 240   M    M   2        31 240
12  40  28  34   0  31   0 0.00    M    M  8.6 21  90   M    M   1        23  90
13  47  30  39   5  26   0 0.00    M    M  8.4 17 100   M    M   0        22 100
14  50  30  40   5  25   0 0.00    M    M 11.0 20 110   M    M   0 8      23 120
15  44  38  41   6  24   0 0.33    M    M 12.9 20 120   M    M   7        25 110
16  48  39  44   9  21   0 0.58    M    M 11.7 29 230   M    M   9 1      36 220
17  50  34  42   7  23   0 0.08    M    M  7.4 26 240   M    M   4 1      32 240
18  43  34  39   4  26   0 0.21    M    M  6.9 15 110   M    M  10 1      19 100
19  44  34  39   4  26   0 0.11    M    M  9.4 20 270   M    M   5 13     26 260
20  50  35  43   7  22   0 0.21    M    M 13.3 30 260   M    M   7 1      40 250
21  41  31  36   0  29   0 0.63    M    M  9.2 18 260   M    M  10 1      25 240
22  37  29  33  -3  32   0 0.00    M    M  8.7 16 250   M    M   9        21 260
23  31  24  28  -8  37   0 0.00    M    M  6.2 16 270   M    M   7 1      19 280
24  36  22  29  -7  36   0    T    M    M  4.0 10 130   M    M   5 1      13 130
25  35  21  28  -9  37   0    T    M    M  7.2 18 240   M    M   5        24 240
26  31  23  27 -10  38   0 0.23    M    M  4.2 16 240   M    M  10 12     20 240
27  33  24  29  -8  36   0 0.01    M    M 10.8 25 240   M    M  10 18     30 240
28  31  26  29  -8  36   0 0.05    M    M  9.9 22 240   M    M   9 1      28 240
================================================================================
SM 1118  758       875   0  3.18    M    250.3          M      176
================================================================================
AV 39.9 27.1                               8.9 FASTST   M    M   6    MAX(MPH)
                                 MISC ---->  # 30 260               # 40  250
================================================================================
NOTES:
# LAST OF SEVERAL OCCURRENCES

COLUMN 17 PEAK WIND IN M.P.H.

PRELIMINARY LOCAL CLIMATOLOGICAL DATA (WS FORM: F-6) , PAGE 2

                                          STATION:  PULLMAN-MOSCOW  AIRPORT
                                          MONTH:    FEBRUARY
                                          YEAR:     2017
                                          LATITUDE:   46 44 N
                                          LONGITUDE: 117  7 W

[TEMPERATURE DATA]      [PRECIPITATION DATA]       SYMBOLS USED IN COLUMN 16

AVERAGE MONTHLY: 33.5   TOTAL FOR MONTH:   3.18    1 = FOG OR MIST
DPTR FM NORMAL:  -1.4   DPTR FM NORMAL:    1.66    2 = FOG REDUCING VISIBILITY
HIGHEST:    50 ON 20,17 GRTST 24HR  0.76 ON 15-16      TO 1/4 MILE OR LESS
LOWEST:     -3 ON  2                               3 = THUNDER
                        SNOW, ICE PELLETS, HAIL    4 = ICE PELLETS
                        TOTAL MONTH:    M          5 = HAIL
                        GRTST 24HR    M  ON   M    6 = FREEZING RAIN OR DRIZZLE
                        GRTST DEPTH:   0           7 = DUSTSTORM OR SANDSTORM:
                                                       VSBY 1/2 MILE OR LESS
                                                   8 = SMOKE OR HAZE
[NO. OF DAYS WITH]      [WEATHER - DAYS WITH]      9 = BLOWING SNOW
                                                   X = TORNADO
MAX 32 OR BELOW:   5    0.01 INCH OR MORE:  15
MAX 90 OR ABOVE:   0    0.10 INCH OR MORE:  10
MIN 32 OR BELOW:  19    0.50 INCH OR MORE:   2
MIN  0 OR BELOW:   1    1.00 INCH OR MORE:   0

[HDD (BASE 65) ]
TOTAL THIS MO.   875    CLEAR  (SCALE 0-3)   5
DPTR FM NORMAL    31    PTCLDY (SCALE 4-7)  11
TOTAL FM JUL 1  4777    CLOUDY (SCALE 8-10) 12
DPTR FM NORMAL    74

[CDD (BASE 65) ]
TOTAL THIS MO.     0
DPTR FM NORMAL     0    [PRESSURE DATA]
TOTAL FM JAN 1     0    HIGHEST SLP M ON M
DPTR FM NORMAL     0    LOWEST  SLP 29.20 ON  6

[REMARKS]
#FINAL-02-17#
