000
CXUS56 KOTX 271500
CF6PUW
PRELIMINARY LOCAL CLIMATOLOGICAL DATA (WS FORM: F-6)

                                          STATION:   PULLMAN-MOSCOW  AIRPORT
                                          MONTH:     FEBRUARY
                                          YEAR:      2015
                                          LATITUDE:   46 44 N
                                          LONGITUDE: 117  7 W

  TEMPERATURE IN F:       :PCPN:    SNOW:  WIND      :SUNSHINE: SKY     :PK WND
================================================================================
1   2   3   4   5  6A  6B    7    8   9   10  11  12  13   14  15   16   17  18
                                     12Z  AVG MX 2MIN
DY MAX MIN AVG DEP HDD CDD  WTR  SNW DPTH SPD SPD DIR MIN PSBL S-S WX    SPD DR
================================================================================

 1  36  31  34   1  31   0 0.17    M    M  6.7 20  90   M    M   9 12     24  90
 2  44  32  38   5  27   0 0.06    M    M 10.4 23 240   M    M   7 12     30 230
 3  42  36  39   6  26   0 0.01    M    M  5.5 21 240   M    M   8 12     26 240
 4  43  34  39   6  26   0 0.01    M    M 11.2 18  90   M    M   6 1      22 100
 5  56  40  48  15  17   0 0.04    M    M 12.9 22 100   M    M   7        30 130
 6  60  43  52  18  13   0 0.02    M    M 10.5 32 170   M    M   9        44 170
 7  58  46  52  18  13   0 0.36    M    M 10.5 36 240   M    M   8 1      49 240
 8  53  39  46  12  19   0    T    M    M  9.7 18  90   M    M   2        21  90
 9  50  43  47  13  18   0 1.09    M    M 12.8 22 240   M    M   9 1      28 250
10  49  41  45  11  20   0 0.10    M    M  9.9 20 250   M    M   8 1      26 240
11  52  39  46  12  19   0 0.00    M    M 10.5 18 100   M    M   2        23 100
12  58  42  50  16  15   0    T    M    M  6.5 14  90   M    M   3        17  90
13  57  40  49  15  16   0 0.00    M    M  7.1 18 100   M    M   0        22 110
14  50  34  42   7  23   0 0.00    M    M  4.1 16 260   M    M   9 12     19 260
15  48  30  39   4  26   0 0.00    M    M  4.0 12 320   M    M   5 12     15 320
16  50  28  39   4  26   0 0.00    M    M  5.1 14  90   M    M   0        17  80
17  50  28  39   4  26   0 0.00    M    M  3.3 13 100   M    M   0        14 110
18  53  28  41   6  24   0 0.00    M    M  5.8 17  90   M    M   0        19  90
19  47  32  40   5  25   0 0.09    M    M  4.1 15 260   M    M   8 1      19 260
20  49  36  43   7  22   0 0.14    M    M  5.9 18 300   M    M   8 1      25 310
21  43  28  36   0  29   0 0.01    M    M  9.2 22  50   M    M   5 1      26  60
22  39  22  31  -5  34   0 0.00    M    M  7.8 22  90   M    M   0        27  90
23  44  23  34  -2  31   0 0.00    M    M  4.9 15  90   M    M   0        17 100
24  50  27  39   3  26   0 0.00    M    M  5.7 16 100   M    M   2        19  90
25  48  25  37   0  28   0    T    M    M  4.6 17 280   M    M   2 1      21 280
26  44  35  40   3  25   0 0.04    M    M  3.6 12 220   M    M   9 1      13 200
================================================================================
SM 1273  882       605   0  2.14    M    192.3          M      126
================================================================================
AV 49.0 33.9                               7.4 FASTST   M    M   5    MAX(MPH)
                                 MISC ---->  # 36 240               # 49  240
================================================================================
NOTES:
# LAST OF SEVERAL OCCURRENCES

COLUMN 17 PEAK WIND IN M.P.H.

PRELIMINARY LOCAL CLIMATOLOGICAL DATA (WS FORM: F-6) , PAGE 2

                                          STATION:  PULLMAN-MOSCOW  AIRPORT
                                          MONTH:    FEBRUARY
                                          YEAR:     2015
                                          LATITUDE:   46 44 N
                                          LONGITUDE: 117  7 W

[TEMPERATURE DATA]      [PRECIPITATION DATA]       SYMBOLS USED IN COLUMN 16

AVERAGE MONTHLY: 41.4   TOTAL FOR MONTH:   2.14    1 = FOG OR MIST
DPTR FM NORMAL:   6.8   DPTR FM NORMAL:    0.73    2 = FOG REDUCING VISIBILITY
HIGHEST:    60 ON  6    GRTST 24HR  1.09 ON  9- 9      TO 1/4 MILE OR LESS
LOWEST:     22 ON 22                               3 = THUNDER
                        SNOW, ICE PELLETS, HAIL    4 = ICE PELLETS
                        TOTAL MONTH:    M          5 = HAIL
                        GRTST 24HR    M  ON   M    6 = FREEZING RAIN OR DRIZZLE
                        GRTST DEPTH:  M  ON   M    7 = DUSTSTORM OR SANDSTORM:
                                                       VSBY 1/2 MILE OR LESS
                                                   8 = SMOKE OR HAZE
[NO. OF DAYS WITH]      [WEATHER - DAYS WITH]      9 = BLOWING SNOW
                                                   X = TORNADO
MAX 32 OR BELOW:   0    0.01 INCH OR MORE:  13
MAX 90 OR ABOVE:   0    0.10 INCH OR MORE:   5
MIN 32 OR BELOW:  12    0.50 INCH OR MORE:   1
MIN  0 OR BELOW:   0    1.00 INCH OR MORE:   1

[HDD (BASE 65) ]
TOTAL THIS MO.   605    CLEAR  (SCALE 0-3)  11
DPTR FM NORMAL  -184    PTCLDY (SCALE 4-7)   9
TOTAL FM JUL 1  3777    CLOUDY (SCALE 8-10)  6
DPTR FM NORMAL  -871

[CDD (BASE 65) ]
TOTAL THIS MO.     0
DPTR FM NORMAL     0    [PRESSURE DATA]
TOTAL FM JAN 1     0    HIGHEST SLP M ON M
DPTR FM NORMAL     0    LOWEST  SLP  0.00 ON M

[REMARKS]
