000
CXUS54 KOUN 230700
CF6PWA
PRELIMINARY LOCAL CLIMATOLOGICAL DATA (WS FORM: F-6)

                                          STATION:   BETHANY/WILEY POST
                                          MONTH:     SEPTEMBER
                                          YEAR:      2017
                                          LATITUDE:   35 31 N
                                          LONGITUDE:  97 38 W

  TEMPERATURE IN F:       :PCPN:    SNOW:  WIND      :SUNSHINE: SKY     :PK WND
================================================================================
1   2   3   4   5  6A  6B    7    8   9   10  11  12  13   14  15   16   17  18
                                     12Z  AVG MX 2MIN
DY MAX MIN AVG DEP HDD CDD  WTR  SNW DPTH SPD SPD DIR MIN PSBL S-S WX    SPD DR
================================================================================

 1  84  61  73  -5   0   8 0.00  0.0    0  4.1 12 150   M    M   0        15 130
 2  88  67  78   0   0  13 0.28  0.0    0  5.8 14 300   M    M   3 13     18  40
 3  90  69  80   2   0  15 0.00  0.0    0  4.6 10 210   M    M   0 18     14 210
 4  93  71  82   5   0  17 0.00  0.0    0 10.5 16 200   M    M   0        22 200
 5  80  57  69  -8   0   4 0.00  0.0    0 13.0 26  40   M    M   2 8      32  40
 6  80  51  66 -11   0   1 0.00  0.0    0  6.5 13  20   M    M   0        17  20
 7  82  54  68  -8   0   3 0.00  0.0    0 10.8 16 210   M    M   0        21 210
 8  83  62  73  -3   0   8 0.00  0.0    0 10.9 20 170   M    M   0        25 160
 9  83  59  71  -5   0   6 0.00  0.0    0  8.3 18 170   M    M   0        23 180
10  83  60  72  -3   0   7 0.00  0.0    0  7.0 14  90   M    M   0        19  80
11  84  57  71  -4   0   6 0.00  0.0    0  2.2 10 100   M    M   0        17  20
12  82  57  70  -5   0   5 0.00  0.0    0  5.9 14  10   M    M   0        17  20
13  87  53  70  -4   0   5 0.00  0.0    0  4.0 12 160   M    M   0        15 160
14  94  61  78   4   0  13 0.00  0.0    0 12.4 24 160   M    M   0        32 170
15  91  71  81   7   0  16 0.00  0.0    0 18.9 25 170   M    M   0 8      33 160
16  91  73  82   9   0  17    T  0.0    0 16.5 28 170   M    M   1        33 160
17  79  71  75   2   0  10 0.13  0.0    0 10.2 23 140   M    M   5 13     32 130
18  86  67  77   5   0  12 0.32  0.0    0 12.2 26 300   M    M   2 13     36 210
19  94  72  83  11   0  18 0.00  0.0    0 18.1 29 170   M    M   0        36 180
20  91  73  82  10   0  17 0.00  0.0    0 16.1 30 190   M    M   0 3      36 200
21  93  78  86  15   0  21 0.00  0.0    0 20.3 25 160   M    M   0        32 170
22  89  72  81  10   0  16 0.00  0.0    0 16.1 23 150   M    M   1        30 170
================================================================================
SM 1907 1416         0 238  0.73     0.0 234.4          M       14
================================================================================
AV 86.7 64.4                              10.7 FASTST   M    M   1    MAX(MPH)
                                 MISC ---->  # 30 190               # 36  210
================================================================================
NOTES:
# LAST OF SEVERAL OCCURRENCES

COLUMN 17 PEAK WIND IN M.P.H.

PRELIMINARY LOCAL CLIMATOLOGICAL DATA (WS FORM: F-6) , PAGE 2

                                          STATION:  BETHANY/WILEY POST
                                          MONTH:    SEPTEMBER
                                          YEAR:     2017
                                          LATITUDE:   35 31 N
                                          LONGITUDE:  97 38 W

[TEMPERATURE DATA]      [PRECIPITATION DATA]       SYMBOLS USED IN COLUMN 16

AVERAGE MONTHLY: 75.5   TOTAL FOR MONTH:   0.73    1 = FOG OR MIST
DPTR FM NORMAL:   0.8   DPTR FM NORMAL:   -1.81    2 = FOG REDUCING VISIBILITY
HIGHEST:    94 ON 19,14 GRTST 24HR  0.32 ON 18-18      TO 1/4 MILE OR LESS
LOWEST:     51 ON  6                               3 = THUNDER
                        SNOW, ICE PELLETS, HAIL    4 = ICE PELLETS
                        TOTAL MONTH:   0.0 INCH    5 = HAIL
                        GRTST 24HR     0.0         6 = FREEZING RAIN OR DRIZZLE
                        GRTST DEPTH:   0           7 = DUSTSTORM OR SANDSTORM:
                                                       VSBY 1/2 MILE OR LESS
                                                   8 = SMOKE OR HAZE
[NO. OF DAYS WITH]      [WEATHER - DAYS WITH]      9 = BLOWING SNOW
                                                   X = TORNADO
MAX 32 OR BELOW:   0    0.01 INCH OR MORE:   3
MAX 90 OR ABOVE:   8    0.10 INCH OR MORE:   3
MIN 32 OR BELOW:   0    0.50 INCH OR MORE:   0
MIN  0 OR BELOW:   0    1.00 INCH OR MORE:   0

[HDD (BASE 65) ]
TOTAL THIS MO.     0    CLEAR  (SCALE 0-3)  21
DPTR FM NORMAL    -6    PTCLDY (SCALE 4-7)   1
TOTAL FM JUL 1     0    CLOUDY (SCALE 8-10)  0
DPTR FM NORMAL    -6

[CDD (BASE 65) ]
TOTAL THIS MO.   238
DPTR FM NORMAL    19    [PRESSURE DATA]
TOTAL FM JAN 1  2012    HIGHEST SLP M ON M
DPTR FM NORMAL   153    LOWEST  SLP 29.66 ON 19

[REMARKS]
