000
CXUS54 KOUN 300700
CF6PWA
PRELIMINARY LOCAL CLIMATOLOGICAL DATA (WS FORM: F-6)

                                          STATION:   BETHANY/WILEY POST
                                          MONTH:     MAY
                                          YEAR:      2016
                                          LATITUDE:   35 31 N
                                          LONGITUDE:  97 38 W

  TEMPERATURE IN F:       :PCPN:    SNOW:  WIND      :SUNSHINE: SKY     :PK WND
================================================================================
1   2   3   4   5  6A  6B    7    8   9   10  11  12  13   14  15   16   17  18
                                     12Z  AVG MX 2MIN
DY MAX MIN AVG DEP HDD CDD  WTR  SNW DPTH SPD SPD DIR MIN PSBL S-S WX    SPD DR
================================================================================

 1  64  45  55  -9  10   0    T  0.0    0 13.3 22  20   M    M   3        27 360
 2  64  45  55 -10  10   0 0.00  0.0    0  9.3 18 360   M    M   5        24 360
 3  71  40  56  -9   9   0 0.00  0.0    0  6.9 14 190   M    M   1 1      25 230
 4  81  45  63  -2   2   0 0.00  0.0    0  9.6 22 360   M    M   0        27 330
 5  81  44  63  -3   2   0 0.00  0.0    0  3.3 12 360   M    M   0        15 360
 6  82  50  66   0   0   1 0.00  0.0    0 10.0 16 180   M    M   0        23 170
 7  81  56  69   3   0   4    T  0.0    0 16.0 26 180   M    M   0        36 180
 8  78  64  71   4   0   6    T  0.0    0 20.7 30 180   M    M   2 3      39 180
 9  83  62  73   6   0   8    T  0.0    0 19.4 32 170   M    M   4 38     39 180
10  90  51  71   4   0   6 0.00  0.0    0 10.6 28 180   M    M   0        39 180
11  83  68  76   8   0  11 0.00  0.0    0 12.8 31 180   M    M   3 8      41 200
12  79  55  67  -1   0   2 0.00  0.0    0 10.0 23  10   M    M   2 3      29  10
13  83  51  67  -1   0   2 0.32  0.0    0 13.5 25  20   M    M   0 3      31  30
14  63  48  56 -12   9   0    T    M    0 14.2 35  40   M    M   5        43  40
15  67  52  60  -9   5   0 0.04  0.0    0  8.8 16  90   M    M  10        21 100
16  74  56  65  -4   0   0 0.35  0.0    0 11.4 28 310   M    M   8 13     43 320
17  60  55  58 -12   7   0 0.50  0.0    0 13.0 29 100   M    M   8 13     41 300
18  67  52  60 -10   5   0 0.00  0.0    0 10.6 22  40   M    M   7        28  40
19  61  51  56 -14   9   0 0.19  0.0    0  6.0 12 130   M    M   9 18     15 110
20  73  57  65  -5   0   0 0.00  0.0    0  5.2 16 120   M    M   9 1      21 130
21  81  64  73   2   0   8 0.00  0.0    0 13.6 22 170   M    M   7        25 170
22  83  66  75   4   0  10 0.00  0.0    0 16.6 28 150   M    M   4        36 150
23  78  67  73   2   0   8 0.04  0.0    0 17.5 30 170   M    M   7 13     36 170
24  89  71  80   8   0  15 0.01  0.0    0 17.6 28 160   M    M   4 3      35 150
25  89  75  82  10   0  17 0.00  0.0    0 21.0 29 190   M    M   4 1      37 190
26  89  72  81   9   0  16 0.00  0.0    0 22.3 35 170   M    M   3 138    45 170
27  83  65  74   2   0   9 0.28  0.0    0 12.9 32 120   M    M   1 3      43 130
28  85  61  73   0   0   8 0.00  0.0    0  5.6 15 150   M    M   1        17 150
29  90  66  78   5   0  13 0.00  0.0    0  8.2 17 280   M    M   1 13     23 280
================================================================================
SM 2252 1654        68 144  1.73     0.0 359.9          M      108
================================================================================
AV 77.7 57.0                              12.4 FASTST   M    M   4    MAX(MPH)
                                 MISC ---->  # 35  40               # 45  170
================================================================================
NOTES:
# LAST OF SEVERAL OCCURRENCES

COLUMN 17 PEAK WIND IN M.P.H.

PRELIMINARY LOCAL CLIMATOLOGICAL DATA (WS FORM: F-6) , PAGE 2

                                          STATION:  BETHANY/WILEY POST
                                          MONTH:    MAY
                                          YEAR:     2016
                                          LATITUDE:   35 31 N
                                          LONGITUDE:  97 38 W

[TEMPERATURE DATA]      [PRECIPITATION DATA]       SYMBOLS USED IN COLUMN 16

AVERAGE MONTHLY: 67.3   TOTAL FOR MONTH:   1.73    1 = FOG OR MIST
DPTR FM NORMAL:  -1.4   DPTR FM NORMAL:   -1.91    2 = FOG REDUCING VISIBILITY
HIGHEST:    90 ON 29,10 GRTST 24HR  0.80 ON 16-17      TO 1/4 MILE OR LESS
LOWEST:     40 ON  3                               3 = THUNDER
                        SNOW, ICE PELLETS, HAIL    4 = ICE PELLETS
                        TOTAL MONTH:   0.0 INCH    5 = HAIL
                        GRTST 24HR     0.0         6 = FREEZING RAIN OR DRIZZLE
                        GRTST DEPTH:   0           7 = DUSTSTORM OR SANDSTORM:
                                                       VSBY 1/2 MILE OR LESS
                                                   8 = SMOKE OR HAZE
[NO. OF DAYS WITH]      [WEATHER - DAYS WITH]      9 = BLOWING SNOW
                                                   X = TORNADO
MAX 32 OR BELOW:   0    0.01 INCH OR MORE:   8
MAX 90 OR ABOVE:   2    0.10 INCH OR MORE:   5
MIN 32 OR BELOW:   0    0.50 INCH OR MORE:   1
MIN  0 OR BELOW:   0    1.00 INCH OR MORE:   0

[HDD (BASE 65) ]
TOTAL THIS MO.    68    CLEAR  (SCALE 0-3)  13
DPTR FM NORMAL    29    PTCLDY (SCALE 4-7)  12
TOTAL FM JUL 1  2822    CLOUDY (SCALE 8-10)  4
DPTR FM NORMAL  -810

[CDD (BASE 65) ]
TOTAL THIS MO.   144
DPTR FM NORMAL    -5    [PRESSURE DATA]
TOTAL FM JAN 1   199    HIGHEST SLP M ON M
DPTR FM NORMAL     1    LOWEST  SLP 29.48 ON  9

[REMARKS]
