000
CXUS54 KOUN 240700
CF6PWA
PRELIMINARY LOCAL CLIMATOLOGICAL DATA (WS FORM: F-6)

                                          STATION:   BETHANY/WILEY POST
                                          MONTH:     JULY
                                          YEAR:      2017
                                          LATITUDE:   35 31 N
                                          LONGITUDE:  97 38 W

  TEMPERATURE IN F:       :PCPN:    SNOW:  WIND      :SUNSHINE: SKY     :PK WND
================================================================================
1   2   3   4   5  6A  6B    7    8   9   10  11  12  13   14  15   16   17  18
                                     12Z  AVG MX 2MIN
DY MAX MIN AVG DEP HDD CDD  WTR  SNW DPTH SPD SPD DIR MIN PSBL S-S WX    SPD DR
================================================================================

 1  91  72  82   1   0  17 0.02  0.0    0  7.1 14 140   M    M   3 13     17 140
 2  91  71  81   0   0  16 0.02  0.0    0 10.4 18 100   M    M   1 3      23 110
 3  97  68  83   2   0  18 1.98  0.0    0 12.2 39 330   M    M   4 123    53 340
 4  85  67  76  -5   0  11 0.00  0.0    0  4.6 12 220   M    M   1 18     14 260
 5  91  71  81   0   0  16 0.00  0.0    0  6.6 15  40   M    M   2 18     20  70
 6  95  71  83   1   0  18 0.00  0.0    0  5.4 13 120   M    M   1        15 110
 7  97  74  86   4   0  21 0.01  0.0    0  7.7 18 210   M    M   0 3      21 210
 8  89  73  81  -1   0  16    T  0.0    0  6.9 21  90   M    M   2        25 110
 9  94  70  82   0   0  17 0.00  0.0    0 10.9 20 170   M    M   1        26 160
10  95  72  84   2   0  19 0.00  0.0    0 14.9 21 170   M    M   0        25 170
11  98  76  87   5   0  22 0.00  0.0    0 16.1 24 180   M    M   0        30 190
12  97  77  87   5   0  22 0.00  0.0    0 15.3 23 170   M    M   0        28 170
13  98  77  88   6   0  23 0.00  0.0    0 12.4 17 200   M    M   0        24 190
14  99  75  87   4   0  22 0.00  0.0    0  9.0 15 140   M    M   0 3      18 150
15 100  74  87   4   0  22 0.49  0.0    0  7.3 32 280   M    M   1 3      43 270
16  94  73  84   1   0  19 0.00  0.0    0  5.1 14 150   M    M   3        16 120
17  95  73  84   1   0  19 0.00  0.0    0  9.8 17 160   M    M   1        21 150
18  96  76  86   3   0  21 0.00  0.0    0 12.7 17 150   M    M   1        24 170
19  99  77  88   5   0  23 0.00  0.0    0 13.2 20 170   M    M   1        24 160
20 101  79  90   7   0  25 0.00  0.0    0 13.2 22 160   M    M   0        28 160
21 103  79  91   8   0  26 0.00  0.0    0 13.6 21 170   M    M   1        26 170
22 105  80  93  10   0  28 0.00  0.0    0 13.3 21 180   M    M   1        25 170
23  99  75  87   4   0  22 0.00  0.0    0 10.0 20 100   M    M   2        26 100
================================================================================
SM 2209 1700         0 463  2.52     0.0 237.7          M       26
================================================================================
AV 96.0 73.9                              10.3 FASTST   M    M   1    MAX(MPH)
                                 MISC ---->  # 39 330               # 53  340
================================================================================
NOTES:
# LAST OF SEVERAL OCCURRENCES

COLUMN 17 PEAK WIND IN M.P.H.

PRELIMINARY LOCAL CLIMATOLOGICAL DATA (WS FORM: F-6) , PAGE 2

                                          STATION:  BETHANY/WILEY POST
                                          MONTH:    JULY
                                          YEAR:     2017
                                          LATITUDE:   35 31 N
                                          LONGITUDE:  97 38 W

[TEMPERATURE DATA]      [PRECIPITATION DATA]       SYMBOLS USED IN COLUMN 16

AVERAGE MONTHLY: 85.0   TOTAL FOR MONTH:   2.52    1 = FOG OR MIST
DPTR FM NORMAL:   2.8   DPTR FM NORMAL:    0.36    2 = FOG REDUCING VISIBILITY
HIGHEST:   105 ON 22    GRTST 24HR  1.98 ON  3- 3      TO 1/4 MILE OR LESS
LOWEST:     67 ON  4                               3 = THUNDER
                        SNOW, ICE PELLETS, HAIL    4 = ICE PELLETS
                        TOTAL MONTH:   0.0 INCH    5 = HAIL
                        GRTST 24HR     0.0         6 = FREEZING RAIN OR DRIZZLE
                        GRTST DEPTH:   0           7 = DUSTSTORM OR SANDSTORM:
                                                       VSBY 1/2 MILE OR LESS
                                                   8 = SMOKE OR HAZE
[NO. OF DAYS WITH]      [WEATHER - DAYS WITH]      9 = BLOWING SNOW
                                                   X = TORNADO
MAX 32 OR BELOW:   0    0.01 INCH OR MORE:   5
MAX 90 OR ABOVE:  21    0.10 INCH OR MORE:   2
MIN 32 OR BELOW:   0    0.50 INCH OR MORE:   1
MIN  0 OR BELOW:   0    1.00 INCH OR MORE:   1

[HDD (BASE 65) ]
TOTAL THIS MO.     0    CLEAR  (SCALE 0-3)  22
DPTR FM NORMAL     0    PTCLDY (SCALE 4-7)   1
TOTAL FM JUL 1     0    CLOUDY (SCALE 8-10)  0
DPTR FM NORMAL     0

[CDD (BASE 65) ]
TOTAL THIS MO.   463
DPTR FM NORMAL    66    [PRESSURE DATA]
TOTAL FM JAN 1  1196    HIGHEST SLP M ON M
DPTR FM NORMAL   216    LOWEST  SLP 29.77 ON M

[REMARKS]
