000
CXUS54 KFWD 260730
CF6PWG
PRELIMINARY LOCAL CLIMATOLOGICAL DATA (WS FORM: F-6)

                                          STATION:   WACO MCGREGOR
                                          MONTH:     SEPTEMBER
                                          YEAR:      2016
                                          LATITUDE:   31 28 N
                                          LONGITUDE:  97 19 W

  TEMPERATURE IN F:       :PCPN:    SNOW:  WIND      :SUNSHINE: SKY     :PK WND
================================================================================
1   2   3   4   5  6A  6B    7    8   9   10  11  12  13   14  15   16   17  18
                                     12Z  AVG MX 2MIN
DY MAX MIN AVG DEP HDD CDD  WTR  SNW DPTH SPD SPD DIR MIN PSBL S-S WX    SPD DR
================================================================================

 1  92  72  82   0   0  17 0.00  0.0    0  6.0 14  10   M    M   2         M  M
 2  87  70  79  -2   0  14 0.00  0.0    0  5.6  8  20   M    M   5 38      M  M
 3  89  72  81   0   0  16 0.00  0.0    0  5.8 13  50   M    M   2 3      17  80
 4  93  69  81   0   0  16 0.00  0.0    0  5.8 10 160   M    M   2 3       M  M
 5  95  73  84   4   0  19 0.00  0.0    0  9.3 15 180   M    M   3        35 150
 6  94  75  85   5   0  20 0.00  0.0    0 10.3 17 160   M    M   5 13     22 190
 7  96  78  87   7   0  22 0.00  0.0    0 10.6 18 160   M    M   4        21 190
 8  96  76  86   6   0  21 0.00  0.0    0 11.1 16 170   M    M   1        24 160
 9  95  76  86   7   0  21 0.00  0.0    0 12.3 16 150   M    M   2        23 190
10  87  68  78  -1   0  13 0.01  0.0    0  8.9 17 350   M    M   3 13     38 350
11  89  64  77  -2   0  12 0.00  0.0    0  5.1  9  90   M    M   0         M  M
12  92  66  79   1   0  14 0.00  0.0    0  5.6 13 130   M    M   1         M  M
13  92  73  83   5   0  18 0.00  0.0    0  6.1 12 110   M    M   3         M  M
14  89  74  82   4   0  17 0.12  0.0    0  2.6 10 310   M    M   2 13     17 310
15  93  69  81   4   0  16 0.01  0.0    0  4.3  9 100   M    M   0 1       M  M
16  95  71  83   6   0  18 0.00  0.0    0  4.8 10 130   M    M   0         M  M
17  97  72  85   8   0  20    T  0.0    0  5.2 12 100   M    M   0         M  M
18  99  76  88  12   0  23 0.00  0.0    0  5.3  9 340   M    M   1         M  M
19 100  74  87  11   0  22 0.00  0.0    0  6.4 13 140   M    M   0         M  M
20  98  74  86  10   0  21 0.00  0.0    0  4.6 12 120   M    M   0         M  M
21  95  71  83   8   0  18 0.00  0.0    0  5.2 10 130   M    M   0         M  M
22  95  65  80   5   0  15 0.00  0.0    0  4.5 10 150   M    M   2         M  M
23  93  75  84  10   0  19 0.01  0.0    0 10.6 17 170   M    M   4 18     22 170
24  95  75  85  11   0  20 0.01  0.0    0 10.8 22 160   M    M   4 13     32 160
25  80  72  76   2   0  11 0.58  0.0    0  7.6 12  30   M    M   6 123     M  M
================================================================================
SM 2326 1800         0 443  0.74     0.0 174.4          M       52
================================================================================
AV 93.0 72.0                               7.0 FASTST   M    M   2    MAX(MPH)
                                 MISC ---->    22   M               # 38  350
================================================================================
NOTES:
# LAST OF SEVERAL OCCURRENCES

COLUMN 17 PEAK WIND IN M.P.H.

PRELIMINARY LOCAL CLIMATOLOGICAL DATA (WS FORM: F-6) , PAGE 2

                                          STATION:  WACO MCGREGOR
                                          MONTH:    SEPTEMBER
                                          YEAR:     2016
                                          LATITUDE:   31 28 N
                                          LONGITUDE:  97 19 W

[TEMPERATURE DATA]      [PRECIPITATION DATA]       SYMBOLS USED IN COLUMN 16

AVERAGE MONTHLY: 82.5   TOTAL FOR MONTH:   0.74    1 = FOG OR MIST
DPTR FM NORMAL:   4.6   DPTR FM NORMAL:   -1.59    2 = FOG REDUCING VISIBILITY
HIGHEST:   100 ON 19    GRTST 24HR  0.58 ON 25-25      TO 1/4 MILE OR LESS
LOWEST:     64 ON 11                               3 = THUNDER
                        SNOW, ICE PELLETS, HAIL    4 = ICE PELLETS
                        TOTAL MONTH:   0.0 INCH    5 = HAIL
                        GRTST 24HR     0.0         6 = FREEZING RAIN OR DRIZZLE
                        GRTST DEPTH:   0           7 = DUSTSTORM OR SANDSTORM:
                                                       VSBY 1/2 MILE OR LESS
                                                   8 = SMOKE OR HAZE
[NO. OF DAYS WITH]      [WEATHER - DAYS WITH]      9 = BLOWING SNOW
                                                   X = TORNADO
MAX 32 OR BELOW:   0    0.01 INCH OR MORE:   6
MAX 90 OR ABOVE:  19    0.10 INCH OR MORE:   2
MIN 32 OR BELOW:   0    0.50 INCH OR MORE:   1
MIN  0 OR BELOW:   0    1.00 INCH OR MORE:   0

[HDD (BASE 65) ]
TOTAL THIS MO.     0    CLEAR  (SCALE 0-3)  18
DPTR FM NORMAL     0    PTCLDY (SCALE 4-7)   7
TOTAL FM JUL 1     0    CLOUDY (SCALE 8-10)  0
DPTR FM NORMAL     0

[CDD (BASE 65) ]
TOTAL THIS MO.   443
DPTR FM NORMAL   118    [PRESSURE DATA]
TOTAL FM JAN 1  2573    HIGHEST SLP M ON M
DPTR FM NORMAL   310    LOWEST  SLP M ON M

[REMARKS]
