000
CXUS54 KFWD 160730
CF6PWG
PRELIMINARY LOCAL CLIMATOLOGICAL DATA (WS FORM: F-6)

                                          STATION:   WACO MCGREGOR
                                          MONTH:     APRIL
                                          YEAR:      2014
                                          LATITUDE:   31 28 N
                                          LONGITUDE:  97 19 W

  TEMPERATURE IN F:       :PCPN:    SNOW:  WIND      :SUNSHINE: SKY     :PK WND
================================================================================
1   2   3   4   5  6A  6B    7    8   9   10  11  12  13   14  15   16   17  18
                                     12Z  AVG MX 2MIN
DY MAX MIN AVG DEP HDD CDD  WTR  SNW DPTH SPD SPD DIR MIN PSBL S-S WX    SPD DR
================================================================================

 1  84  64  74  13   0   9 0.00  0.0    0 14.0 20 160   M    M   7        25 170
 2  82  70  76  15   0  11 0.00  0.0    0 14.8 25 180   M    M   8        33 190
 3  82  68  75  14   0  10 0.02  0.0    0 16.4 25 190   M    M   5        33 190
 4  70  46  58  -4   7   0 0.00  0.0    0 13.4 23 350   M    M   0        29 350
 5  63  48  56  -6   9   0 0.00  0.0    0  7.9 16 110   M    M   4        20 110
 6  55  48  52 -10  13   0 0.24  0.0    0  9.1 15  40   M    M  10        21  40
 7  70  48  59  -3   6   0 0.11  0.0    0  3.9  8 260   M    M   6 3       M  M
 8  73  46  60  -2   5   0 0.00  0.0    0 12.1 25 350   M    M   0        33 330
 9  82  43  63   0   2   0 0.00  0.0    0 10.8 17 180   M    M   0        23 190
10  86  55  71   8   0   6 0.00  0.0    0 18.7 27 180   M    M   0        37 190
11  84  61  73  10   0   8 0.00  0.0    0 16.3 22 190   M    M   2        29 190
12  84  63  74  10   0   9 0.00  0.0    0 18.4 27 170   M    M   5        36 190
13  77  64  71   7   0   6 0.13  0.0    0 13.4 25 160   M    M   5        37 160
14  72  39  56  -8   9   0 0.55  0.0    0 16.4 28 350   M    M   6 3      39 350
15  64  30  47 -17  18   0 0.00  0.0    0  5.0  8 130   M    M   0         M  M
================================================================================
SM 1128  793        69  59  1.05     0.0 190.6          M       58
================================================================================
AV 75.2 52.9                              12.7 FASTST   M    M   4    MAX(MPH)
                                 MISC ---->    28   M                 39    M
================================================================================
NOTES:
# LAST OF SEVERAL OCCURRENCES

COLUMN 17 PEAK WIND IN M.P.H.

PRELIMINARY LOCAL CLIMATOLOGICAL DATA (WS FORM: F-6) , PAGE 2

                                          STATION:  WACO MCGREGOR
                                          MONTH:    APRIL
                                          YEAR:     2014
                                          LATITUDE:   31 28 N
                                          LONGITUDE:  97 19 W

[TEMPERATURE DATA]      [PRECIPITATION DATA]       SYMBOLS USED IN COLUMN 16

AVERAGE MONTHLY: 64.0   TOTAL FOR MONTH:   1.05    1 = FOG OR MIST
DPTR FM NORMAL:   1.5   DPTR FM NORMAL:   -0.14    2 = FOG REDUCING VISIBILITY
HIGHEST:    86 ON 10    GRTST 24HR  0.55 ON 14-14      TO 1/4 MILE OR LESS
LOWEST:     30 ON 15                               3 = THUNDER
                        SNOW, ICE PELLETS, HAIL    4 = ICE PELLETS
                        TOTAL MONTH:   0.0 INCH    5 = HAIL
                        GRTST 24HR     0.0         6 = FREEZING RAIN OR DRIZZLE
                        GRTST DEPTH:   0           7 = DUSTSTORM OR SANDSTORM:
                                                       VSBY 1/2 MILE OR LESS
                                                   8 = SMOKE OR HAZE
[NO. OF DAYS WITH]      [WEATHER - DAYS WITH]      9 = BLOWING SNOW
                                                   X = TORNADO
MAX 32 OR BELOW:   0    0.01 INCH OR MORE:   5
MAX 90 OR ABOVE:   0    0.10 INCH OR MORE:   4
MIN 32 OR BELOW:   1    0.50 INCH OR MORE:   1
MIN  0 OR BELOW:   0    1.00 INCH OR MORE:   0

[HDD (BASE 65) ]
TOTAL THIS MO.    69    CLEAR  (SCALE 0-3)   6
DPTR FM NORMAL     2    PTCLDY (SCALE 4-7)   8
TOTAL FM JUL 1  2427    CLOUDY (SCALE 8-10)  1
DPTR FM NORMAL   125

[CDD (BASE 65) ]
TOTAL THIS MO.    59
DPTR FM NORMAL    28    [PRESSURE DATA]
TOTAL FM JAN 1    78    HIGHEST SLP M ON M
DPTR FM NORMAL    17    LOWEST  SLP M ON M

[REMARKS]
