000
CXUS54 KFWD 220730
CF6PWG
PRELIMINARY LOCAL CLIMATOLOGICAL DATA (WS FORM: F-6)

                                          STATION:   WACO MCGREGOR
                                          MONTH:     JANUARY
                                          YEAR:      2018
                                          LATITUDE:   31 28 N
                                          LONGITUDE:  97 19 W

  TEMPERATURE IN F:       :PCPN:    SNOW:  WIND      :SUNSHINE: SKY     :PK WND
================================================================================
1   2   3   4   5  6A  6B    7    8   9   10  11  12  13   14  15   16   17  18
                                     12Z  AVG MX 2MIN
DY MAX MIN AVG DEP HDD CDD  WTR  SNW DPTH SPD SPD DIR MIN PSBL S-S WX    SPD DR
================================================================================

 1  29  19  24 -21  41   0 0.00  0.0    0 10.6 14  10   M    M   3        21 360
 2  29  19  24 -21  41   0 0.00  0.0    0  7.6 14 360   M    M   9         M  M
 3  53  12  33 -12  32   0 0.00  0.0    0  6.1 15 360   M    M   0         M  M
 4  51  20  36  -9  29   0 0.00  0.0    0  2.7  7 120   M    M   0         M  M
 5  62  35  49   4  16   0 0.00  0.0    0  6.4 14 180   M    M   3        17 210
 6  64  33  49   4  16   0 0.00  0.0    0  7.7 13 150   M    M   5 1      17 160
 7  65  51  58  13   7   0 0.01  0.0    0 14.2 24 170   M    M   8        27 180
 8  62  36  49   4  16   0 0.00  0.0    0 11.4 18 360   M    M   0        23 360
 9  65  28  47   2  18   0 0.00  0.0    0  5.6 15 120   M    M   0 1       M  M
10  66  45  56  11   9   0 0.00  0.0    0 13.7 23 160   M    M   7 1      30 170
11  66  35  51   6  14   0 0.00  0.0    0 15.0 28 310   M    M   4 1      40 300
12  47  25  36 -10  29   0 0.00  0.0    0 12.2 18 330   M    M   0        32 330
13  48  23  36 -10  29   0 0.00  0.0    0  6.4 12 360   M    M   0         M  M
14  57  26  42  -4  23   0 0.00  0.0    0  6.5 15 160   M    M   0         M  M
15  62  34  48   2  17   0    T    M    0  7.9 20 360   M    M   6 1      35 360
16  31  13  22 -24  43   0    T    M    0 15.5 24 360   M    M   8        38 360
17  35   7  21 -25  44   0 0.00  0.0    0  5.3  9  70   M    M   0         M  M
18  41   9  25 -21  40   0 0.00  0.0    0  6.7 12 160   M    M   6         M  M
19  54  38  46   0  19   0 0.00  0.0    0 10.3 16 170   M    M  10 1       M  M
20  71  53  62  16   3   0 0.00  0.0    0 16.4 25 170   M    M   7 1      31 170
21  72  54  63  17   2   0 0.01  0.0    0 15.2 27 180   M    M   7 1      33 180
================================================================================
SM 1130  615       488   0  0.02     0.0 203.4          M       83
================================================================================
AV 53.8 29.3                               9.7 FASTST   M    M   4    MAX(MPH)
                                 MISC ---->    28   M                 40    M
================================================================================
NOTES:
# LAST OF SEVERAL OCCURRENCES

COLUMN 17 PEAK WIND IN M.P.H.

PRELIMINARY LOCAL CLIMATOLOGICAL DATA (WS FORM: F-6) , PAGE 2

                                          STATION:  WACO MCGREGOR
                                          MONTH:    JANUARY
                                          YEAR:     2018
                                          LATITUDE:   31 28 N
                                          LONGITUDE:  97 19 W

[TEMPERATURE DATA]      [PRECIPITATION DATA]       SYMBOLS USED IN COLUMN 16

AVERAGE MONTHLY: 41.6   TOTAL FOR MONTH:   0.02    1 = FOG OR MIST
DPTR FM NORMAL:  -3.9   DPTR FM NORMAL:   -1.33    2 = FOG REDUCING VISIBILITY
HIGHEST:    72 ON 21    GRTST 24HR  0.01 ON 21-21      TO 1/4 MILE OR LESS
LOWEST:      7 ON 17                               3 = THUNDER
                        SNOW, ICE PELLETS, HAIL    4 = ICE PELLETS
                        TOTAL MONTH:   0.0 INCH    5 = HAIL
                        GRTST 24HR     0.0         6 = FREEZING RAIN OR DRIZZLE
                        GRTST DEPTH:   0           7 = DUSTSTORM OR SANDSTORM:
                                                       VSBY 1/2 MILE OR LESS
                                                   8 = SMOKE OR HAZE
[NO. OF DAYS WITH]      [WEATHER - DAYS WITH]      9 = BLOWING SNOW
                                                   X = TORNADO
MAX 32 OR BELOW:   3    0.01 INCH OR MORE:   2
MAX 90 OR ABOVE:   0    0.10 INCH OR MORE:   0
MIN 32 OR BELOW:  11    0.50 INCH OR MORE:   0
MIN  0 OR BELOW:   0    1.00 INCH OR MORE:   0

[HDD (BASE 65) ]
TOTAL THIS MO.   488    CLEAR  (SCALE 0-3)  10
DPTR FM NORMAL    76    PTCLDY (SCALE 4-7)   9
TOTAL FM JUL 1  1259    CLOUDY (SCALE 8-10)  2
DPTR FM NORMAL   -66

[CDD (BASE 65) ]
TOTAL THIS MO.     0
DPTR FM NORMAL     0    [PRESSURE DATA]
TOTAL FM JAN 1     0    HIGHEST SLP M ON M
DPTR FM NORMAL     0    LOWEST  SLP M ON M

[REMARKS]
